{"id":464,"date":"2021-05-28T13:00:53","date_gmt":"2021-05-28T16:00:53","guid":{"rendered":"http:\/\/www.massafmedical.com.br\/loja\/?post_type=product&#038;p=464"},"modified":"2026-03-16T15:38:20","modified_gmt":"2026-03-16T18:38:20","slug":"cabo-de-video-bnc-rca-de-05-metros","status":"publish","type":"product","link":"https:\/\/www.massafmedical.com.br\/loja\/produto\/cabo-de-video-bnc-rca-de-05-metros\/","title":{"rendered":"CABO DE V\u00cdDEO BNC\/RCA DE 05 METROS &#8211; FRETE E INSTALA\u00c7\u00c3O REMOTA INCLUSOS &#8211; 8% desc. a vista &#8211; Consulte-nos!"},"content":{"rendered":"<p>CABO BLINDADO PARA CONEX\u00c3O DE EQUIPAMENTOS COM SA\u00cdDA DE V\u00cdDEO PADR\u00c3O BNC\u00a0&#8211; COMPAT\u00cdVEL \u00c0 PLACA DE CAPTURA ANAL\u00d3GICA ZSCAN USB 2.0<\/p>\n<p><img decoding=\"async\" class=\"alignnone size-full wp-image-468 lazyload\" data-src=\"https:\/\/www.massafmedical.com.br\/loja\/wp-content\/uploads\/2021\/05\/CABO-BNC-RCA.jpg\" alt=\"\" width=\"169\" height=\"180\" src=\"data:image\/gif;base64,R0lGODlhAQABAAAAACH5BAEKAAEALAAAAAABAAEAAAICTAEAOw==\" style=\"--smush-placeholder-width: 169px; --smush-placeholder-aspect-ratio: 169\/180;\" \/><\/p>\n","protected":false},"excerpt":{"rendered":"<p>CABO BLINDADO PARA CONEX\u00c3O DE EQUIPAMENTOS COM SA\u00cdDA DE V\u00cdDEO PADR\u00c3O BNC\u00a0&#8211; COMPAT\u00cdVEL \u00c0 PLACA DE CAPTURA ANAL\u00d3GICA ZSCAN USB 2.0<\/p>\n","protected":false},"featured_media":468,"template":"","meta":[],"product_brand":[],"product_cat":[61],"product_tag":[],"class_list":{"0":"post-464","1":"product","2":"type-product","3":"status-publish","4":"has-post-thumbnail","6":"product_cat-acessorios","8":"first","9":"instock","10":"taxable","11":"shipping-taxable","12":"purchasable","13":"product-type-simple"},"acf":[],"yoast_head":"<!-- This site is optimized with the Yoast SEO plugin v24.4 - https:\/\/yoast.com\/wordpress\/plugins\/seo\/ -->\n<title>CABO DE V\u00cdDEO BNC\/RCA DE 05 METROS - FRETE E INSTALA\u00c7\u00c3O REMOTA INCLUSOS - 8% desc. a vista - Consulte-nos! - Massaf Medical<\/title>\n<meta name=\"robots\" content=\"index, follow, max-snippet:-1, max-image-preview:large, max-video-preview:-1\" \/>\n<link rel=\"canonical\" href=\"https:\/\/www.massafmedical.com.br\/loja\/produto\/cabo-de-video-bnc-rca-de-05-metros\/\" \/>\n<meta property=\"og:locale\" content=\"pt_BR\" \/>\n<meta property=\"og:type\" content=\"article\" \/>\n<meta property=\"og:title\" content=\"CABO DE V\u00cdDEO BNC\/RCA DE 05 METROS - FRETE E INSTALA\u00c7\u00c3O REMOTA INCLUSOS - 8% desc. a vista - Consulte-nos! - Massaf Medical\" \/>\n<meta property=\"og:description\" content=\"CABO BLINDADO PARA CONEX\u00c3O DE EQUIPAMENTOS COM SA\u00cdDA DE V\u00cdDEO PADR\u00c3O BNC\u00a0&#8211; COMPAT\u00cdVEL \u00c0 PLACA DE CAPTURA ANAL\u00d3GICA ZSCAN USB 2.0\" \/>\n<meta property=\"og:url\" content=\"https:\/\/www.massafmedical.com.br\/loja\/produto\/cabo-de-video-bnc-rca-de-05-metros\/\" \/>\n<meta property=\"og:site_name\" content=\"Massaf Medical\" \/>\n<meta property=\"article:publisher\" content=\"http:\/\/www.facebook.com\/MASSAFMEDICAL\" \/>\n<meta property=\"article:modified_time\" content=\"2026-03-16T18:38:20+00:00\" \/>\n<meta property=\"og:image\" content=\"https:\/\/www.massafmedical.com.br\/loja\/wp-content\/uploads\/2021\/05\/CABO-BNC-RCA.jpg\" \/>\n\t<meta property=\"og:image:width\" content=\"169\" \/>\n\t<meta property=\"og:image:height\" content=\"180\" \/>\n\t<meta property=\"og:image:type\" content=\"image\/jpeg\" \/>\n<meta name=\"twitter:card\" content=\"summary_large_image\" \/>\n<meta name=\"twitter:label1\" content=\"Est. tempo de leitura\" \/>\n\t<meta name=\"twitter:data1\" content=\"1 minuto\" \/>\n<script type=\"application\/ld+json\" class=\"yoast-schema-graph\">{\"@context\":\"https:\/\/schema.org\",\"@graph\":[{\"@type\":\"WebPage\",\"@id\":\"https:\/\/www.massafmedical.com.br\/loja\/produto\/cabo-de-video-bnc-rca-de-05-metros\/\",\"url\":\"https:\/\/www.massafmedical.com.br\/loja\/produto\/cabo-de-video-bnc-rca-de-05-metros\/\",\"name\":\"CABO DE V\u00cdDEO BNC\/RCA DE 05 METROS - FRETE E INSTALA\u00c7\u00c3O REMOTA INCLUSOS - 8% desc. a vista - Consulte-nos! - Massaf Medical\",\"isPartOf\":{\"@id\":\"https:\/\/www.massafmedical.com.br\/loja\/#website\"},\"primaryImageOfPage\":{\"@id\":\"https:\/\/www.massafmedical.com.br\/loja\/produto\/cabo-de-video-bnc-rca-de-05-metros\/#primaryimage\"},\"image\":{\"@id\":\"https:\/\/www.massafmedical.com.br\/loja\/produto\/cabo-de-video-bnc-rca-de-05-metros\/#primaryimage\"},\"thumbnailUrl\":\"https:\/\/www.massafmedical.com.br\/loja\/wp-content\/uploads\/2021\/05\/CABO-BNC-RCA.jpg\",\"datePublished\":\"2021-05-28T16:00:53+00:00\",\"dateModified\":\"2026-03-16T18:38:20+00:00\",\"breadcrumb\":{\"@id\":\"https:\/\/www.massafmedical.com.br\/loja\/produto\/cabo-de-video-bnc-rca-de-05-metros\/#breadcrumb\"},\"inLanguage\":\"pt-BR\",\"potentialAction\":[{\"@type\":\"ReadAction\",\"target\":[\"https:\/\/www.massafmedical.com.br\/loja\/produto\/cabo-de-video-bnc-rca-de-05-metros\/\"]}]},{\"@type\":\"ImageObject\",\"inLanguage\":\"pt-BR\",\"@id\":\"https:\/\/www.massafmedical.com.br\/loja\/produto\/cabo-de-video-bnc-rca-de-05-metros\/#primaryimage\",\"url\":\"https:\/\/www.massafmedical.com.br\/loja\/wp-content\/uploads\/2021\/05\/CABO-BNC-RCA.jpg\",\"contentUrl\":\"https:\/\/www.massafmedical.com.br\/loja\/wp-content\/uploads\/2021\/05\/CABO-BNC-RCA.jpg\",\"width\":169,\"height\":180},{\"@type\":\"BreadcrumbList\",\"@id\":\"https:\/\/www.massafmedical.com.br\/loja\/produto\/cabo-de-video-bnc-rca-de-05-metros\/#breadcrumb\",\"itemListElement\":[{\"@type\":\"ListItem\",\"position\":1,\"name\":\"In\u00edcio\",\"item\":\"https:\/\/www.massafmedical.com.br\/loja\/\"},{\"@type\":\"ListItem\",\"position\":2,\"name\":\"Produtos\",\"item\":\"https:\/\/www.massafmedical.com.br\/loja\/nossos-produtos\/\"},{\"@type\":\"ListItem\",\"position\":3,\"name\":\"CABO DE V\u00cdDEO BNC\/RCA DE 05 METROS &#8211; FRETE E INSTALA\u00c7\u00c3O REMOTA INCLUSOS &#8211; 8% desc. a vista &#8211; Consulte-nos!\"}]},{\"@type\":\"WebSite\",\"@id\":\"https:\/\/www.massafmedical.com.br\/loja\/#website\",\"url\":\"https:\/\/www.massafmedical.com.br\/loja\/\",\"name\":\"Massaf Medical\",\"description\":\"\",\"publisher\":{\"@id\":\"https:\/\/www.massafmedical.com.br\/loja\/#organization\"},\"potentialAction\":[{\"@type\":\"SearchAction\",\"target\":{\"@type\":\"EntryPoint\",\"urlTemplate\":\"https:\/\/www.massafmedical.com.br\/loja\/?s={search_term_string}\"},\"query-input\":{\"@type\":\"PropertyValueSpecification\",\"valueRequired\":true,\"valueName\":\"search_term_string\"}}],\"inLanguage\":\"pt-BR\"},{\"@type\":\"Organization\",\"@id\":\"https:\/\/www.massafmedical.com.br\/loja\/#organization\",\"name\":\"Massaf Medical\",\"url\":\"https:\/\/www.massafmedical.com.br\/loja\/\",\"logo\":{\"@type\":\"ImageObject\",\"inLanguage\":\"pt-BR\",\"@id\":\"https:\/\/www.massafmedical.com.br\/loja\/#\/schema\/logo\/image\/\",\"url\":\"http:\/\/www.massafmedical.com.br\/loja\/wp-content\/uploads\/2020\/10\/logotipo-big.png\",\"contentUrl\":\"http:\/\/www.massafmedical.com.br\/loja\/wp-content\/uploads\/2020\/10\/logotipo-big.png\",\"width\":750,\"height\":253,\"caption\":\"Massaf Medical\"},\"image\":{\"@id\":\"https:\/\/www.massafmedical.com.br\/loja\/#\/schema\/logo\/image\/\"},\"sameAs\":[\"http:\/\/www.facebook.com\/MASSAFMEDICAL\"]}]}<\/script>\n<!-- \/ Yoast SEO plugin. -->","yoast_head_json":{"title":"CABO DE V\u00cdDEO BNC\/RCA DE 05 METROS - FRETE E INSTALA\u00c7\u00c3O REMOTA INCLUSOS - 8% desc. a vista - Consulte-nos! - Massaf Medical","robots":{"index":"index","follow":"follow","max-snippet":"max-snippet:-1","max-image-preview":"max-image-preview:large","max-video-preview":"max-video-preview:-1"},"canonical":"https:\/\/www.massafmedical.com.br\/loja\/produto\/cabo-de-video-bnc-rca-de-05-metros\/","og_locale":"pt_BR","og_type":"article","og_title":"CABO DE V\u00cdDEO BNC\/RCA DE 05 METROS - FRETE E INSTALA\u00c7\u00c3O REMOTA INCLUSOS - 8% desc. a vista - Consulte-nos! - Massaf Medical","og_description":"CABO BLINDADO PARA CONEX\u00c3O DE EQUIPAMENTOS COM SA\u00cdDA DE V\u00cdDEO PADR\u00c3O BNC\u00a0&#8211; COMPAT\u00cdVEL \u00c0 PLACA DE CAPTURA ANAL\u00d3GICA ZSCAN USB 2.0","og_url":"https:\/\/www.massafmedical.com.br\/loja\/produto\/cabo-de-video-bnc-rca-de-05-metros\/","og_site_name":"Massaf Medical","article_publisher":"http:\/\/www.facebook.com\/MASSAFMEDICAL","article_modified_time":"2026-03-16T18:38:20+00:00","og_image":[{"width":169,"height":180,"url":"https:\/\/www.massafmedical.com.br\/loja\/wp-content\/uploads\/2021\/05\/CABO-BNC-RCA.jpg","type":"image\/jpeg"}],"twitter_card":"summary_large_image","twitter_misc":{"Est. tempo de leitura":"1 minuto"},"schema":{"@context":"https:\/\/schema.org","@graph":[{"@type":"WebPage","@id":"https:\/\/www.massafmedical.com.br\/loja\/produto\/cabo-de-video-bnc-rca-de-05-metros\/","url":"https:\/\/www.massafmedical.com.br\/loja\/produto\/cabo-de-video-bnc-rca-de-05-metros\/","name":"CABO DE V\u00cdDEO BNC\/RCA DE 05 METROS - FRETE E INSTALA\u00c7\u00c3O REMOTA INCLUSOS - 8% desc. a vista - Consulte-nos! - Massaf Medical","isPartOf":{"@id":"https:\/\/www.massafmedical.com.br\/loja\/#website"},"primaryImageOfPage":{"@id":"https:\/\/www.massafmedical.com.br\/loja\/produto\/cabo-de-video-bnc-rca-de-05-metros\/#primaryimage"},"image":{"@id":"https:\/\/www.massafmedical.com.br\/loja\/produto\/cabo-de-video-bnc-rca-de-05-metros\/#primaryimage"},"thumbnailUrl":"https:\/\/www.massafmedical.com.br\/loja\/wp-content\/uploads\/2021\/05\/CABO-BNC-RCA.jpg","datePublished":"2021-05-28T16:00:53+00:00","dateModified":"2026-03-16T18:38:20+00:00","breadcrumb":{"@id":"https:\/\/www.massafmedical.com.br\/loja\/produto\/cabo-de-video-bnc-rca-de-05-metros\/#breadcrumb"},"inLanguage":"pt-BR","potentialAction":[{"@type":"ReadAction","target":["https:\/\/www.massafmedical.com.br\/loja\/produto\/cabo-de-video-bnc-rca-de-05-metros\/"]}]},{"@type":"ImageObject","inLanguage":"pt-BR","@id":"https:\/\/www.massafmedical.com.br\/loja\/produto\/cabo-de-video-bnc-rca-de-05-metros\/#primaryimage","url":"https:\/\/www.massafmedical.com.br\/loja\/wp-content\/uploads\/2021\/05\/CABO-BNC-RCA.jpg","contentUrl":"https:\/\/www.massafmedical.com.br\/loja\/wp-content\/uploads\/2021\/05\/CABO-BNC-RCA.jpg","width":169,"height":180},{"@type":"BreadcrumbList","@id":"https:\/\/www.massafmedical.com.br\/loja\/produto\/cabo-de-video-bnc-rca-de-05-metros\/#breadcrumb","itemListElement":[{"@type":"ListItem","position":1,"name":"In\u00edcio","item":"https:\/\/www.massafmedical.com.br\/loja\/"},{"@type":"ListItem","position":2,"name":"Produtos","item":"https:\/\/www.massafmedical.com.br\/loja\/nossos-produtos\/"},{"@type":"ListItem","position":3,"name":"CABO DE V\u00cdDEO BNC\/RCA DE 05 METROS &#8211; FRETE E INSTALA\u00c7\u00c3O REMOTA INCLUSOS &#8211; 8% desc. a vista &#8211; Consulte-nos!"}]},{"@type":"WebSite","@id":"https:\/\/www.massafmedical.com.br\/loja\/#website","url":"https:\/\/www.massafmedical.com.br\/loja\/","name":"Massaf Medical","description":"","publisher":{"@id":"https:\/\/www.massafmedical.com.br\/loja\/#organization"},"potentialAction":[{"@type":"SearchAction","target":{"@type":"EntryPoint","urlTemplate":"https:\/\/www.massafmedical.com.br\/loja\/?s={search_term_string}"},"query-input":{"@type":"PropertyValueSpecification","valueRequired":true,"valueName":"search_term_string"}}],"inLanguage":"pt-BR"},{"@type":"Organization","@id":"https:\/\/www.massafmedical.com.br\/loja\/#organization","name":"Massaf Medical","url":"https:\/\/www.massafmedical.com.br\/loja\/","logo":{"@type":"ImageObject","inLanguage":"pt-BR","@id":"https:\/\/www.massafmedical.com.br\/loja\/#\/schema\/logo\/image\/","url":"http:\/\/www.massafmedical.com.br\/loja\/wp-content\/uploads\/2020\/10\/logotipo-big.png","contentUrl":"http:\/\/www.massafmedical.com.br\/loja\/wp-content\/uploads\/2020\/10\/logotipo-big.png","width":750,"height":253,"caption":"Massaf Medical"},"image":{"@id":"https:\/\/www.massafmedical.com.br\/loja\/#\/schema\/logo\/image\/"},"sameAs":["http:\/\/www.facebook.com\/MASSAFMEDICAL"]}]}},"_links":{"self":[{"href":"https:\/\/www.massafmedical.com.br\/loja\/wp-json\/wp\/v2\/product\/464","targetHints":{"allow":["GET"]}}],"collection":[{"href":"https:\/\/www.massafmedical.com.br\/loja\/wp-json\/wp\/v2\/product"}],"about":[{"href":"https:\/\/www.massafmedical.com.br\/loja\/wp-json\/wp\/v2\/types\/product"}],"wp:featuredmedia":[{"embeddable":true,"href":"https:\/\/www.massafmedical.com.br\/loja\/wp-json\/wp\/v2\/media\/468"}],"wp:attachment":[{"href":"https:\/\/www.massafmedical.com.br\/loja\/wp-json\/wp\/v2\/media?parent=464"}],"wp:term":[{"taxonomy":"product_brand","embeddable":true,"href":"https:\/\/www.massafmedical.com.br\/loja\/wp-json\/wp\/v2\/product_brand?post=464"},{"taxonomy":"product_cat","embeddable":true,"href":"https:\/\/www.massafmedical.com.br\/loja\/wp-json\/wp\/v2\/product_cat?post=464"},{"taxonomy":"product_tag","embeddable":true,"href":"https:\/\/www.massafmedical.com.br\/loja\/wp-json\/wp\/v2\/product_tag?post=464"}],"curies":[{"name":"wp","href":"https:\/\/api.w.org\/{rel}","templated":true}]}}