{"id":1780,"date":"2025-07-15T11:34:41","date_gmt":"2025-07-15T14:34:41","guid":{"rendered":"https:\/\/www.massafmedical.com.br\/loja\/?post_type=product&#038;p=1780"},"modified":"2025-07-17T10:47:39","modified_gmt":"2025-07-17T13:47:39","slug":"carro-para-desinfeccao-de-endoscopio","status":"publish","type":"product","link":"https:\/\/www.massafmedical.com.br\/loja\/produto\/carro-para-desinfeccao-de-endoscopio\/","title":{"rendered":"Carro para Desinfec\u00e7\u00e3o de Endosc\u00f3pio"},"content":{"rendered":"<p>Cod: 53129<\/p>\n<p><img decoding=\"async\" class=\"alignnone wp-image-1783 lazyload\" data-src=\"https:\/\/www.massafmedical.com.br\/loja\/wp-content\/uploads\/2025\/07\/image-37.jpg\" alt=\"\" width=\"461\" height=\"347\" data-srcset=\"https:\/\/www.massafmedical.com.br\/loja\/wp-content\/uploads\/2025\/07\/image-37.jpg 635w, https:\/\/www.massafmedical.com.br\/loja\/wp-content\/uploads\/2025\/07\/image-37-600x452.jpg 600w\" data-sizes=\"(max-width: 461px) 100vw, 461px\" src=\"data:image\/gif;base64,R0lGODlhAQABAAAAACH5BAEKAAEALAAAAAABAAEAAAICTAEAOw==\" style=\"--smush-placeholder-width: 461px; --smush-placeholder-aspect-ratio: 461\/347;\" \/> <img decoding=\"async\" class=\"alignnone wp-image-1784 lazyload\" data-src=\"https:\/\/www.massafmedical.com.br\/loja\/wp-content\/uploads\/2025\/07\/image-36.jpg\" alt=\"\" width=\"435\" height=\"326\" data-srcset=\"https:\/\/www.massafmedical.com.br\/loja\/wp-content\/uploads\/2025\/07\/image-36.jpg 637w, https:\/\/www.massafmedical.com.br\/loja\/wp-content\/uploads\/2025\/07\/image-36-600x449.jpg 600w\" data-sizes=\"(max-width: 435px) 100vw, 435px\" src=\"data:image\/gif;base64,R0lGODlhAQABAAAAACH5BAEKAAEALAAAAAABAAEAAAICTAEAOw==\" style=\"--smush-placeholder-width: 435px; --smush-placeholder-aspect-ratio: 435\/326;\" \/><img decoding=\"async\" class=\"alignnone wp-image-1782 lazyload\" data-src=\"https:\/\/www.massafmedical.com.br\/loja\/wp-content\/uploads\/2025\/07\/image-38.jpg\" alt=\"\" width=\"430\" height=\"321\" data-srcset=\"https:\/\/www.massafmedical.com.br\/loja\/wp-content\/uploads\/2025\/07\/image-38.jpg 634w, https:\/\/www.massafmedical.com.br\/loja\/wp-content\/uploads\/2025\/07\/image-38-600x448.jpg 600w\" data-sizes=\"(max-width: 430px) 100vw, 430px\" src=\"data:image\/gif;base64,R0lGODlhAQABAAAAACH5BAEKAAEALAAAAAABAAEAAAICTAEAOw==\" style=\"--smush-placeholder-width: 430px; --smush-placeholder-aspect-ratio: 430\/321;\" \/><img decoding=\"async\" class=\"alignnone wp-image-1781 lazyload\" data-src=\"https:\/\/www.massafmedical.com.br\/loja\/wp-content\/uploads\/2025\/07\/image-39.jpg\" alt=\"\" width=\"383\" height=\"288\" data-srcset=\"https:\/\/www.massafmedical.com.br\/loja\/wp-content\/uploads\/2025\/07\/image-39.jpg 632w, https:\/\/www.massafmedical.com.br\/loja\/wp-content\/uploads\/2025\/07\/image-39-600x452.jpg 600w\" data-sizes=\"(max-width: 383px) 100vw, 383px\" src=\"data:image\/gif;base64,R0lGODlhAQABAAAAACH5BAEKAAEALAAAAAABAAEAAAICTAEAOw==\" style=\"--smush-placeholder-width: 383px; --smush-placeholder-aspect-ratio: 383\/288;\" \/><\/p>\n<h2 class=\"title_page\"><span class=\"font30 blueFont bold sideLines center\"><img decoding=\"async\" class=\"alignnone size-full wp-image-1834 lazyload\" data-src=\"https:\/\/www.massafmedical.com.br\/loja\/wp-content\/uploads\/2025\/07\/image-60.jpg\" alt=\"\" width=\"751\" height=\"374\" data-srcset=\"https:\/\/www.massafmedical.com.br\/loja\/wp-content\/uploads\/2025\/07\/image-60.jpg 751w, https:\/\/www.massafmedical.com.br\/loja\/wp-content\/uploads\/2025\/07\/image-60-600x299.jpg 600w\" data-sizes=\"(max-width: 751px) 100vw, 751px\" src=\"data:image\/gif;base64,R0lGODlhAQABAAAAACH5BAEKAAEALAAAAAABAAEAAAICTAEAOw==\" style=\"--smush-placeholder-width: 751px; --smush-placeholder-aspect-ratio: 751\/374;\" \/><\/span><\/h2>\n<h2><\/h2>\n<h2 class=\"title_page\"><span class=\"font30 blueFont bold sideLines center\">Especifica\u00e7\u00f5es T\u00e9cnicas<\/span><\/h2>\n<div class=\"tablesProducts flex_w middle center\">\n<table style=\"height: 146px;\" border=\"1\" width=\"359\">\n<tbody>\n<tr>\n<td><strong>Dimens\u00f5es<\/strong><\/td>\n<td><\/td>\n<\/tr>\n<tr>\n<td>Altura<\/td>\n<td>995 mm<\/td>\n<\/tr>\n<tr>\n<td>Largura<\/td>\n<td>695 mm<\/td>\n<\/tr>\n<tr>\n<td>Peso<\/td>\n<td>25 kg<\/td>\n<\/tr>\n<\/tbody>\n<\/table>\n<\/div>\n","protected":false},"excerpt":{"rendered":"<h4 class=\"font20 blueFont margin20\">Destaques do Carro para desinfec\u00e7\u00e3o de endosc\u00f3pios<\/h4>\n<ul>\n<li>Estrutura r\u00edgida e resistente, confeccionada em a\u00e7o inox 304;<\/li>\n<li>Duas (2) bacias em pol\u00edmero para acondicionar endosc\u00f3pios, bacia inferior com corredi\u00e7a;<\/li>\n<li>Material resistente \u00e0 qu\u00edmicos;<\/li>\n<li>Sistema de drenagem para escoamento do l\u00edquido saneante;<\/li>\n<li>Uma (1) Prateleira na base para acomoda\u00e7\u00e3o de materiais;<\/li>\n<li>Quatro rod\u00edzios linha hospitalar 100 mm dois com freio;<\/li>\n<li>Pintura eletrost\u00e1tica a p\u00f3, polimerizada em estufa a 200\u00baC;<\/li>\n<li>Cor Branca texturizada.<\/li>\n<\/ul>\n","protected":false},"featured_media":1784,"template":"","meta":[],"product_brand":[],"product_cat":[97],"product_tag":[],"class_list":{"0":"post-1780","1":"product","2":"type-product","3":"status-publish","4":"has-post-thumbnail","6":"product_cat-equipamentos-cardinal","8":"first","9":"instock","10":"taxable","11":"shipping-taxable","12":"product-type-simple"},"acf":[],"yoast_head":"<!-- This site is optimized with the Yoast SEO plugin v24.4 - https:\/\/yoast.com\/wordpress\/plugins\/seo\/ -->\n<title>Carro para Desinfec\u00e7\u00e3o de Endosc\u00f3pio - Massaf Medical<\/title>\n<meta name=\"robots\" content=\"index, follow, max-snippet:-1, max-image-preview:large, max-video-preview:-1\" \/>\n<link rel=\"canonical\" href=\"https:\/\/www.massafmedical.com.br\/loja\/produto\/carro-para-desinfeccao-de-endoscopio\/\" \/>\n<meta property=\"og:locale\" content=\"pt_BR\" \/>\n<meta property=\"og:type\" content=\"article\" \/>\n<meta property=\"og:title\" content=\"Carro para Desinfec\u00e7\u00e3o de Endosc\u00f3pio - Massaf Medical\" \/>\n<meta property=\"og:description\" content=\"Destaques do Carro para desinfec\u00e7\u00e3o de endosc\u00f3pios   Estrutura r\u00edgida e resistente, confeccionada em a\u00e7o inox 304;  Duas (2) bacias em pol\u00edmero para acondicionar endosc\u00f3pios, bacia inferior com corredi\u00e7a;  Material resistente \u00e0 qu\u00edmicos;  Sistema de drenagem para escoamento do l\u00edquido saneante;  Uma (1) Prateleira na base para acomoda\u00e7\u00e3o de materiais;  Quatro rod\u00edzios linha hospitalar 100 mm dois com freio;  Pintura eletrost\u00e1tica a p\u00f3, polimerizada em estufa a 200\u00baC;  Cor Branca texturizada.\" \/>\n<meta property=\"og:url\" content=\"https:\/\/www.massafmedical.com.br\/loja\/produto\/carro-para-desinfeccao-de-endoscopio\/\" \/>\n<meta property=\"og:site_name\" content=\"Massaf Medical\" \/>\n<meta property=\"article:publisher\" content=\"http:\/\/www.facebook.com\/MASSAFMEDICAL\" \/>\n<meta property=\"article:modified_time\" content=\"2025-07-17T13:47:39+00:00\" \/>\n<meta property=\"og:image\" content=\"https:\/\/www.massafmedical.com.br\/loja\/wp-content\/uploads\/2025\/07\/image-36.jpg\" \/>\n\t<meta property=\"og:image:width\" content=\"637\" \/>\n\t<meta property=\"og:image:height\" content=\"477\" \/>\n\t<meta property=\"og:image:type\" content=\"image\/jpeg\" \/>\n<meta name=\"twitter:card\" content=\"summary_large_image\" \/>\n<meta name=\"twitter:label1\" content=\"Est. tempo de leitura\" \/>\n\t<meta name=\"twitter:data1\" content=\"2 minutos\" \/>\n<script type=\"application\/ld+json\" class=\"yoast-schema-graph\">{\"@context\":\"https:\/\/schema.org\",\"@graph\":[{\"@type\":\"WebPage\",\"@id\":\"https:\/\/www.massafmedical.com.br\/loja\/produto\/carro-para-desinfeccao-de-endoscopio\/\",\"url\":\"https:\/\/www.massafmedical.com.br\/loja\/produto\/carro-para-desinfeccao-de-endoscopio\/\",\"name\":\"Carro para Desinfec\u00e7\u00e3o de Endosc\u00f3pio - Massaf Medical\",\"isPartOf\":{\"@id\":\"https:\/\/www.massafmedical.com.br\/loja\/#website\"},\"primaryImageOfPage\":{\"@id\":\"https:\/\/www.massafmedical.com.br\/loja\/produto\/carro-para-desinfeccao-de-endoscopio\/#primaryimage\"},\"image\":{\"@id\":\"https:\/\/www.massafmedical.com.br\/loja\/produto\/carro-para-desinfeccao-de-endoscopio\/#primaryimage\"},\"thumbnailUrl\":\"https:\/\/www.massafmedical.com.br\/loja\/wp-content\/uploads\/2025\/07\/image-36.jpg\",\"datePublished\":\"2025-07-15T14:34:41+00:00\",\"dateModified\":\"2025-07-17T13:47:39+00:00\",\"breadcrumb\":{\"@id\":\"https:\/\/www.massafmedical.com.br\/loja\/produto\/carro-para-desinfeccao-de-endoscopio\/#breadcrumb\"},\"inLanguage\":\"pt-BR\",\"potentialAction\":[{\"@type\":\"ReadAction\",\"target\":[\"https:\/\/www.massafmedical.com.br\/loja\/produto\/carro-para-desinfeccao-de-endoscopio\/\"]}]},{\"@type\":\"ImageObject\",\"inLanguage\":\"pt-BR\",\"@id\":\"https:\/\/www.massafmedical.com.br\/loja\/produto\/carro-para-desinfeccao-de-endoscopio\/#primaryimage\",\"url\":\"https:\/\/www.massafmedical.com.br\/loja\/wp-content\/uploads\/2025\/07\/image-36.jpg\",\"contentUrl\":\"https:\/\/www.massafmedical.com.br\/loja\/wp-content\/uploads\/2025\/07\/image-36.jpg\",\"width\":637,\"height\":477},{\"@type\":\"BreadcrumbList\",\"@id\":\"https:\/\/www.massafmedical.com.br\/loja\/produto\/carro-para-desinfeccao-de-endoscopio\/#breadcrumb\",\"itemListElement\":[{\"@type\":\"ListItem\",\"position\":1,\"name\":\"In\u00edcio\",\"item\":\"https:\/\/www.massafmedical.com.br\/loja\/\"},{\"@type\":\"ListItem\",\"position\":2,\"name\":\"Produtos\",\"item\":\"https:\/\/www.massafmedical.com.br\/loja\/nossos-produtos\/\"},{\"@type\":\"ListItem\",\"position\":3,\"name\":\"Carro para Desinfec\u00e7\u00e3o de Endosc\u00f3pio\"}]},{\"@type\":\"WebSite\",\"@id\":\"https:\/\/www.massafmedical.com.br\/loja\/#website\",\"url\":\"https:\/\/www.massafmedical.com.br\/loja\/\",\"name\":\"Massaf Medical\",\"description\":\"\",\"publisher\":{\"@id\":\"https:\/\/www.massafmedical.com.br\/loja\/#organization\"},\"potentialAction\":[{\"@type\":\"SearchAction\",\"target\":{\"@type\":\"EntryPoint\",\"urlTemplate\":\"https:\/\/www.massafmedical.com.br\/loja\/?s={search_term_string}\"},\"query-input\":{\"@type\":\"PropertyValueSpecification\",\"valueRequired\":true,\"valueName\":\"search_term_string\"}}],\"inLanguage\":\"pt-BR\"},{\"@type\":\"Organization\",\"@id\":\"https:\/\/www.massafmedical.com.br\/loja\/#organization\",\"name\":\"Massaf Medical\",\"url\":\"https:\/\/www.massafmedical.com.br\/loja\/\",\"logo\":{\"@type\":\"ImageObject\",\"inLanguage\":\"pt-BR\",\"@id\":\"https:\/\/www.massafmedical.com.br\/loja\/#\/schema\/logo\/image\/\",\"url\":\"http:\/\/www.massafmedical.com.br\/loja\/wp-content\/uploads\/2020\/10\/logotipo-big.png\",\"contentUrl\":\"http:\/\/www.massafmedical.com.br\/loja\/wp-content\/uploads\/2020\/10\/logotipo-big.png\",\"width\":750,\"height\":253,\"caption\":\"Massaf Medical\"},\"image\":{\"@id\":\"https:\/\/www.massafmedical.com.br\/loja\/#\/schema\/logo\/image\/\"},\"sameAs\":[\"http:\/\/www.facebook.com\/MASSAFMEDICAL\"]}]}<\/script>\n<!-- \/ Yoast SEO plugin. -->","yoast_head_json":{"title":"Carro para Desinfec\u00e7\u00e3o de Endosc\u00f3pio - Massaf Medical","robots":{"index":"index","follow":"follow","max-snippet":"max-snippet:-1","max-image-preview":"max-image-preview:large","max-video-preview":"max-video-preview:-1"},"canonical":"https:\/\/www.massafmedical.com.br\/loja\/produto\/carro-para-desinfeccao-de-endoscopio\/","og_locale":"pt_BR","og_type":"article","og_title":"Carro para Desinfec\u00e7\u00e3o de Endosc\u00f3pio - Massaf Medical","og_description":"Destaques do Carro para desinfec\u00e7\u00e3o de endosc\u00f3pios   Estrutura r\u00edgida e resistente, confeccionada em a\u00e7o inox 304;  Duas (2) bacias em pol\u00edmero para acondicionar endosc\u00f3pios, bacia inferior com corredi\u00e7a;  Material resistente \u00e0 qu\u00edmicos;  Sistema de drenagem para escoamento do l\u00edquido saneante;  Uma (1) Prateleira na base para acomoda\u00e7\u00e3o de materiais;  Quatro rod\u00edzios linha hospitalar 100 mm dois com freio;  Pintura eletrost\u00e1tica a p\u00f3, polimerizada em estufa a 200\u00baC;  Cor Branca texturizada.","og_url":"https:\/\/www.massafmedical.com.br\/loja\/produto\/carro-para-desinfeccao-de-endoscopio\/","og_site_name":"Massaf Medical","article_publisher":"http:\/\/www.facebook.com\/MASSAFMEDICAL","article_modified_time":"2025-07-17T13:47:39+00:00","og_image":[{"width":637,"height":477,"url":"https:\/\/www.massafmedical.com.br\/loja\/wp-content\/uploads\/2025\/07\/image-36.jpg","type":"image\/jpeg"}],"twitter_card":"summary_large_image","twitter_misc":{"Est. tempo de leitura":"2 minutos"},"schema":{"@context":"https:\/\/schema.org","@graph":[{"@type":"WebPage","@id":"https:\/\/www.massafmedical.com.br\/loja\/produto\/carro-para-desinfeccao-de-endoscopio\/","url":"https:\/\/www.massafmedical.com.br\/loja\/produto\/carro-para-desinfeccao-de-endoscopio\/","name":"Carro para Desinfec\u00e7\u00e3o de Endosc\u00f3pio - Massaf Medical","isPartOf":{"@id":"https:\/\/www.massafmedical.com.br\/loja\/#website"},"primaryImageOfPage":{"@id":"https:\/\/www.massafmedical.com.br\/loja\/produto\/carro-para-desinfeccao-de-endoscopio\/#primaryimage"},"image":{"@id":"https:\/\/www.massafmedical.com.br\/loja\/produto\/carro-para-desinfeccao-de-endoscopio\/#primaryimage"},"thumbnailUrl":"https:\/\/www.massafmedical.com.br\/loja\/wp-content\/uploads\/2025\/07\/image-36.jpg","datePublished":"2025-07-15T14:34:41+00:00","dateModified":"2025-07-17T13:47:39+00:00","breadcrumb":{"@id":"https:\/\/www.massafmedical.com.br\/loja\/produto\/carro-para-desinfeccao-de-endoscopio\/#breadcrumb"},"inLanguage":"pt-BR","potentialAction":[{"@type":"ReadAction","target":["https:\/\/www.massafmedical.com.br\/loja\/produto\/carro-para-desinfeccao-de-endoscopio\/"]}]},{"@type":"ImageObject","inLanguage":"pt-BR","@id":"https:\/\/www.massafmedical.com.br\/loja\/produto\/carro-para-desinfeccao-de-endoscopio\/#primaryimage","url":"https:\/\/www.massafmedical.com.br\/loja\/wp-content\/uploads\/2025\/07\/image-36.jpg","contentUrl":"https:\/\/www.massafmedical.com.br\/loja\/wp-content\/uploads\/2025\/07\/image-36.jpg","width":637,"height":477},{"@type":"BreadcrumbList","@id":"https:\/\/www.massafmedical.com.br\/loja\/produto\/carro-para-desinfeccao-de-endoscopio\/#breadcrumb","itemListElement":[{"@type":"ListItem","position":1,"name":"In\u00edcio","item":"https:\/\/www.massafmedical.com.br\/loja\/"},{"@type":"ListItem","position":2,"name":"Produtos","item":"https:\/\/www.massafmedical.com.br\/loja\/nossos-produtos\/"},{"@type":"ListItem","position":3,"name":"Carro para Desinfec\u00e7\u00e3o de Endosc\u00f3pio"}]},{"@type":"WebSite","@id":"https:\/\/www.massafmedical.com.br\/loja\/#website","url":"https:\/\/www.massafmedical.com.br\/loja\/","name":"Massaf Medical","description":"","publisher":{"@id":"https:\/\/www.massafmedical.com.br\/loja\/#organization"},"potentialAction":[{"@type":"SearchAction","target":{"@type":"EntryPoint","urlTemplate":"https:\/\/www.massafmedical.com.br\/loja\/?s={search_term_string}"},"query-input":{"@type":"PropertyValueSpecification","valueRequired":true,"valueName":"search_term_string"}}],"inLanguage":"pt-BR"},{"@type":"Organization","@id":"https:\/\/www.massafmedical.com.br\/loja\/#organization","name":"Massaf Medical","url":"https:\/\/www.massafmedical.com.br\/loja\/","logo":{"@type":"ImageObject","inLanguage":"pt-BR","@id":"https:\/\/www.massafmedical.com.br\/loja\/#\/schema\/logo\/image\/","url":"http:\/\/www.massafmedical.com.br\/loja\/wp-content\/uploads\/2020\/10\/logotipo-big.png","contentUrl":"http:\/\/www.massafmedical.com.br\/loja\/wp-content\/uploads\/2020\/10\/logotipo-big.png","width":750,"height":253,"caption":"Massaf Medical"},"image":{"@id":"https:\/\/www.massafmedical.com.br\/loja\/#\/schema\/logo\/image\/"},"sameAs":["http:\/\/www.facebook.com\/MASSAFMEDICAL"]}]}},"_links":{"self":[{"href":"https:\/\/www.massafmedical.com.br\/loja\/wp-json\/wp\/v2\/product\/1780","targetHints":{"allow":["GET"]}}],"collection":[{"href":"https:\/\/www.massafmedical.com.br\/loja\/wp-json\/wp\/v2\/product"}],"about":[{"href":"https:\/\/www.massafmedical.com.br\/loja\/wp-json\/wp\/v2\/types\/product"}],"wp:featuredmedia":[{"embeddable":true,"href":"https:\/\/www.massafmedical.com.br\/loja\/wp-json\/wp\/v2\/media\/1784"}],"wp:attachment":[{"href":"https:\/\/www.massafmedical.com.br\/loja\/wp-json\/wp\/v2\/media?parent=1780"}],"wp:term":[{"taxonomy":"product_brand","embeddable":true,"href":"https:\/\/www.massafmedical.com.br\/loja\/wp-json\/wp\/v2\/product_brand?post=1780"},{"taxonomy":"product_cat","embeddable":true,"href":"https:\/\/www.massafmedical.com.br\/loja\/wp-json\/wp\/v2\/product_cat?post=1780"},{"taxonomy":"product_tag","embeddable":true,"href":"https:\/\/www.massafmedical.com.br\/loja\/wp-json\/wp\/v2\/product_tag?post=1780"}],"curies":[{"name":"wp","href":"https:\/\/api.w.org\/{rel}","templated":true}]}}