{"id":1749,"date":"2025-07-15T09:56:01","date_gmt":"2025-07-15T12:56:01","guid":{"rendered":"https:\/\/www.massafmedical.com.br\/loja\/?post_type=product&#038;p=1749"},"modified":"2025-07-16T12:54:01","modified_gmt":"2025-07-16T15:54:01","slug":"armario-vlfb-55-portas-em-aco","status":"publish","type":"product","link":"https:\/\/www.massafmedical.com.br\/loja\/produto\/armario-vlfb-55-portas-em-aco\/","title":{"rendered":"Arm\u00e1rio VLFB-55 Portas em A\u00e7o"},"content":{"rendered":"<h6 class=\"font20 blueFont margin20\">Cod: 31102<\/h6>\n<p><img decoding=\"async\" class=\"alignnone  wp-image-1751 lazyload\" data-src=\"https:\/\/www.massafmedical.com.br\/loja\/wp-content\/uploads\/2025\/07\/image-20.jpg\" alt=\"\" width=\"397\" height=\"338\" src=\"data:image\/gif;base64,R0lGODlhAQABAAAAACH5BAEKAAEALAAAAAABAAEAAAICTAEAOw==\" style=\"--smush-placeholder-width: 397px; --smush-placeholder-aspect-ratio: 397\/338;\" \/> <img decoding=\"async\" class=\"alignnone  wp-image-1752 lazyload\" data-src=\"https:\/\/www.massafmedical.com.br\/loja\/wp-content\/uploads\/2025\/07\/image-19-1.jpg\" alt=\"\" width=\"278\" height=\"343\" src=\"data:image\/gif;base64,R0lGODlhAQABAAAAACH5BAEKAAEALAAAAAABAAEAAAICTAEAOw==\" style=\"--smush-placeholder-width: 278px; --smush-placeholder-aspect-ratio: 278\/343;\" \/><\/p>\n<h2 class=\"title_page\"><span class=\"font30 blueFont bold sideLines center\">Especifica\u00e7\u00f5es T\u00e9cnicas<\/span><\/h2>\n<div class=\"tablesProducts flex_w middle center\">\n<figure class=\"table\">\n<table style=\"height: 205px;\" border=\"1\" width=\"292\">\n<tbody>\n<tr>\n<td colspan=\"2\">Dimens\u00f5es Externas<\/td>\n<\/tr>\n<tr>\n<td>Altura<\/td>\n<td>1.300 mm<\/td>\n<\/tr>\n<tr>\n<td>Largura<\/td>\n<td>615 mm<\/td>\n<\/tr>\n<tr>\n<td>Profundidade<\/td>\n<td>660 mm<\/td>\n<\/tr>\n<\/tbody>\n<\/table>\n<\/figure>\n<figure class=\"table\">\n<table style=\"height: 221px;\" border=\"1\" width=\"291\">\n<tbody>\n<tr>\n<td colspan=\"2\">Dimens\u00f5es Internas<\/td>\n<\/tr>\n<tr>\n<td>Largura<\/td>\n<td>550 mm<\/td>\n<\/tr>\n<tr>\n<td>Profundidade<\/td>\n<td>600 mm<\/td>\n<\/tr>\n<tr>\n<td>Peso<\/td>\n<td>45 Kg<\/td>\n<\/tr>\n<\/tbody>\n<\/table>\n<\/figure>\n<\/div>\n","protected":false},"excerpt":{"rendered":"<p>Arm\u00e1rio m\u00f3vel para equipamentos de videocirurgia, onde o monitor pode ser utilizado acima do arm\u00e1rio, externamente.<\/p>\n<h4 class=\"font20 blueFont margin20\">Destaques do Arm\u00e1rio VLFB-55 com portas em a\u00e7o<\/h4>\n<ul>\n<li>Estrutura r\u00edgida e resistente.<\/li>\n<li>Laterais e portas em chapa de a\u00e7o carbono enrijecidas.<\/li>\n<li>Portas c\/chaves e abertura 270\u00ba graus c\/trava.<\/li>\n<li>Quatro rod\u00edzios linha hospitalar 100 mm, dois com freio.<\/li>\n<li>Prateleiras em chapa de a\u00e7o dobradas com refor\u00e7os.<\/li>\n<li>Furos laterais internos para ajustar a altura das prateleiras.<\/li>\n<li>Pintura eletrost\u00e1tica a p\u00f3, polimerizada em estufa a 200\u00baC.<\/li>\n<li>Cor Branca texturizada.<\/li>\n<\/ul>\n<p>Compat\u00edvel com bra\u00e7o articulado para monitores, suporte para cilindros e outros acess\u00f3rios opcionais.<\/p>\n<p>&nbsp;<\/p>\n","protected":false},"featured_media":1750,"template":"","meta":[],"product_brand":[],"product_cat":[97],"product_tag":[],"class_list":{"0":"post-1749","1":"product","2":"type-product","3":"status-publish","4":"has-post-thumbnail","6":"product_cat-equipamentos-cardinal","8":"first","9":"instock","10":"taxable","11":"shipping-taxable","12":"product-type-simple"},"acf":[],"yoast_head":"<!-- This site is optimized with the Yoast SEO plugin v24.4 - https:\/\/yoast.com\/wordpress\/plugins\/seo\/ -->\n<title>Arm\u00e1rio VLFB-55 Portas em A\u00e7o - Massaf Medical<\/title>\n<meta name=\"robots\" content=\"index, follow, max-snippet:-1, max-image-preview:large, max-video-preview:-1\" \/>\n<link rel=\"canonical\" href=\"https:\/\/www.massafmedical.com.br\/loja\/produto\/armario-vlfb-55-portas-em-aco\/\" \/>\n<meta property=\"og:locale\" content=\"pt_BR\" \/>\n<meta property=\"og:type\" content=\"article\" \/>\n<meta property=\"og:title\" content=\"Arm\u00e1rio VLFB-55 Portas em A\u00e7o - Massaf Medical\" \/>\n<meta property=\"og:description\" content=\"Arm\u00e1rio m\u00f3vel para equipamentos de videocirurgia, onde o monitor pode ser utilizado acima do arm\u00e1rio, externamente. Destaques do Arm\u00e1rio VLFB-55 com portas em a\u00e7o   Estrutura r\u00edgida e resistente.  Laterais e portas em chapa de a\u00e7o carbono enrijecidas.  Portas c\/chaves e abertura 270\u00ba graus c\/trava.  Quatro rod\u00edzios linha hospitalar 100 mm, dois com freio.  Prateleiras em chapa de a\u00e7o dobradas com refor\u00e7os.  Furos laterais internos para ajustar a altura das prateleiras.  Pintura eletrost\u00e1tica a p\u00f3, polimerizada em estufa a 200\u00baC.  Cor Branca texturizada.  Compat\u00edvel com bra\u00e7o articulado para monitores, suporte para cilindros e outros acess\u00f3rios opcionais.  &nbsp;\" \/>\n<meta property=\"og:url\" content=\"https:\/\/www.massafmedical.com.br\/loja\/produto\/armario-vlfb-55-portas-em-aco\/\" \/>\n<meta property=\"og:site_name\" content=\"Massaf Medical\" \/>\n<meta property=\"article:publisher\" content=\"http:\/\/www.facebook.com\/MASSAFMEDICAL\" \/>\n<meta property=\"article:modified_time\" content=\"2025-07-16T15:54:01+00:00\" \/>\n<meta property=\"og:image\" content=\"https:\/\/www.massafmedical.com.br\/loja\/wp-content\/uploads\/2025\/07\/image-19.jpg\" \/>\n\t<meta property=\"og:image:width\" content=\"222\" \/>\n\t<meta property=\"og:image:height\" content=\"274\" \/>\n\t<meta property=\"og:image:type\" content=\"image\/jpeg\" \/>\n<meta name=\"twitter:card\" content=\"summary_large_image\" \/>\n<meta name=\"twitter:label1\" content=\"Est. tempo de leitura\" \/>\n\t<meta name=\"twitter:data1\" content=\"1 minuto\" \/>\n<script type=\"application\/ld+json\" class=\"yoast-schema-graph\">{\"@context\":\"https:\/\/schema.org\",\"@graph\":[{\"@type\":\"WebPage\",\"@id\":\"https:\/\/www.massafmedical.com.br\/loja\/produto\/armario-vlfb-55-portas-em-aco\/\",\"url\":\"https:\/\/www.massafmedical.com.br\/loja\/produto\/armario-vlfb-55-portas-em-aco\/\",\"name\":\"Arm\u00e1rio VLFB-55 Portas em A\u00e7o - Massaf Medical\",\"isPartOf\":{\"@id\":\"https:\/\/www.massafmedical.com.br\/loja\/#website\"},\"primaryImageOfPage\":{\"@id\":\"https:\/\/www.massafmedical.com.br\/loja\/produto\/armario-vlfb-55-portas-em-aco\/#primaryimage\"},\"image\":{\"@id\":\"https:\/\/www.massafmedical.com.br\/loja\/produto\/armario-vlfb-55-portas-em-aco\/#primaryimage\"},\"thumbnailUrl\":\"https:\/\/www.massafmedical.com.br\/loja\/wp-content\/uploads\/2025\/07\/image-19.jpg\",\"datePublished\":\"2025-07-15T12:56:01+00:00\",\"dateModified\":\"2025-07-16T15:54:01+00:00\",\"breadcrumb\":{\"@id\":\"https:\/\/www.massafmedical.com.br\/loja\/produto\/armario-vlfb-55-portas-em-aco\/#breadcrumb\"},\"inLanguage\":\"pt-BR\",\"potentialAction\":[{\"@type\":\"ReadAction\",\"target\":[\"https:\/\/www.massafmedical.com.br\/loja\/produto\/armario-vlfb-55-portas-em-aco\/\"]}]},{\"@type\":\"ImageObject\",\"inLanguage\":\"pt-BR\",\"@id\":\"https:\/\/www.massafmedical.com.br\/loja\/produto\/armario-vlfb-55-portas-em-aco\/#primaryimage\",\"url\":\"https:\/\/www.massafmedical.com.br\/loja\/wp-content\/uploads\/2025\/07\/image-19.jpg\",\"contentUrl\":\"https:\/\/www.massafmedical.com.br\/loja\/wp-content\/uploads\/2025\/07\/image-19.jpg\",\"width\":222,\"height\":274},{\"@type\":\"BreadcrumbList\",\"@id\":\"https:\/\/www.massafmedical.com.br\/loja\/produto\/armario-vlfb-55-portas-em-aco\/#breadcrumb\",\"itemListElement\":[{\"@type\":\"ListItem\",\"position\":1,\"name\":\"In\u00edcio\",\"item\":\"https:\/\/www.massafmedical.com.br\/loja\/\"},{\"@type\":\"ListItem\",\"position\":2,\"name\":\"Produtos\",\"item\":\"https:\/\/www.massafmedical.com.br\/loja\/nossos-produtos\/\"},{\"@type\":\"ListItem\",\"position\":3,\"name\":\"Arm\u00e1rio VLFB-55 Portas em A\u00e7o\"}]},{\"@type\":\"WebSite\",\"@id\":\"https:\/\/www.massafmedical.com.br\/loja\/#website\",\"url\":\"https:\/\/www.massafmedical.com.br\/loja\/\",\"name\":\"Massaf Medical\",\"description\":\"\",\"publisher\":{\"@id\":\"https:\/\/www.massafmedical.com.br\/loja\/#organization\"},\"potentialAction\":[{\"@type\":\"SearchAction\",\"target\":{\"@type\":\"EntryPoint\",\"urlTemplate\":\"https:\/\/www.massafmedical.com.br\/loja\/?s={search_term_string}\"},\"query-input\":{\"@type\":\"PropertyValueSpecification\",\"valueRequired\":true,\"valueName\":\"search_term_string\"}}],\"inLanguage\":\"pt-BR\"},{\"@type\":\"Organization\",\"@id\":\"https:\/\/www.massafmedical.com.br\/loja\/#organization\",\"name\":\"Massaf Medical\",\"url\":\"https:\/\/www.massafmedical.com.br\/loja\/\",\"logo\":{\"@type\":\"ImageObject\",\"inLanguage\":\"pt-BR\",\"@id\":\"https:\/\/www.massafmedical.com.br\/loja\/#\/schema\/logo\/image\/\",\"url\":\"http:\/\/www.massafmedical.com.br\/loja\/wp-content\/uploads\/2020\/10\/logotipo-big.png\",\"contentUrl\":\"http:\/\/www.massafmedical.com.br\/loja\/wp-content\/uploads\/2020\/10\/logotipo-big.png\",\"width\":750,\"height\":253,\"caption\":\"Massaf Medical\"},\"image\":{\"@id\":\"https:\/\/www.massafmedical.com.br\/loja\/#\/schema\/logo\/image\/\"},\"sameAs\":[\"http:\/\/www.facebook.com\/MASSAFMEDICAL\"]}]}<\/script>\n<!-- \/ Yoast SEO plugin. -->","yoast_head_json":{"title":"Arm\u00e1rio VLFB-55 Portas em A\u00e7o - Massaf Medical","robots":{"index":"index","follow":"follow","max-snippet":"max-snippet:-1","max-image-preview":"max-image-preview:large","max-video-preview":"max-video-preview:-1"},"canonical":"https:\/\/www.massafmedical.com.br\/loja\/produto\/armario-vlfb-55-portas-em-aco\/","og_locale":"pt_BR","og_type":"article","og_title":"Arm\u00e1rio VLFB-55 Portas em A\u00e7o - Massaf Medical","og_description":"Arm\u00e1rio m\u00f3vel para equipamentos de videocirurgia, onde o monitor pode ser utilizado acima do arm\u00e1rio, externamente. Destaques do Arm\u00e1rio VLFB-55 com portas em a\u00e7o   Estrutura r\u00edgida e resistente.  Laterais e portas em chapa de a\u00e7o carbono enrijecidas.  Portas c\/chaves e abertura 270\u00ba graus c\/trava.  Quatro rod\u00edzios linha hospitalar 100 mm, dois com freio.  Prateleiras em chapa de a\u00e7o dobradas com refor\u00e7os.  Furos laterais internos para ajustar a altura das prateleiras.  Pintura eletrost\u00e1tica a p\u00f3, polimerizada em estufa a 200\u00baC.  Cor Branca texturizada.  Compat\u00edvel com bra\u00e7o articulado para monitores, suporte para cilindros e outros acess\u00f3rios opcionais.  &nbsp;","og_url":"https:\/\/www.massafmedical.com.br\/loja\/produto\/armario-vlfb-55-portas-em-aco\/","og_site_name":"Massaf Medical","article_publisher":"http:\/\/www.facebook.com\/MASSAFMEDICAL","article_modified_time":"2025-07-16T15:54:01+00:00","og_image":[{"width":222,"height":274,"url":"https:\/\/www.massafmedical.com.br\/loja\/wp-content\/uploads\/2025\/07\/image-19.jpg","type":"image\/jpeg"}],"twitter_card":"summary_large_image","twitter_misc":{"Est. tempo de leitura":"1 minuto"},"schema":{"@context":"https:\/\/schema.org","@graph":[{"@type":"WebPage","@id":"https:\/\/www.massafmedical.com.br\/loja\/produto\/armario-vlfb-55-portas-em-aco\/","url":"https:\/\/www.massafmedical.com.br\/loja\/produto\/armario-vlfb-55-portas-em-aco\/","name":"Arm\u00e1rio VLFB-55 Portas em A\u00e7o - Massaf Medical","isPartOf":{"@id":"https:\/\/www.massafmedical.com.br\/loja\/#website"},"primaryImageOfPage":{"@id":"https:\/\/www.massafmedical.com.br\/loja\/produto\/armario-vlfb-55-portas-em-aco\/#primaryimage"},"image":{"@id":"https:\/\/www.massafmedical.com.br\/loja\/produto\/armario-vlfb-55-portas-em-aco\/#primaryimage"},"thumbnailUrl":"https:\/\/www.massafmedical.com.br\/loja\/wp-content\/uploads\/2025\/07\/image-19.jpg","datePublished":"2025-07-15T12:56:01+00:00","dateModified":"2025-07-16T15:54:01+00:00","breadcrumb":{"@id":"https:\/\/www.massafmedical.com.br\/loja\/produto\/armario-vlfb-55-portas-em-aco\/#breadcrumb"},"inLanguage":"pt-BR","potentialAction":[{"@type":"ReadAction","target":["https:\/\/www.massafmedical.com.br\/loja\/produto\/armario-vlfb-55-portas-em-aco\/"]}]},{"@type":"ImageObject","inLanguage":"pt-BR","@id":"https:\/\/www.massafmedical.com.br\/loja\/produto\/armario-vlfb-55-portas-em-aco\/#primaryimage","url":"https:\/\/www.massafmedical.com.br\/loja\/wp-content\/uploads\/2025\/07\/image-19.jpg","contentUrl":"https:\/\/www.massafmedical.com.br\/loja\/wp-content\/uploads\/2025\/07\/image-19.jpg","width":222,"height":274},{"@type":"BreadcrumbList","@id":"https:\/\/www.massafmedical.com.br\/loja\/produto\/armario-vlfb-55-portas-em-aco\/#breadcrumb","itemListElement":[{"@type":"ListItem","position":1,"name":"In\u00edcio","item":"https:\/\/www.massafmedical.com.br\/loja\/"},{"@type":"ListItem","position":2,"name":"Produtos","item":"https:\/\/www.massafmedical.com.br\/loja\/nossos-produtos\/"},{"@type":"ListItem","position":3,"name":"Arm\u00e1rio VLFB-55 Portas em A\u00e7o"}]},{"@type":"WebSite","@id":"https:\/\/www.massafmedical.com.br\/loja\/#website","url":"https:\/\/www.massafmedical.com.br\/loja\/","name":"Massaf Medical","description":"","publisher":{"@id":"https:\/\/www.massafmedical.com.br\/loja\/#organization"},"potentialAction":[{"@type":"SearchAction","target":{"@type":"EntryPoint","urlTemplate":"https:\/\/www.massafmedical.com.br\/loja\/?s={search_term_string}"},"query-input":{"@type":"PropertyValueSpecification","valueRequired":true,"valueName":"search_term_string"}}],"inLanguage":"pt-BR"},{"@type":"Organization","@id":"https:\/\/www.massafmedical.com.br\/loja\/#organization","name":"Massaf Medical","url":"https:\/\/www.massafmedical.com.br\/loja\/","logo":{"@type":"ImageObject","inLanguage":"pt-BR","@id":"https:\/\/www.massafmedical.com.br\/loja\/#\/schema\/logo\/image\/","url":"http:\/\/www.massafmedical.com.br\/loja\/wp-content\/uploads\/2020\/10\/logotipo-big.png","contentUrl":"http:\/\/www.massafmedical.com.br\/loja\/wp-content\/uploads\/2020\/10\/logotipo-big.png","width":750,"height":253,"caption":"Massaf Medical"},"image":{"@id":"https:\/\/www.massafmedical.com.br\/loja\/#\/schema\/logo\/image\/"},"sameAs":["http:\/\/www.facebook.com\/MASSAFMEDICAL"]}]}},"_links":{"self":[{"href":"https:\/\/www.massafmedical.com.br\/loja\/wp-json\/wp\/v2\/product\/1749","targetHints":{"allow":["GET"]}}],"collection":[{"href":"https:\/\/www.massafmedical.com.br\/loja\/wp-json\/wp\/v2\/product"}],"about":[{"href":"https:\/\/www.massafmedical.com.br\/loja\/wp-json\/wp\/v2\/types\/product"}],"wp:featuredmedia":[{"embeddable":true,"href":"https:\/\/www.massafmedical.com.br\/loja\/wp-json\/wp\/v2\/media\/1750"}],"wp:attachment":[{"href":"https:\/\/www.massafmedical.com.br\/loja\/wp-json\/wp\/v2\/media?parent=1749"}],"wp:term":[{"taxonomy":"product_brand","embeddable":true,"href":"https:\/\/www.massafmedical.com.br\/loja\/wp-json\/wp\/v2\/product_brand?post=1749"},{"taxonomy":"product_cat","embeddable":true,"href":"https:\/\/www.massafmedical.com.br\/loja\/wp-json\/wp\/v2\/product_cat?post=1749"},{"taxonomy":"product_tag","embeddable":true,"href":"https:\/\/www.massafmedical.com.br\/loja\/wp-json\/wp\/v2\/product_tag?post=1749"}],"curies":[{"name":"wp","href":"https:\/\/api.w.org\/{rel}","templated":true}]}}