{"id":1659,"date":"2025-07-03T12:06:55","date_gmt":"2025-07-03T15:06:55","guid":{"rendered":"https:\/\/www.massafmedical.com.br\/loja\/?post_type=product&#038;p=1659"},"modified":"2025-08-26T10:03:40","modified_gmt":"2025-08-26T13:03:40","slug":"stents-de-silicone-linhas-vstx-r-3-10000-em-3x-no-cartao-ou-5-de-desconto-no-pix-ou-boleto","status":"publish","type":"product","link":"https:\/\/www.massafmedical.com.br\/loja\/produto\/stents-de-silicone-linhas-vstx-r-3-10000-em-3x-no-cartao-ou-5-de-desconto-no-pix-ou-boleto\/","title":{"rendered":"Stents de Silicone \u2013 VSTX"},"content":{"rendered":"<h3 data-start=\"741\" data-end=\"766\"><strong data-start=\"745\" data-end=\"766\">Indica\u00e7\u00f5es de uso<\/strong><\/h3>\n<p data-start=\"768\" data-end=\"827\">Os stents VSTX s\u00e3o recomendados para o tratamento de:<\/p>\n<ul data-start=\"829\" data-end=\"1017\">\n<li data-start=\"829\" data-end=\"853\">\n<p data-start=\"831\" data-end=\"853\">Paralisia de laringe<\/p>\n<\/li>\n<li data-start=\"854\" data-end=\"874\">\n<p data-start=\"856\" data-end=\"874\">Colapso traqueal<\/p>\n<\/li>\n<li data-start=\"875\" data-end=\"895\">\n<p data-start=\"877\" data-end=\"895\">Colapso lar\u00edngeo<\/p>\n<\/li>\n<li data-start=\"896\" data-end=\"905\">\n<p data-start=\"898\" data-end=\"905\">GOLPP (Paralisia Laringea e Polineuropatia de In\u00edcio Geri\u00e1trico)<\/p>\n<\/li>\n<li data-start=\"906\" data-end=\"970\">\n<p data-start=\"908\" data-end=\"970\">BOAS (S\u00edndrome obstrutiva de vias a\u00e9reas de braquicef\u00e1licos)<\/p>\n<\/li>\n<li data-start=\"971\" data-end=\"989\">\n<p data-start=\"973\" data-end=\"989\">Estenose nasal<\/p>\n<\/li>\n<li data-start=\"990\" data-end=\"1017\">\n<p data-start=\"992\" data-end=\"1017\">Urg\u00eancias respirat\u00f3rias<\/p>\n<\/li>\n<\/ul>\n<hr data-start=\"1019\" data-end=\"1022\" \/>\n<h3 data-start=\"1024\" data-end=\"1064\"><strong data-start=\"1028\" data-end=\"1064\">Vantagens dos stents de silicone<\/strong><\/h3>\n<p data-start=\"1066\" data-end=\"1354\">\u2705 Biocompat\u00edveis (m\u00ednima rejei\u00e7\u00e3o)<br data-start=\"1100\" data-end=\"1103\" \/>\u2705 Flex\u00edveis e resistentes \u2013 n\u00e3o se fraturam<br data-start=\"1146\" data-end=\"1149\" \/>\u2705 F\u00e1ceis de implantar e remover<br data-start=\"1180\" data-end=\"1183\" \/>\u2705 Implanta\u00e7\u00e3o r\u00e1pida, sem necessidade de equipamento espec\u00edfico<br data-start=\"1246\" data-end=\"1249\" \/>\u2705 Radiopacos ou transparentes (para melhor controle visual ou radiol\u00f3gico)<br data-start=\"1323\" data-end=\"1326\" \/>\u2705 Ideais para casos benignos<\/p>\n<hr data-start=\"1356\" data-end=\"1359\" \/>\n<h3 data-start=\"1361\" data-end=\"1400\"><strong data-start=\"1365\" data-end=\"1400\">Modelo dispon\u00edvel:\u00a0 VSTX<\/strong><\/h3>\n<ul data-start=\"1402\" data-end=\"1628\">\n<li data-start=\"1494\" data-end=\"1628\">\n<p data-start=\"1496\" data-end=\"1628\"><strong data-start=\"1496\" data-end=\"1504\">VSTX<\/strong>: vers\u00e3o refor\u00e7ada com maior resist\u00eancia estrutural, indicada para casos com colapso acentuado ou anatomia mais desafiadora. RADIOPACO.<\/p>\n<\/li>\n<\/ul>\n<p><img decoding=\"async\" class=\"alignnone size-full wp-image-1690 lazyload\" data-src=\"https:\/\/www.massafmedical.com.br\/loja\/wp-content\/uploads\/2025\/07\/WhatsApp-Image-2025-07-03-at-11.54.02.jpeg\" alt=\"\" width=\"952\" height=\"512\" data-srcset=\"https:\/\/www.massafmedical.com.br\/loja\/wp-content\/uploads\/2025\/07\/WhatsApp-Image-2025-07-03-at-11.54.02.jpeg 952w, https:\/\/www.massafmedical.com.br\/loja\/wp-content\/uploads\/2025\/07\/WhatsApp-Image-2025-07-03-at-11.54.02-768x413.jpeg 768w, https:\/\/www.massafmedical.com.br\/loja\/wp-content\/uploads\/2025\/07\/WhatsApp-Image-2025-07-03-at-11.54.02-600x323.jpeg 600w\" data-sizes=\"(max-width: 952px) 100vw, 952px\" src=\"data:image\/gif;base64,R0lGODlhAQABAAAAACH5BAEKAAEALAAAAAABAAEAAAICTAEAOw==\" style=\"--smush-placeholder-width: 952px; --smush-placeholder-aspect-ratio: 952\/512;\" \/><\/p>\n<hr data-start=\"1630\" data-end=\"1633\" \/>\n<h3 data-start=\"1635\" data-end=\"1663\"><strong data-start=\"1639\" data-end=\"1663\">Tamanhos dispon\u00edveis<\/strong><\/h3>\n<div class=\"_tableContainer_80l1q_1\">\n<div class=\"_tableWrapper_80l1q_14 group flex w-fit flex-col-reverse\" tabindex=\"-1\">\n<table class=\"w-fit min-w-(--thread-content-width)\" style=\"height: 142px;\" width=\"656\" data-start=\"1665\" data-end=\"2029\">\n<thead data-start=\"1665\" data-end=\"1724\">\n<tr data-start=\"1665\" data-end=\"1724\">\n<th data-start=\"1665\" data-end=\"1688\" data-col-size=\"sm\">Porte do Paciente<\/th>\n<th data-start=\"1688\" data-end=\"1705\" data-col-size=\"sm\">Di\u00e2metro<\/th>\n<th data-start=\"1705\" data-end=\"1724\" data-col-size=\"sm\">Comprimento<\/th>\n<\/tr>\n<\/thead>\n<tbody data-start=\"1786\" data-end=\"2029\">\n<tr data-start=\"1786\" data-end=\"1846\">\n<td data-start=\"1786\" data-end=\"1809\" data-col-size=\"sm\">Ra\u00e7as Toy e Gatos<\/td>\n<td data-start=\"1809\" data-end=\"1826\" data-col-size=\"sm\">05 a 08 mm<\/td>\n<td data-start=\"1826\" data-end=\"1846\" data-col-size=\"sm\">20 a 30 mm<\/td>\n<\/tr>\n<tr data-start=\"1847\" data-end=\"1907\">\n<td data-start=\"1847\" data-end=\"1870\" data-col-size=\"sm\">Ra\u00e7as Pequenas<\/td>\n<td data-start=\"1870\" data-end=\"1887\" data-col-size=\"sm\">09 a 12 mm<\/td>\n<td data-start=\"1887\" data-end=\"1907\" data-col-size=\"sm\">20 a 30 mm<\/td>\n<\/tr>\n<tr data-start=\"1908\" data-end=\"1968\">\n<td data-start=\"1908\" data-end=\"1931\" data-col-size=\"sm\">Ra\u00e7as M\u00e9dias<\/td>\n<td data-start=\"1931\" data-end=\"1948\" data-col-size=\"sm\">13 a 16 mm<\/td>\n<td data-start=\"1948\" data-end=\"1968\" data-col-size=\"sm\">30 a 60 mm<\/td>\n<\/tr>\n<tr data-start=\"1969\" data-end=\"2029\">\n<td data-start=\"1969\" data-end=\"1992\" data-col-size=\"sm\">Ra\u00e7as Grandes<\/td>\n<td data-start=\"1992\" data-end=\"2009\" data-col-size=\"sm\">17 a 20 mm<\/td>\n<td data-start=\"2009\" data-end=\"2029\" data-col-size=\"sm\">40 a 60 mm<\/td>\n<\/tr>\n<\/tbody>\n<\/table>\n<div><\/div>\n<\/div>\n<div>\n<p><iframe title=\"Par\u00e1lisis lar\u00edngea en perro e implantaci\u00f3n de stent de silicona.\" width=\"500\" height=\"281\" data-src=\"https:\/\/www.youtube.com\/embed\/D4D9_HPwVGY?feature=oembed&#038;enablejsapi=1&#038;origin=https:\/\/www.massafmedical.com.br\" frameborder=\"0\" allow=\"accelerometer; autoplay; clipboard-write; encrypted-media; gyroscope; picture-in-picture; web-share\" referrerpolicy=\"strict-origin-when-cross-origin\" allowfullscreen src=\"data:image\/gif;base64,R0lGODlhAQABAAAAACH5BAEKAAEALAAAAAABAAEAAAICTAEAOw==\" class=\"lazyload\" data-load-mode=\"1\"><\/iframe><\/p>\n<p><iframe title=\"What is a stent?\" width=\"500\" height=\"281\" data-src=\"https:\/\/www.youtube.com\/embed\/09RiZH7jGGo?feature=oembed&#038;enablejsapi=1&#038;origin=https:\/\/www.massafmedical.com.br\" frameborder=\"0\" allow=\"accelerometer; autoplay; clipboard-write; encrypted-media; gyroscope; picture-in-picture; web-share\" referrerpolicy=\"strict-origin-when-cross-origin\" allowfullscreen src=\"data:image\/gif;base64,R0lGODlhAQABAAAAACH5BAEKAAEALAAAAAABAAEAAAICTAEAOw==\" class=\"lazyload\" data-load-mode=\"1\"><\/iframe><\/p>\n<p><iframe title=\"Implantation Stent VSTX-Gentileza del Dr.Juan Carlos Cartagena\" width=\"500\" height=\"375\" data-src=\"https:\/\/www.youtube.com\/embed\/-tzQVlXJY9s?feature=oembed&#038;enablejsapi=1&#038;origin=https:\/\/www.massafmedical.com.br\" frameborder=\"0\" allow=\"accelerometer; autoplay; clipboard-write; encrypted-media; gyroscope; picture-in-picture; web-share\" referrerpolicy=\"strict-origin-when-cross-origin\" allowfullscreen src=\"data:image\/gif;base64,R0lGODlhAQABAAAAACH5BAEKAAEALAAAAAABAAEAAAICTAEAOw==\" class=\"lazyload\" data-load-mode=\"1\"><\/iframe><\/p>\n<p><iframe title=\"Implantation Stent VSTX-Gentileza del Dr.Juan Carlos Cartagena\" width=\"500\" height=\"375\" data-src=\"https:\/\/www.youtube.com\/embed\/-tzQVlXJY9s?feature=oembed&#038;enablejsapi=1&#038;origin=https:\/\/www.massafmedical.com.br\" frameborder=\"0\" allow=\"accelerometer; autoplay; clipboard-write; encrypted-media; gyroscope; picture-in-picture; web-share\" referrerpolicy=\"strict-origin-when-cross-origin\" allowfullscreen src=\"data:image\/gif;base64,R0lGODlhAQABAAAAACH5BAEKAAEALAAAAAABAAEAAAICTAEAOw==\" class=\"lazyload\" data-load-mode=\"1\"><\/iframe><\/p>\n<\/div>\n<\/div>\n","protected":false},"excerpt":{"rendered":"<h3 data-start=\"294\" data-end=\"378\"><strong data-start=\"298\" data-end=\"378\">Solu\u00e7\u00f5es minimamente invasivas para problemas respirat\u00f3rios de pequenos animais<\/strong><\/h3>\n<p data-start=\"380\" data-end=\"734\">A MASSAF MEDICAL, em parceria com a Eurogreen (<a href=\"http:\/\/www.eurogreen.com.br\">www.eurogreen.com.br)<\/a>, est\u00e1 disponibilizando, os<strong data-start=\"442\" data-end=\"465\"> Stents de Silicone<\/strong> da ABTVET \u2013\u00a0 dispositivos especialmente desenvolvidos para uso veterin\u00e1rio em casos respirat\u00f3rios obstrutivos. Fabricados na Europa sob certifica\u00e7\u00e3o ISO 13485\/2016, os stents da linha\u00a0<strong data-start=\"651\" data-end=\"659\">VSTX<\/strong> oferecem m\u00e1xima seguran\u00e7a, biocompatibilidade e facilidade de implanta\u00e7\u00e3o.<\/p>\n<p data-start=\"380\" data-end=\"734\">\n","protected":false},"featured_media":1663,"template":"","meta":[],"product_brand":[],"product_cat":[86,94],"product_tag":[93],"class_list":{"0":"post-1659","1":"product","2":"type-product","3":"status-publish","4":"has-post-thumbnail","6":"product_cat-medicinaveterinaria","7":"product_cat-stents-de-silicone","8":"product_tag-veteri","10":"first","11":"instock","12":"taxable","13":"shipping-taxable","14":"purchasable","15":"product-type-variable","16":"has-default-attributes"},"acf":[],"yoast_head":"<!-- This site is optimized with the Yoast SEO plugin v24.4 - https:\/\/yoast.com\/wordpress\/plugins\/seo\/ -->\n<title>Stents de Silicone \u2013 VSTX - Massaf Medical<\/title>\n<meta name=\"robots\" content=\"index, follow, max-snippet:-1, max-image-preview:large, max-video-preview:-1\" \/>\n<link rel=\"canonical\" href=\"https:\/\/www.massafmedical.com.br\/loja\/produto\/stents-de-silicone-linhas-vstx-r-3-10000-em-3x-no-cartao-ou-5-de-desconto-no-pix-ou-boleto\/\" \/>\n<meta property=\"og:locale\" content=\"pt_BR\" \/>\n<meta property=\"og:type\" content=\"article\" \/>\n<meta property=\"og:title\" content=\"Stents de Silicone \u2013 VSTX - Massaf Medical\" \/>\n<meta property=\"og:description\" content=\"Solu\u00e7\u00f5es minimamente invasivas para problemas respirat\u00f3rios de pequenos animais A MASSAF MEDICAL, em parceria com a Eurogreen (www.eurogreen.com.br), est\u00e1 disponibilizando, os Stents de Silicone da ABTVET \u2013\u00a0 dispositivos especialmente desenvolvidos para uso veterin\u00e1rio em casos respirat\u00f3rios obstrutivos. Fabricados na Europa sob certifica\u00e7\u00e3o ISO 13485\/2016, os stents da linha\u00a0VSTX oferecem m\u00e1xima seguran\u00e7a, biocompatibilidade e facilidade de implanta\u00e7\u00e3o.\" \/>\n<meta property=\"og:url\" content=\"https:\/\/www.massafmedical.com.br\/loja\/produto\/stents-de-silicone-linhas-vstx-r-3-10000-em-3x-no-cartao-ou-5-de-desconto-no-pix-ou-boleto\/\" \/>\n<meta property=\"og:site_name\" content=\"Massaf Medical\" \/>\n<meta property=\"article:publisher\" content=\"http:\/\/www.facebook.com\/MASSAFMEDICAL\" \/>\n<meta property=\"article:modified_time\" content=\"2025-08-26T13:03:40+00:00\" \/>\n<meta property=\"og:image\" content=\"https:\/\/www.massafmedical.com.br\/loja\/wp-content\/uploads\/2025\/07\/WhatsApp-Image-2025-07-03-at-10.23.31.jpeg\" \/>\n\t<meta property=\"og:image:width\" content=\"623\" \/>\n\t<meta property=\"og:image:height\" content=\"623\" \/>\n\t<meta property=\"og:image:type\" content=\"image\/jpeg\" \/>\n<meta name=\"twitter:card\" content=\"summary_large_image\" \/>\n<meta name=\"twitter:label1\" content=\"Est. tempo de leitura\" \/>\n\t<meta name=\"twitter:data1\" content=\"2 minutos\" \/>\n<script type=\"application\/ld+json\" class=\"yoast-schema-graph\">{\"@context\":\"https:\/\/schema.org\",\"@graph\":[{\"@type\":\"WebPage\",\"@id\":\"https:\/\/www.massafmedical.com.br\/loja\/produto\/stents-de-silicone-linhas-vstx-r-3-10000-em-3x-no-cartao-ou-5-de-desconto-no-pix-ou-boleto\/\",\"url\":\"https:\/\/www.massafmedical.com.br\/loja\/produto\/stents-de-silicone-linhas-vstx-r-3-10000-em-3x-no-cartao-ou-5-de-desconto-no-pix-ou-boleto\/\",\"name\":\"Stents de Silicone \u2013 VSTX - Massaf Medical\",\"isPartOf\":{\"@id\":\"https:\/\/www.massafmedical.com.br\/loja\/#website\"},\"primaryImageOfPage\":{\"@id\":\"https:\/\/www.massafmedical.com.br\/loja\/produto\/stents-de-silicone-linhas-vstx-r-3-10000-em-3x-no-cartao-ou-5-de-desconto-no-pix-ou-boleto\/#primaryimage\"},\"image\":{\"@id\":\"https:\/\/www.massafmedical.com.br\/loja\/produto\/stents-de-silicone-linhas-vstx-r-3-10000-em-3x-no-cartao-ou-5-de-desconto-no-pix-ou-boleto\/#primaryimage\"},\"thumbnailUrl\":\"https:\/\/www.massafmedical.com.br\/loja\/wp-content\/uploads\/2025\/07\/WhatsApp-Image-2025-07-03-at-10.23.31.jpeg\",\"datePublished\":\"2025-07-03T15:06:55+00:00\",\"dateModified\":\"2025-08-26T13:03:40+00:00\",\"breadcrumb\":{\"@id\":\"https:\/\/www.massafmedical.com.br\/loja\/produto\/stents-de-silicone-linhas-vstx-r-3-10000-em-3x-no-cartao-ou-5-de-desconto-no-pix-ou-boleto\/#breadcrumb\"},\"inLanguage\":\"pt-BR\",\"potentialAction\":[{\"@type\":\"ReadAction\",\"target\":[\"https:\/\/www.massafmedical.com.br\/loja\/produto\/stents-de-silicone-linhas-vstx-r-3-10000-em-3x-no-cartao-ou-5-de-desconto-no-pix-ou-boleto\/\"]}]},{\"@type\":\"ImageObject\",\"inLanguage\":\"pt-BR\",\"@id\":\"https:\/\/www.massafmedical.com.br\/loja\/produto\/stents-de-silicone-linhas-vstx-r-3-10000-em-3x-no-cartao-ou-5-de-desconto-no-pix-ou-boleto\/#primaryimage\",\"url\":\"https:\/\/www.massafmedical.com.br\/loja\/wp-content\/uploads\/2025\/07\/WhatsApp-Image-2025-07-03-at-10.23.31.jpeg\",\"contentUrl\":\"https:\/\/www.massafmedical.com.br\/loja\/wp-content\/uploads\/2025\/07\/WhatsApp-Image-2025-07-03-at-10.23.31.jpeg\",\"width\":623,\"height\":623},{\"@type\":\"BreadcrumbList\",\"@id\":\"https:\/\/www.massafmedical.com.br\/loja\/produto\/stents-de-silicone-linhas-vstx-r-3-10000-em-3x-no-cartao-ou-5-de-desconto-no-pix-ou-boleto\/#breadcrumb\",\"itemListElement\":[{\"@type\":\"ListItem\",\"position\":1,\"name\":\"In\u00edcio\",\"item\":\"https:\/\/www.massafmedical.com.br\/loja\/\"},{\"@type\":\"ListItem\",\"position\":2,\"name\":\"Produtos\",\"item\":\"https:\/\/www.massafmedical.com.br\/loja\/nossos-produtos\/\"},{\"@type\":\"ListItem\",\"position\":3,\"name\":\"Stents de Silicone \u2013 VSTX\"}]},{\"@type\":\"WebSite\",\"@id\":\"https:\/\/www.massafmedical.com.br\/loja\/#website\",\"url\":\"https:\/\/www.massafmedical.com.br\/loja\/\",\"name\":\"Massaf Medical\",\"description\":\"\",\"publisher\":{\"@id\":\"https:\/\/www.massafmedical.com.br\/loja\/#organization\"},\"potentialAction\":[{\"@type\":\"SearchAction\",\"target\":{\"@type\":\"EntryPoint\",\"urlTemplate\":\"https:\/\/www.massafmedical.com.br\/loja\/?s={search_term_string}\"},\"query-input\":{\"@type\":\"PropertyValueSpecification\",\"valueRequired\":true,\"valueName\":\"search_term_string\"}}],\"inLanguage\":\"pt-BR\"},{\"@type\":\"Organization\",\"@id\":\"https:\/\/www.massafmedical.com.br\/loja\/#organization\",\"name\":\"Massaf Medical\",\"url\":\"https:\/\/www.massafmedical.com.br\/loja\/\",\"logo\":{\"@type\":\"ImageObject\",\"inLanguage\":\"pt-BR\",\"@id\":\"https:\/\/www.massafmedical.com.br\/loja\/#\/schema\/logo\/image\/\",\"url\":\"http:\/\/www.massafmedical.com.br\/loja\/wp-content\/uploads\/2020\/10\/logotipo-big.png\",\"contentUrl\":\"http:\/\/www.massafmedical.com.br\/loja\/wp-content\/uploads\/2020\/10\/logotipo-big.png\",\"width\":750,\"height\":253,\"caption\":\"Massaf Medical\"},\"image\":{\"@id\":\"https:\/\/www.massafmedical.com.br\/loja\/#\/schema\/logo\/image\/\"},\"sameAs\":[\"http:\/\/www.facebook.com\/MASSAFMEDICAL\"]}]}<\/script>\n<!-- \/ Yoast SEO plugin. -->","yoast_head_json":{"title":"Stents de Silicone \u2013 VSTX - Massaf Medical","robots":{"index":"index","follow":"follow","max-snippet":"max-snippet:-1","max-image-preview":"max-image-preview:large","max-video-preview":"max-video-preview:-1"},"canonical":"https:\/\/www.massafmedical.com.br\/loja\/produto\/stents-de-silicone-linhas-vstx-r-3-10000-em-3x-no-cartao-ou-5-de-desconto-no-pix-ou-boleto\/","og_locale":"pt_BR","og_type":"article","og_title":"Stents de Silicone \u2013 VSTX - Massaf Medical","og_description":"Solu\u00e7\u00f5es minimamente invasivas para problemas respirat\u00f3rios de pequenos animais A MASSAF MEDICAL, em parceria com a Eurogreen (www.eurogreen.com.br), est\u00e1 disponibilizando, os Stents de Silicone da ABTVET \u2013\u00a0 dispositivos especialmente desenvolvidos para uso veterin\u00e1rio em casos respirat\u00f3rios obstrutivos. Fabricados na Europa sob certifica\u00e7\u00e3o ISO 13485\/2016, os stents da linha\u00a0VSTX oferecem m\u00e1xima seguran\u00e7a, biocompatibilidade e facilidade de implanta\u00e7\u00e3o.","og_url":"https:\/\/www.massafmedical.com.br\/loja\/produto\/stents-de-silicone-linhas-vstx-r-3-10000-em-3x-no-cartao-ou-5-de-desconto-no-pix-ou-boleto\/","og_site_name":"Massaf Medical","article_publisher":"http:\/\/www.facebook.com\/MASSAFMEDICAL","article_modified_time":"2025-08-26T13:03:40+00:00","og_image":[{"width":623,"height":623,"url":"https:\/\/www.massafmedical.com.br\/loja\/wp-content\/uploads\/2025\/07\/WhatsApp-Image-2025-07-03-at-10.23.31.jpeg","type":"image\/jpeg"}],"twitter_card":"summary_large_image","twitter_misc":{"Est. tempo de leitura":"2 minutos"},"schema":{"@context":"https:\/\/schema.org","@graph":[{"@type":"WebPage","@id":"https:\/\/www.massafmedical.com.br\/loja\/produto\/stents-de-silicone-linhas-vstx-r-3-10000-em-3x-no-cartao-ou-5-de-desconto-no-pix-ou-boleto\/","url":"https:\/\/www.massafmedical.com.br\/loja\/produto\/stents-de-silicone-linhas-vstx-r-3-10000-em-3x-no-cartao-ou-5-de-desconto-no-pix-ou-boleto\/","name":"Stents de Silicone \u2013 VSTX - Massaf Medical","isPartOf":{"@id":"https:\/\/www.massafmedical.com.br\/loja\/#website"},"primaryImageOfPage":{"@id":"https:\/\/www.massafmedical.com.br\/loja\/produto\/stents-de-silicone-linhas-vstx-r-3-10000-em-3x-no-cartao-ou-5-de-desconto-no-pix-ou-boleto\/#primaryimage"},"image":{"@id":"https:\/\/www.massafmedical.com.br\/loja\/produto\/stents-de-silicone-linhas-vstx-r-3-10000-em-3x-no-cartao-ou-5-de-desconto-no-pix-ou-boleto\/#primaryimage"},"thumbnailUrl":"https:\/\/www.massafmedical.com.br\/loja\/wp-content\/uploads\/2025\/07\/WhatsApp-Image-2025-07-03-at-10.23.31.jpeg","datePublished":"2025-07-03T15:06:55+00:00","dateModified":"2025-08-26T13:03:40+00:00","breadcrumb":{"@id":"https:\/\/www.massafmedical.com.br\/loja\/produto\/stents-de-silicone-linhas-vstx-r-3-10000-em-3x-no-cartao-ou-5-de-desconto-no-pix-ou-boleto\/#breadcrumb"},"inLanguage":"pt-BR","potentialAction":[{"@type":"ReadAction","target":["https:\/\/www.massafmedical.com.br\/loja\/produto\/stents-de-silicone-linhas-vstx-r-3-10000-em-3x-no-cartao-ou-5-de-desconto-no-pix-ou-boleto\/"]}]},{"@type":"ImageObject","inLanguage":"pt-BR","@id":"https:\/\/www.massafmedical.com.br\/loja\/produto\/stents-de-silicone-linhas-vstx-r-3-10000-em-3x-no-cartao-ou-5-de-desconto-no-pix-ou-boleto\/#primaryimage","url":"https:\/\/www.massafmedical.com.br\/loja\/wp-content\/uploads\/2025\/07\/WhatsApp-Image-2025-07-03-at-10.23.31.jpeg","contentUrl":"https:\/\/www.massafmedical.com.br\/loja\/wp-content\/uploads\/2025\/07\/WhatsApp-Image-2025-07-03-at-10.23.31.jpeg","width":623,"height":623},{"@type":"BreadcrumbList","@id":"https:\/\/www.massafmedical.com.br\/loja\/produto\/stents-de-silicone-linhas-vstx-r-3-10000-em-3x-no-cartao-ou-5-de-desconto-no-pix-ou-boleto\/#breadcrumb","itemListElement":[{"@type":"ListItem","position":1,"name":"In\u00edcio","item":"https:\/\/www.massafmedical.com.br\/loja\/"},{"@type":"ListItem","position":2,"name":"Produtos","item":"https:\/\/www.massafmedical.com.br\/loja\/nossos-produtos\/"},{"@type":"ListItem","position":3,"name":"Stents de Silicone \u2013 VSTX"}]},{"@type":"WebSite","@id":"https:\/\/www.massafmedical.com.br\/loja\/#website","url":"https:\/\/www.massafmedical.com.br\/loja\/","name":"Massaf Medical","description":"","publisher":{"@id":"https:\/\/www.massafmedical.com.br\/loja\/#organization"},"potentialAction":[{"@type":"SearchAction","target":{"@type":"EntryPoint","urlTemplate":"https:\/\/www.massafmedical.com.br\/loja\/?s={search_term_string}"},"query-input":{"@type":"PropertyValueSpecification","valueRequired":true,"valueName":"search_term_string"}}],"inLanguage":"pt-BR"},{"@type":"Organization","@id":"https:\/\/www.massafmedical.com.br\/loja\/#organization","name":"Massaf Medical","url":"https:\/\/www.massafmedical.com.br\/loja\/","logo":{"@type":"ImageObject","inLanguage":"pt-BR","@id":"https:\/\/www.massafmedical.com.br\/loja\/#\/schema\/logo\/image\/","url":"http:\/\/www.massafmedical.com.br\/loja\/wp-content\/uploads\/2020\/10\/logotipo-big.png","contentUrl":"http:\/\/www.massafmedical.com.br\/loja\/wp-content\/uploads\/2020\/10\/logotipo-big.png","width":750,"height":253,"caption":"Massaf Medical"},"image":{"@id":"https:\/\/www.massafmedical.com.br\/loja\/#\/schema\/logo\/image\/"},"sameAs":["http:\/\/www.facebook.com\/MASSAFMEDICAL"]}]}},"_links":{"self":[{"href":"https:\/\/www.massafmedical.com.br\/loja\/wp-json\/wp\/v2\/product\/1659","targetHints":{"allow":["GET"]}}],"collection":[{"href":"https:\/\/www.massafmedical.com.br\/loja\/wp-json\/wp\/v2\/product"}],"about":[{"href":"https:\/\/www.massafmedical.com.br\/loja\/wp-json\/wp\/v2\/types\/product"}],"wp:featuredmedia":[{"embeddable":true,"href":"https:\/\/www.massafmedical.com.br\/loja\/wp-json\/wp\/v2\/media\/1663"}],"wp:attachment":[{"href":"https:\/\/www.massafmedical.com.br\/loja\/wp-json\/wp\/v2\/media?parent=1659"}],"wp:term":[{"taxonomy":"product_brand","embeddable":true,"href":"https:\/\/www.massafmedical.com.br\/loja\/wp-json\/wp\/v2\/product_brand?post=1659"},{"taxonomy":"product_cat","embeddable":true,"href":"https:\/\/www.massafmedical.com.br\/loja\/wp-json\/wp\/v2\/product_cat?post=1659"},{"taxonomy":"product_tag","embeddable":true,"href":"https:\/\/www.massafmedical.com.br\/loja\/wp-json\/wp\/v2\/product_tag?post=1659"}],"curies":[{"name":"wp","href":"https:\/\/api.w.org\/{rel}","templated":true}]}}