{"id":1471,"date":"2025-02-17T11:13:07","date_gmt":"2025-02-17T14:13:07","guid":{"rendered":"https:\/\/www.massafmedical.com.br\/loja\/?post_type=product&#038;p=1471"},"modified":"2025-07-24T12:05:19","modified_gmt":"2025-07-24T15:05:19","slug":"lavadora-de-endoscopios-scopeclean-vet","status":"publish","type":"product","link":"https:\/\/www.massafmedical.com.br\/loja\/produto\/lavadora-de-endoscopios-scopeclean-vet\/","title":{"rendered":"LAVADORA DE ENDOSC\u00d3PIOS \u2013 SCOPECLEAN VET"},"content":{"rendered":"<p dir=\"ltr\">A<em><strong> Scopeclean VET<\/strong>\u00a0<\/em>\u00e9 uma lavadora semi-autom\u00e1tica de endosc\u00f3pios (para uso diagn\u00f3stico), que se destaca por ser leve, compacta e port\u00e1til. Ela realiza as etapas de pr\u00e9-limpeza e limpeza no processo de reprocessamento do endosc\u00f3pio ap\u00f3s o exame. Suas fun\u00e7\u00f5es incluem lavagem, enxague, circula\u00e7\u00e3o e secagem, que podem ser feitas de forma autom\u00e1tica e completa em um \u00fanico ciclo ou de maneira independente, por meio de fun\u00e7\u00f5es separadas.<\/p>\n<p dir=\"ltr\">O termo semi autom\u00e1tica se refere \u00e0 necessidade do usu\u00e1rio realizar a troca de fluidos (\u00e1gua, detergente e\/ou \u00e1lcool) no recipiente de forma manual e tamb\u00e9m realizar a dosagem dos elementos que ser\u00e3o utilizados durante o processo da lavagem dos endosc\u00f3pios.<\/p>\n<p dir=\"ltr\">Em caso de eventuais manuten\u00e7\u00f5es, suas dimens\u00f5es e peso contribuem para que o transporte seja feito de forma econ\u00f4mica e r\u00e1pida.<\/p>\n<p dir=\"ltr\">Sua utiliza\u00e7\u00e3o n\u00e3o elimina a limpeza externa dos endosc\u00f3pios.<\/p>\n<p dir=\"ltr\"><span style=\"font-weight: 400;\"><img decoding=\"async\" class=\"wp-image-1473 aligncenter lazyload\" data-src=\"https:\/\/www.massafmedical.com.br\/loja\/wp-content\/uploads\/2025\/02\/WhatsApp-Image-2025-02-17-at-10.58.39.jpeg\" alt=\"\" width=\"731\" height=\"407\" src=\"data:image\/gif;base64,R0lGODlhAQABAAAAACH5BAEKAAEALAAAAAABAAEAAAICTAEAOw==\" style=\"--smush-placeholder-width: 731px; --smush-placeholder-aspect-ratio: 731\/407;\" \/><\/span><\/p>\n<p>Esta incluso para o cliente:\u00a0<b><\/b><\/p>\n<ul>\n<li aria-level=\"1\"><span style=\"font-weight: 400;\">1 unidade de lavadora de endosc\u00f3pios Scopeclean;\u00a0<\/span><\/li>\n<\/ul>\n<ul>\n<li aria-level=\"1\"><span style=\"font-weight: 400;\">1 unidade de fonte de alimenta\u00e7\u00e3o 12V;<\/span><\/li>\n<\/ul>\n<ul>\n<li aria-level=\"1\"><span style=\"font-weight: 400;\">1 kit de acess\u00f3rios (varia de acordo com o modelo e marca de endosc\u00f3pio)<\/span><\/li>\n<\/ul>\n<p><span style=\"font-weight: 400;\">Incluindo, 1 unidade de conector para teste de vazamento e conectores de veda\u00e7\u00e3o da entrada das v\u00e1lvulas e canais de bi\u00f3psia.<\/span><\/p>\n<ul>\n<li aria-level=\"1\"><span style=\"font-weight: 400;\">1 kit de mangueiras para conex\u00e3o (varia de 3 a 4 unidades, dependendo das conex\u00f5es).<br \/>\n<\/span><\/li>\n<\/ul>\n<p>Kits dispon\u00edveis (ap\u00f3s o pedido o cliente receber\u00e1 nosso contato para informar o kit incluso desejado):<\/p>\n<h6 class=\"product-name\"><strong>KIT PENTAX 700K<\/strong><\/h6>\n<h6 class=\"product-name\"><strong>KIT PENTAX 2900 <\/strong><\/h6>\n<h6 class=\"product-name\"><strong>KIT FUJINON 250\/450\/530 <\/strong><\/h6>\n<h6 class=\"product-name\"><strong>KIT ZIONTECH ZVT (3X1M) <\/strong><\/h6>\n<h6 class=\"product-name\"><strong>KIT OLYMPUS V\/100\/130<\/strong><\/h6>\n<h6 class=\"product-name\"><strong>KIT OLYMPUS 140\/190\/AOHUA\/ARGUS<\/strong><\/h6>\n<p><img decoding=\"async\" class=\"alignnone size-medium wp-image-1472 lazyload\" data-src=\"https:\/\/www.massafmedical.com.br\/loja\/wp-content\/uploads\/2025\/02\/WhatsApp-Image-2025-02-17-at-11.01.09-1024x331.jpeg\" alt=\"\" width=\"1024\" height=\"331\" data-srcset=\"https:\/\/www.massafmedical.com.br\/loja\/wp-content\/uploads\/2025\/02\/WhatsApp-Image-2025-02-17-at-11.01.09-1024x331.jpeg 1024w, https:\/\/www.massafmedical.com.br\/loja\/wp-content\/uploads\/2025\/02\/WhatsApp-Image-2025-02-17-at-11.01.09-768x248.jpeg 768w, https:\/\/www.massafmedical.com.br\/loja\/wp-content\/uploads\/2025\/02\/WhatsApp-Image-2025-02-17-at-11.01.09-600x194.jpeg 600w, https:\/\/www.massafmedical.com.br\/loja\/wp-content\/uploads\/2025\/02\/WhatsApp-Image-2025-02-17-at-11.01.09.jpeg 1030w\" data-sizes=\"(max-width: 1024px) 100vw, 1024px\" src=\"data:image\/gif;base64,R0lGODlhAQABAAAAACH5BAEKAAEALAAAAAABAAEAAAICTAEAOw==\" style=\"--smush-placeholder-width: 1024px; --smush-placeholder-aspect-ratio: 1024\/331;\" \/><\/p>\n<p>&nbsp;<\/p>\n","protected":false},"excerpt":{"rendered":"<p>A <em><strong>Scopeclean<\/strong> <\/em>\u00e9 uma lavadora semi autom\u00e1tica de endosc\u00f3pios (de uso diagn\u00f3stico) leve, compacta e port\u00e1til, que realiza as etapas de pr\u00e9-limpeza e limpeza do reprocessamento do endosc\u00f3pio ap\u00f3s o exame. Suas fun\u00e7\u00f5es s\u00e3o<em>: lavagem, enxague, circula\u00e7\u00e3o e secagem,<\/em>\u00a0podendo ser realizadas de forma completa e autom\u00e1tica atrav\u00e9s de um \u00fanico ciclo ou individualmente atrav\u00e9s das fun\u00e7\u00f5es independentes.<\/p>\n","protected":false},"featured_media":1474,"template":"","meta":[],"product_brand":[],"product_cat":[71,89,96,86],"product_tag":[],"class_list":{"0":"post-1471","1":"product","2":"type-product","3":"status-publish","4":"has-post-thumbnail","6":"product_cat-equipamentos","7":"product_cat-endoscopia-veterinaria","8":"product_cat-equipamentos-ziontech","9":"product_cat-medicinaveterinaria","11":"first","12":"instock","13":"taxable","14":"shipping-taxable","15":"product-type-simple"},"acf":[],"yoast_head":"<!-- This site is optimized with the Yoast SEO plugin v24.4 - https:\/\/yoast.com\/wordpress\/plugins\/seo\/ -->\n<title>LAVADORA DE ENDOSC\u00d3PIOS \u2013 SCOPECLEAN VET - Massaf Medical<\/title>\n<meta name=\"robots\" content=\"index, follow, max-snippet:-1, max-image-preview:large, max-video-preview:-1\" \/>\n<link rel=\"canonical\" href=\"https:\/\/www.massafmedical.com.br\/loja\/produto\/lavadora-de-endoscopios-scopeclean-vet\/\" \/>\n<meta property=\"og:locale\" content=\"pt_BR\" \/>\n<meta property=\"og:type\" content=\"article\" \/>\n<meta property=\"og:title\" content=\"LAVADORA DE ENDOSC\u00d3PIOS \u2013 SCOPECLEAN VET - Massaf Medical\" \/>\n<meta property=\"og:description\" content=\"A Scopeclean \u00e9 uma lavadora semi autom\u00e1tica de endosc\u00f3pios (de uso diagn\u00f3stico) leve, compacta e port\u00e1til, que realiza as etapas de pr\u00e9-limpeza e limpeza do reprocessamento do endosc\u00f3pio ap\u00f3s o exame. Suas fun\u00e7\u00f5es s\u00e3o: lavagem, enxague, circula\u00e7\u00e3o e secagem,\u00a0podendo ser realizadas de forma completa e autom\u00e1tica atrav\u00e9s de um \u00fanico ciclo ou individualmente atrav\u00e9s das fun\u00e7\u00f5es independentes.\" \/>\n<meta property=\"og:url\" content=\"https:\/\/www.massafmedical.com.br\/loja\/produto\/lavadora-de-endoscopios-scopeclean-vet\/\" \/>\n<meta property=\"og:site_name\" content=\"Massaf Medical\" \/>\n<meta property=\"article:publisher\" content=\"http:\/\/www.facebook.com\/MASSAFMEDICAL\" \/>\n<meta property=\"article:modified_time\" content=\"2025-07-24T15:05:19+00:00\" \/>\n<meta property=\"og:image\" content=\"https:\/\/www.massafmedical.com.br\/loja\/wp-content\/uploads\/2025\/02\/WhatsApp-Image-2025-02-17-at-10.58.39.png\" \/>\n\t<meta property=\"og:image:width\" content=\"303\" \/>\n\t<meta property=\"og:image:height\" content=\"325\" \/>\n\t<meta property=\"og:image:type\" content=\"image\/png\" \/>\n<meta name=\"twitter:card\" content=\"summary_large_image\" \/>\n<meta name=\"twitter:label1\" content=\"Est. tempo de leitura\" \/>\n\t<meta name=\"twitter:data1\" content=\"2 minutos\" \/>\n<script type=\"application\/ld+json\" class=\"yoast-schema-graph\">{\"@context\":\"https:\/\/schema.org\",\"@graph\":[{\"@type\":\"WebPage\",\"@id\":\"https:\/\/www.massafmedical.com.br\/loja\/produto\/lavadora-de-endoscopios-scopeclean-vet\/\",\"url\":\"https:\/\/www.massafmedical.com.br\/loja\/produto\/lavadora-de-endoscopios-scopeclean-vet\/\",\"name\":\"LAVADORA DE ENDOSC\u00d3PIOS \u2013 SCOPECLEAN VET - Massaf Medical\",\"isPartOf\":{\"@id\":\"https:\/\/www.massafmedical.com.br\/loja\/#website\"},\"primaryImageOfPage\":{\"@id\":\"https:\/\/www.massafmedical.com.br\/loja\/produto\/lavadora-de-endoscopios-scopeclean-vet\/#primaryimage\"},\"image\":{\"@id\":\"https:\/\/www.massafmedical.com.br\/loja\/produto\/lavadora-de-endoscopios-scopeclean-vet\/#primaryimage\"},\"thumbnailUrl\":\"https:\/\/www.massafmedical.com.br\/loja\/wp-content\/uploads\/2025\/02\/WhatsApp-Image-2025-02-17-at-10.58.39.png\",\"datePublished\":\"2025-02-17T14:13:07+00:00\",\"dateModified\":\"2025-07-24T15:05:19+00:00\",\"breadcrumb\":{\"@id\":\"https:\/\/www.massafmedical.com.br\/loja\/produto\/lavadora-de-endoscopios-scopeclean-vet\/#breadcrumb\"},\"inLanguage\":\"pt-BR\",\"potentialAction\":[{\"@type\":\"ReadAction\",\"target\":[\"https:\/\/www.massafmedical.com.br\/loja\/produto\/lavadora-de-endoscopios-scopeclean-vet\/\"]}]},{\"@type\":\"ImageObject\",\"inLanguage\":\"pt-BR\",\"@id\":\"https:\/\/www.massafmedical.com.br\/loja\/produto\/lavadora-de-endoscopios-scopeclean-vet\/#primaryimage\",\"url\":\"https:\/\/www.massafmedical.com.br\/loja\/wp-content\/uploads\/2025\/02\/WhatsApp-Image-2025-02-17-at-10.58.39.png\",\"contentUrl\":\"https:\/\/www.massafmedical.com.br\/loja\/wp-content\/uploads\/2025\/02\/WhatsApp-Image-2025-02-17-at-10.58.39.png\",\"width\":303,\"height\":325},{\"@type\":\"BreadcrumbList\",\"@id\":\"https:\/\/www.massafmedical.com.br\/loja\/produto\/lavadora-de-endoscopios-scopeclean-vet\/#breadcrumb\",\"itemListElement\":[{\"@type\":\"ListItem\",\"position\":1,\"name\":\"In\u00edcio\",\"item\":\"https:\/\/www.massafmedical.com.br\/loja\/\"},{\"@type\":\"ListItem\",\"position\":2,\"name\":\"Produtos\",\"item\":\"https:\/\/www.massafmedical.com.br\/loja\/nossos-produtos\/\"},{\"@type\":\"ListItem\",\"position\":3,\"name\":\"LAVADORA DE ENDOSC\u00d3PIOS \u2013 SCOPECLEAN VET\"}]},{\"@type\":\"WebSite\",\"@id\":\"https:\/\/www.massafmedical.com.br\/loja\/#website\",\"url\":\"https:\/\/www.massafmedical.com.br\/loja\/\",\"name\":\"Massaf Medical\",\"description\":\"\",\"publisher\":{\"@id\":\"https:\/\/www.massafmedical.com.br\/loja\/#organization\"},\"potentialAction\":[{\"@type\":\"SearchAction\",\"target\":{\"@type\":\"EntryPoint\",\"urlTemplate\":\"https:\/\/www.massafmedical.com.br\/loja\/?s={search_term_string}\"},\"query-input\":{\"@type\":\"PropertyValueSpecification\",\"valueRequired\":true,\"valueName\":\"search_term_string\"}}],\"inLanguage\":\"pt-BR\"},{\"@type\":\"Organization\",\"@id\":\"https:\/\/www.massafmedical.com.br\/loja\/#organization\",\"name\":\"Massaf Medical\",\"url\":\"https:\/\/www.massafmedical.com.br\/loja\/\",\"logo\":{\"@type\":\"ImageObject\",\"inLanguage\":\"pt-BR\",\"@id\":\"https:\/\/www.massafmedical.com.br\/loja\/#\/schema\/logo\/image\/\",\"url\":\"http:\/\/www.massafmedical.com.br\/loja\/wp-content\/uploads\/2020\/10\/logotipo-big.png\",\"contentUrl\":\"http:\/\/www.massafmedical.com.br\/loja\/wp-content\/uploads\/2020\/10\/logotipo-big.png\",\"width\":750,\"height\":253,\"caption\":\"Massaf Medical\"},\"image\":{\"@id\":\"https:\/\/www.massafmedical.com.br\/loja\/#\/schema\/logo\/image\/\"},\"sameAs\":[\"http:\/\/www.facebook.com\/MASSAFMEDICAL\"]}]}<\/script>\n<!-- \/ Yoast SEO plugin. -->","yoast_head_json":{"title":"LAVADORA DE ENDOSC\u00d3PIOS \u2013 SCOPECLEAN VET - Massaf Medical","robots":{"index":"index","follow":"follow","max-snippet":"max-snippet:-1","max-image-preview":"max-image-preview:large","max-video-preview":"max-video-preview:-1"},"canonical":"https:\/\/www.massafmedical.com.br\/loja\/produto\/lavadora-de-endoscopios-scopeclean-vet\/","og_locale":"pt_BR","og_type":"article","og_title":"LAVADORA DE ENDOSC\u00d3PIOS \u2013 SCOPECLEAN VET - Massaf Medical","og_description":"A Scopeclean \u00e9 uma lavadora semi autom\u00e1tica de endosc\u00f3pios (de uso diagn\u00f3stico) leve, compacta e port\u00e1til, que realiza as etapas de pr\u00e9-limpeza e limpeza do reprocessamento do endosc\u00f3pio ap\u00f3s o exame. Suas fun\u00e7\u00f5es s\u00e3o: lavagem, enxague, circula\u00e7\u00e3o e secagem,\u00a0podendo ser realizadas de forma completa e autom\u00e1tica atrav\u00e9s de um \u00fanico ciclo ou individualmente atrav\u00e9s das fun\u00e7\u00f5es independentes.","og_url":"https:\/\/www.massafmedical.com.br\/loja\/produto\/lavadora-de-endoscopios-scopeclean-vet\/","og_site_name":"Massaf Medical","article_publisher":"http:\/\/www.facebook.com\/MASSAFMEDICAL","article_modified_time":"2025-07-24T15:05:19+00:00","og_image":[{"width":303,"height":325,"url":"https:\/\/www.massafmedical.com.br\/loja\/wp-content\/uploads\/2025\/02\/WhatsApp-Image-2025-02-17-at-10.58.39.png","type":"image\/png"}],"twitter_card":"summary_large_image","twitter_misc":{"Est. tempo de leitura":"2 minutos"},"schema":{"@context":"https:\/\/schema.org","@graph":[{"@type":"WebPage","@id":"https:\/\/www.massafmedical.com.br\/loja\/produto\/lavadora-de-endoscopios-scopeclean-vet\/","url":"https:\/\/www.massafmedical.com.br\/loja\/produto\/lavadora-de-endoscopios-scopeclean-vet\/","name":"LAVADORA DE ENDOSC\u00d3PIOS \u2013 SCOPECLEAN VET - Massaf Medical","isPartOf":{"@id":"https:\/\/www.massafmedical.com.br\/loja\/#website"},"primaryImageOfPage":{"@id":"https:\/\/www.massafmedical.com.br\/loja\/produto\/lavadora-de-endoscopios-scopeclean-vet\/#primaryimage"},"image":{"@id":"https:\/\/www.massafmedical.com.br\/loja\/produto\/lavadora-de-endoscopios-scopeclean-vet\/#primaryimage"},"thumbnailUrl":"https:\/\/www.massafmedical.com.br\/loja\/wp-content\/uploads\/2025\/02\/WhatsApp-Image-2025-02-17-at-10.58.39.png","datePublished":"2025-02-17T14:13:07+00:00","dateModified":"2025-07-24T15:05:19+00:00","breadcrumb":{"@id":"https:\/\/www.massafmedical.com.br\/loja\/produto\/lavadora-de-endoscopios-scopeclean-vet\/#breadcrumb"},"inLanguage":"pt-BR","potentialAction":[{"@type":"ReadAction","target":["https:\/\/www.massafmedical.com.br\/loja\/produto\/lavadora-de-endoscopios-scopeclean-vet\/"]}]},{"@type":"ImageObject","inLanguage":"pt-BR","@id":"https:\/\/www.massafmedical.com.br\/loja\/produto\/lavadora-de-endoscopios-scopeclean-vet\/#primaryimage","url":"https:\/\/www.massafmedical.com.br\/loja\/wp-content\/uploads\/2025\/02\/WhatsApp-Image-2025-02-17-at-10.58.39.png","contentUrl":"https:\/\/www.massafmedical.com.br\/loja\/wp-content\/uploads\/2025\/02\/WhatsApp-Image-2025-02-17-at-10.58.39.png","width":303,"height":325},{"@type":"BreadcrumbList","@id":"https:\/\/www.massafmedical.com.br\/loja\/produto\/lavadora-de-endoscopios-scopeclean-vet\/#breadcrumb","itemListElement":[{"@type":"ListItem","position":1,"name":"In\u00edcio","item":"https:\/\/www.massafmedical.com.br\/loja\/"},{"@type":"ListItem","position":2,"name":"Produtos","item":"https:\/\/www.massafmedical.com.br\/loja\/nossos-produtos\/"},{"@type":"ListItem","position":3,"name":"LAVADORA DE ENDOSC\u00d3PIOS \u2013 SCOPECLEAN VET"}]},{"@type":"WebSite","@id":"https:\/\/www.massafmedical.com.br\/loja\/#website","url":"https:\/\/www.massafmedical.com.br\/loja\/","name":"Massaf Medical","description":"","publisher":{"@id":"https:\/\/www.massafmedical.com.br\/loja\/#organization"},"potentialAction":[{"@type":"SearchAction","target":{"@type":"EntryPoint","urlTemplate":"https:\/\/www.massafmedical.com.br\/loja\/?s={search_term_string}"},"query-input":{"@type":"PropertyValueSpecification","valueRequired":true,"valueName":"search_term_string"}}],"inLanguage":"pt-BR"},{"@type":"Organization","@id":"https:\/\/www.massafmedical.com.br\/loja\/#organization","name":"Massaf Medical","url":"https:\/\/www.massafmedical.com.br\/loja\/","logo":{"@type":"ImageObject","inLanguage":"pt-BR","@id":"https:\/\/www.massafmedical.com.br\/loja\/#\/schema\/logo\/image\/","url":"http:\/\/www.massafmedical.com.br\/loja\/wp-content\/uploads\/2020\/10\/logotipo-big.png","contentUrl":"http:\/\/www.massafmedical.com.br\/loja\/wp-content\/uploads\/2020\/10\/logotipo-big.png","width":750,"height":253,"caption":"Massaf Medical"},"image":{"@id":"https:\/\/www.massafmedical.com.br\/loja\/#\/schema\/logo\/image\/"},"sameAs":["http:\/\/www.facebook.com\/MASSAFMEDICAL"]}]}},"_links":{"self":[{"href":"https:\/\/www.massafmedical.com.br\/loja\/wp-json\/wp\/v2\/product\/1471","targetHints":{"allow":["GET"]}}],"collection":[{"href":"https:\/\/www.massafmedical.com.br\/loja\/wp-json\/wp\/v2\/product"}],"about":[{"href":"https:\/\/www.massafmedical.com.br\/loja\/wp-json\/wp\/v2\/types\/product"}],"wp:featuredmedia":[{"embeddable":true,"href":"https:\/\/www.massafmedical.com.br\/loja\/wp-json\/wp\/v2\/media\/1474"}],"wp:attachment":[{"href":"https:\/\/www.massafmedical.com.br\/loja\/wp-json\/wp\/v2\/media?parent=1471"}],"wp:term":[{"taxonomy":"product_brand","embeddable":true,"href":"https:\/\/www.massafmedical.com.br\/loja\/wp-json\/wp\/v2\/product_brand?post=1471"},{"taxonomy":"product_cat","embeddable":true,"href":"https:\/\/www.massafmedical.com.br\/loja\/wp-json\/wp\/v2\/product_cat?post=1471"},{"taxonomy":"product_tag","embeddable":true,"href":"https:\/\/www.massafmedical.com.br\/loja\/wp-json\/wp\/v2\/product_tag?post=1471"}],"curies":[{"name":"wp","href":"https:\/\/api.w.org\/{rel}","templated":true}]}}