{"id":1441,"date":"2025-02-07T11:19:21","date_gmt":"2025-02-07T14:19:21","guid":{"rendered":"https:\/\/www.massafmedical.com.br\/loja\/?post_type=product&#038;p=1441"},"modified":"2025-08-25T13:18:44","modified_gmt":"2025-08-25T16:18:44","slug":"pinca-de-biopsia-oval-sem-espicula-reutilizavel-2-4mm-1700mm-economica","status":"publish","type":"product","link":"https:\/\/www.massafmedical.com.br\/loja\/produto\/pinca-de-biopsia-oval-sem-espicula-reutilizavel-2-4mm-1700mm-economica\/","title":{"rendered":"Pin\u00e7a de Bi\u00f3psia Oval sem Esp\u00edcula REUTILIZ\u00c1VEL 2.4mm 1700mm  (Linha Econ\u00f4mica)"},"content":{"rendered":"<div><strong>Pin\u00e7a de bi\u00f3psia oval sem esp\u00edcula para procedimento de endoscopia autoclav\u00e1vel de comprimento de 170 cm e di\u00e2metro de 2.4mm. Linha Econ\u00f4mica.<\/strong><\/div>\n<div><\/div>\n<div><\/div>\n<div>\n<p>Garantia: 7 dias ap\u00f3s o recebimento do produto. Todas as garantias s\u00e3o dadas pelos fabricantes, e variam de produto para produto. Elas ser\u00e3o informadas nas p\u00e1ginas de cada produto. Caso tenha alguma d\u00favida, entre em contato conosco.<\/p>\n<p>Para devolu\u00e7\u00f5es, os produtos dever\u00e3o ser remetidos em suas embalagens originais e caso for constatado mal uso, o custo ser\u00e1 por parte do comprador.<\/p>\n<\/div>\n<div><\/div>\n<div><\/div>\n<div class=\"product-sku\">Ref:\u00a0<span id=\"product-reference\" class=\"product-sku ref\" data-url=\"\/mvc\/store\/product\/variant_reference\/?loja=758386\">0000007960446<\/span><\/div>\n<div class=\"product-brand\">Marca: Alton<\/div>\n<div class=\"product-brand\">Modelo: AF-2417BSE<\/div>\n","protected":false},"excerpt":{"rendered":"<p>A <strong>Pin\u00e7a de Bi\u00f3psia Oval sem Esp\u00edcula<\/strong> \u00e9 um dispositivo m\u00e9dico projetado para procedimentos de <strong>endoscopia<\/strong>, com a finalidade de realizar bi\u00f3psias de tecidos. Ela possui um <strong>comprimento de 170 cm<\/strong> e <strong>di\u00e2metro de 2,4 mm<\/strong>, o que a torna adequada para acesso a \u00e1reas espec\u00edficas e de dif\u00edcil alcance no trato digestivo ou respirat\u00f3rio. A pin\u00e7a \u00e9 <strong>autoclav\u00e1vel<\/strong>, permitindo a esteriliza\u00e7\u00e3o repetida para garantir seguran\u00e7a e higiene durante o uso. A <strong>linha econ\u00f4mica<\/strong> oferece uma solu\u00e7\u00e3o de custo-benef\u00edcio sem comprometer a qualidade e a efici\u00eancia, ideal para cl\u00ednicas e hospitais que buscam dispositivos acess\u00edveis e de confian\u00e7a para procedimentos endosc\u00f3picos.<\/p>\n","protected":false},"featured_media":1442,"template":"","meta":[],"product_brand":[],"product_cat":[51,85,88],"product_tag":[],"class_list":{"0":"post-1441","1":"product","2":"type-product","3":"status-publish","4":"has-post-thumbnail","6":"product_cat-produtos-hospitalares-e-para-pacientes","7":"product_cat-permanentes","8":"product_cat-pincas-e-acessorios","10":"first","11":"instock","12":"taxable","13":"shipping-taxable","14":"product-type-simple"},"acf":[],"yoast_head":"<!-- This site is optimized with the Yoast SEO plugin v24.4 - https:\/\/yoast.com\/wordpress\/plugins\/seo\/ -->\n<title>Pin\u00e7a de Bi\u00f3psia Oval sem Esp\u00edcula REUTILIZ\u00c1VEL 2.4mm 1700mm (Linha Econ\u00f4mica) - Massaf Medical<\/title>\n<meta name=\"robots\" content=\"index, follow, max-snippet:-1, max-image-preview:large, max-video-preview:-1\" \/>\n<link rel=\"canonical\" href=\"https:\/\/www.massafmedical.com.br\/loja\/produto\/pinca-de-biopsia-oval-sem-espicula-reutilizavel-2-4mm-1700mm-economica\/\" \/>\n<meta property=\"og:locale\" content=\"pt_BR\" \/>\n<meta property=\"og:type\" content=\"article\" \/>\n<meta property=\"og:title\" content=\"Pin\u00e7a de Bi\u00f3psia Oval sem Esp\u00edcula REUTILIZ\u00c1VEL 2.4mm 1700mm (Linha Econ\u00f4mica) - Massaf Medical\" \/>\n<meta property=\"og:description\" content=\"A Pin\u00e7a de Bi\u00f3psia Oval sem Esp\u00edcula \u00e9 um dispositivo m\u00e9dico projetado para procedimentos de endoscopia, com a finalidade de realizar bi\u00f3psias de tecidos. Ela possui um comprimento de 170 cm e di\u00e2metro de 2,4 mm, o que a torna adequada para acesso a \u00e1reas espec\u00edficas e de dif\u00edcil alcance no trato digestivo ou respirat\u00f3rio. A pin\u00e7a \u00e9 autoclav\u00e1vel, permitindo a esteriliza\u00e7\u00e3o repetida para garantir seguran\u00e7a e higiene durante o uso. A linha econ\u00f4mica oferece uma solu\u00e7\u00e3o de custo-benef\u00edcio sem comprometer a qualidade e a efici\u00eancia, ideal para cl\u00ednicas e hospitais que buscam dispositivos acess\u00edveis e de confian\u00e7a para procedimentos endosc\u00f3picos.\" \/>\n<meta property=\"og:url\" content=\"https:\/\/www.massafmedical.com.br\/loja\/produto\/pinca-de-biopsia-oval-sem-espicula-reutilizavel-2-4mm-1700mm-economica\/\" \/>\n<meta property=\"og:site_name\" content=\"Massaf Medical\" \/>\n<meta property=\"article:publisher\" content=\"http:\/\/www.facebook.com\/MASSAFMEDICAL\" \/>\n<meta property=\"article:modified_time\" content=\"2025-08-25T16:18:44+00:00\" \/>\n<meta property=\"og:image\" content=\"https:\/\/www.massafmedical.com.br\/loja\/wp-content\/uploads\/2025\/02\/WhatsApp-Image-2025-02-07-at-11.14.59.jpeg\" \/>\n\t<meta property=\"og:image:width\" content=\"420\" \/>\n\t<meta property=\"og:image:height\" content=\"476\" \/>\n\t<meta property=\"og:image:type\" content=\"image\/jpeg\" \/>\n<meta name=\"twitter:card\" content=\"summary_large_image\" \/>\n<meta name=\"twitter:label1\" content=\"Est. tempo de leitura\" \/>\n\t<meta name=\"twitter:data1\" content=\"1 minuto\" \/>\n<script type=\"application\/ld+json\" class=\"yoast-schema-graph\">{\"@context\":\"https:\/\/schema.org\",\"@graph\":[{\"@type\":\"WebPage\",\"@id\":\"https:\/\/www.massafmedical.com.br\/loja\/produto\/pinca-de-biopsia-oval-sem-espicula-reutilizavel-2-4mm-1700mm-economica\/\",\"url\":\"https:\/\/www.massafmedical.com.br\/loja\/produto\/pinca-de-biopsia-oval-sem-espicula-reutilizavel-2-4mm-1700mm-economica\/\",\"name\":\"Pin\u00e7a de Bi\u00f3psia Oval sem Esp\u00edcula REUTILIZ\u00c1VEL 2.4mm 1700mm (Linha Econ\u00f4mica) - Massaf Medical\",\"isPartOf\":{\"@id\":\"https:\/\/www.massafmedical.com.br\/loja\/#website\"},\"primaryImageOfPage\":{\"@id\":\"https:\/\/www.massafmedical.com.br\/loja\/produto\/pinca-de-biopsia-oval-sem-espicula-reutilizavel-2-4mm-1700mm-economica\/#primaryimage\"},\"image\":{\"@id\":\"https:\/\/www.massafmedical.com.br\/loja\/produto\/pinca-de-biopsia-oval-sem-espicula-reutilizavel-2-4mm-1700mm-economica\/#primaryimage\"},\"thumbnailUrl\":\"https:\/\/www.massafmedical.com.br\/loja\/wp-content\/uploads\/2025\/02\/WhatsApp-Image-2025-02-07-at-11.14.59.jpeg\",\"datePublished\":\"2025-02-07T14:19:21+00:00\",\"dateModified\":\"2025-08-25T16:18:44+00:00\",\"breadcrumb\":{\"@id\":\"https:\/\/www.massafmedical.com.br\/loja\/produto\/pinca-de-biopsia-oval-sem-espicula-reutilizavel-2-4mm-1700mm-economica\/#breadcrumb\"},\"inLanguage\":\"pt-BR\",\"potentialAction\":[{\"@type\":\"ReadAction\",\"target\":[\"https:\/\/www.massafmedical.com.br\/loja\/produto\/pinca-de-biopsia-oval-sem-espicula-reutilizavel-2-4mm-1700mm-economica\/\"]}]},{\"@type\":\"ImageObject\",\"inLanguage\":\"pt-BR\",\"@id\":\"https:\/\/www.massafmedical.com.br\/loja\/produto\/pinca-de-biopsia-oval-sem-espicula-reutilizavel-2-4mm-1700mm-economica\/#primaryimage\",\"url\":\"https:\/\/www.massafmedical.com.br\/loja\/wp-content\/uploads\/2025\/02\/WhatsApp-Image-2025-02-07-at-11.14.59.jpeg\",\"contentUrl\":\"https:\/\/www.massafmedical.com.br\/loja\/wp-content\/uploads\/2025\/02\/WhatsApp-Image-2025-02-07-at-11.14.59.jpeg\",\"width\":420,\"height\":476},{\"@type\":\"BreadcrumbList\",\"@id\":\"https:\/\/www.massafmedical.com.br\/loja\/produto\/pinca-de-biopsia-oval-sem-espicula-reutilizavel-2-4mm-1700mm-economica\/#breadcrumb\",\"itemListElement\":[{\"@type\":\"ListItem\",\"position\":1,\"name\":\"In\u00edcio\",\"item\":\"https:\/\/www.massafmedical.com.br\/loja\/\"},{\"@type\":\"ListItem\",\"position\":2,\"name\":\"Produtos\",\"item\":\"https:\/\/www.massafmedical.com.br\/loja\/nossos-produtos\/\"},{\"@type\":\"ListItem\",\"position\":3,\"name\":\"Pin\u00e7a de Bi\u00f3psia Oval sem Esp\u00edcula REUTILIZ\u00c1VEL 2.4mm 1700mm (Linha Econ\u00f4mica)\"}]},{\"@type\":\"WebSite\",\"@id\":\"https:\/\/www.massafmedical.com.br\/loja\/#website\",\"url\":\"https:\/\/www.massafmedical.com.br\/loja\/\",\"name\":\"Massaf Medical\",\"description\":\"\",\"publisher\":{\"@id\":\"https:\/\/www.massafmedical.com.br\/loja\/#organization\"},\"potentialAction\":[{\"@type\":\"SearchAction\",\"target\":{\"@type\":\"EntryPoint\",\"urlTemplate\":\"https:\/\/www.massafmedical.com.br\/loja\/?s={search_term_string}\"},\"query-input\":{\"@type\":\"PropertyValueSpecification\",\"valueRequired\":true,\"valueName\":\"search_term_string\"}}],\"inLanguage\":\"pt-BR\"},{\"@type\":\"Organization\",\"@id\":\"https:\/\/www.massafmedical.com.br\/loja\/#organization\",\"name\":\"Massaf Medical\",\"url\":\"https:\/\/www.massafmedical.com.br\/loja\/\",\"logo\":{\"@type\":\"ImageObject\",\"inLanguage\":\"pt-BR\",\"@id\":\"https:\/\/www.massafmedical.com.br\/loja\/#\/schema\/logo\/image\/\",\"url\":\"http:\/\/www.massafmedical.com.br\/loja\/wp-content\/uploads\/2020\/10\/logotipo-big.png\",\"contentUrl\":\"http:\/\/www.massafmedical.com.br\/loja\/wp-content\/uploads\/2020\/10\/logotipo-big.png\",\"width\":750,\"height\":253,\"caption\":\"Massaf Medical\"},\"image\":{\"@id\":\"https:\/\/www.massafmedical.com.br\/loja\/#\/schema\/logo\/image\/\"},\"sameAs\":[\"http:\/\/www.facebook.com\/MASSAFMEDICAL\"]}]}<\/script>\n<!-- \/ Yoast SEO plugin. -->","yoast_head_json":{"title":"Pin\u00e7a de Bi\u00f3psia Oval sem Esp\u00edcula REUTILIZ\u00c1VEL 2.4mm 1700mm (Linha Econ\u00f4mica) - Massaf Medical","robots":{"index":"index","follow":"follow","max-snippet":"max-snippet:-1","max-image-preview":"max-image-preview:large","max-video-preview":"max-video-preview:-1"},"canonical":"https:\/\/www.massafmedical.com.br\/loja\/produto\/pinca-de-biopsia-oval-sem-espicula-reutilizavel-2-4mm-1700mm-economica\/","og_locale":"pt_BR","og_type":"article","og_title":"Pin\u00e7a de Bi\u00f3psia Oval sem Esp\u00edcula REUTILIZ\u00c1VEL 2.4mm 1700mm (Linha Econ\u00f4mica) - Massaf Medical","og_description":"A Pin\u00e7a de Bi\u00f3psia Oval sem Esp\u00edcula \u00e9 um dispositivo m\u00e9dico projetado para procedimentos de endoscopia, com a finalidade de realizar bi\u00f3psias de tecidos. Ela possui um comprimento de 170 cm e di\u00e2metro de 2,4 mm, o que a torna adequada para acesso a \u00e1reas espec\u00edficas e de dif\u00edcil alcance no trato digestivo ou respirat\u00f3rio. A pin\u00e7a \u00e9 autoclav\u00e1vel, permitindo a esteriliza\u00e7\u00e3o repetida para garantir seguran\u00e7a e higiene durante o uso. A linha econ\u00f4mica oferece uma solu\u00e7\u00e3o de custo-benef\u00edcio sem comprometer a qualidade e a efici\u00eancia, ideal para cl\u00ednicas e hospitais que buscam dispositivos acess\u00edveis e de confian\u00e7a para procedimentos endosc\u00f3picos.","og_url":"https:\/\/www.massafmedical.com.br\/loja\/produto\/pinca-de-biopsia-oval-sem-espicula-reutilizavel-2-4mm-1700mm-economica\/","og_site_name":"Massaf Medical","article_publisher":"http:\/\/www.facebook.com\/MASSAFMEDICAL","article_modified_time":"2025-08-25T16:18:44+00:00","og_image":[{"width":420,"height":476,"url":"https:\/\/www.massafmedical.com.br\/loja\/wp-content\/uploads\/2025\/02\/WhatsApp-Image-2025-02-07-at-11.14.59.jpeg","type":"image\/jpeg"}],"twitter_card":"summary_large_image","twitter_misc":{"Est. tempo de leitura":"1 minuto"},"schema":{"@context":"https:\/\/schema.org","@graph":[{"@type":"WebPage","@id":"https:\/\/www.massafmedical.com.br\/loja\/produto\/pinca-de-biopsia-oval-sem-espicula-reutilizavel-2-4mm-1700mm-economica\/","url":"https:\/\/www.massafmedical.com.br\/loja\/produto\/pinca-de-biopsia-oval-sem-espicula-reutilizavel-2-4mm-1700mm-economica\/","name":"Pin\u00e7a de Bi\u00f3psia Oval sem Esp\u00edcula REUTILIZ\u00c1VEL 2.4mm 1700mm (Linha Econ\u00f4mica) - Massaf Medical","isPartOf":{"@id":"https:\/\/www.massafmedical.com.br\/loja\/#website"},"primaryImageOfPage":{"@id":"https:\/\/www.massafmedical.com.br\/loja\/produto\/pinca-de-biopsia-oval-sem-espicula-reutilizavel-2-4mm-1700mm-economica\/#primaryimage"},"image":{"@id":"https:\/\/www.massafmedical.com.br\/loja\/produto\/pinca-de-biopsia-oval-sem-espicula-reutilizavel-2-4mm-1700mm-economica\/#primaryimage"},"thumbnailUrl":"https:\/\/www.massafmedical.com.br\/loja\/wp-content\/uploads\/2025\/02\/WhatsApp-Image-2025-02-07-at-11.14.59.jpeg","datePublished":"2025-02-07T14:19:21+00:00","dateModified":"2025-08-25T16:18:44+00:00","breadcrumb":{"@id":"https:\/\/www.massafmedical.com.br\/loja\/produto\/pinca-de-biopsia-oval-sem-espicula-reutilizavel-2-4mm-1700mm-economica\/#breadcrumb"},"inLanguage":"pt-BR","potentialAction":[{"@type":"ReadAction","target":["https:\/\/www.massafmedical.com.br\/loja\/produto\/pinca-de-biopsia-oval-sem-espicula-reutilizavel-2-4mm-1700mm-economica\/"]}]},{"@type":"ImageObject","inLanguage":"pt-BR","@id":"https:\/\/www.massafmedical.com.br\/loja\/produto\/pinca-de-biopsia-oval-sem-espicula-reutilizavel-2-4mm-1700mm-economica\/#primaryimage","url":"https:\/\/www.massafmedical.com.br\/loja\/wp-content\/uploads\/2025\/02\/WhatsApp-Image-2025-02-07-at-11.14.59.jpeg","contentUrl":"https:\/\/www.massafmedical.com.br\/loja\/wp-content\/uploads\/2025\/02\/WhatsApp-Image-2025-02-07-at-11.14.59.jpeg","width":420,"height":476},{"@type":"BreadcrumbList","@id":"https:\/\/www.massafmedical.com.br\/loja\/produto\/pinca-de-biopsia-oval-sem-espicula-reutilizavel-2-4mm-1700mm-economica\/#breadcrumb","itemListElement":[{"@type":"ListItem","position":1,"name":"In\u00edcio","item":"https:\/\/www.massafmedical.com.br\/loja\/"},{"@type":"ListItem","position":2,"name":"Produtos","item":"https:\/\/www.massafmedical.com.br\/loja\/nossos-produtos\/"},{"@type":"ListItem","position":3,"name":"Pin\u00e7a de Bi\u00f3psia Oval sem Esp\u00edcula REUTILIZ\u00c1VEL 2.4mm 1700mm (Linha Econ\u00f4mica)"}]},{"@type":"WebSite","@id":"https:\/\/www.massafmedical.com.br\/loja\/#website","url":"https:\/\/www.massafmedical.com.br\/loja\/","name":"Massaf Medical","description":"","publisher":{"@id":"https:\/\/www.massafmedical.com.br\/loja\/#organization"},"potentialAction":[{"@type":"SearchAction","target":{"@type":"EntryPoint","urlTemplate":"https:\/\/www.massafmedical.com.br\/loja\/?s={search_term_string}"},"query-input":{"@type":"PropertyValueSpecification","valueRequired":true,"valueName":"search_term_string"}}],"inLanguage":"pt-BR"},{"@type":"Organization","@id":"https:\/\/www.massafmedical.com.br\/loja\/#organization","name":"Massaf Medical","url":"https:\/\/www.massafmedical.com.br\/loja\/","logo":{"@type":"ImageObject","inLanguage":"pt-BR","@id":"https:\/\/www.massafmedical.com.br\/loja\/#\/schema\/logo\/image\/","url":"http:\/\/www.massafmedical.com.br\/loja\/wp-content\/uploads\/2020\/10\/logotipo-big.png","contentUrl":"http:\/\/www.massafmedical.com.br\/loja\/wp-content\/uploads\/2020\/10\/logotipo-big.png","width":750,"height":253,"caption":"Massaf Medical"},"image":{"@id":"https:\/\/www.massafmedical.com.br\/loja\/#\/schema\/logo\/image\/"},"sameAs":["http:\/\/www.facebook.com\/MASSAFMEDICAL"]}]}},"_links":{"self":[{"href":"https:\/\/www.massafmedical.com.br\/loja\/wp-json\/wp\/v2\/product\/1441","targetHints":{"allow":["GET"]}}],"collection":[{"href":"https:\/\/www.massafmedical.com.br\/loja\/wp-json\/wp\/v2\/product"}],"about":[{"href":"https:\/\/www.massafmedical.com.br\/loja\/wp-json\/wp\/v2\/types\/product"}],"wp:featuredmedia":[{"embeddable":true,"href":"https:\/\/www.massafmedical.com.br\/loja\/wp-json\/wp\/v2\/media\/1442"}],"wp:attachment":[{"href":"https:\/\/www.massafmedical.com.br\/loja\/wp-json\/wp\/v2\/media?parent=1441"}],"wp:term":[{"taxonomy":"product_brand","embeddable":true,"href":"https:\/\/www.massafmedical.com.br\/loja\/wp-json\/wp\/v2\/product_brand?post=1441"},{"taxonomy":"product_cat","embeddable":true,"href":"https:\/\/www.massafmedical.com.br\/loja\/wp-json\/wp\/v2\/product_cat?post=1441"},{"taxonomy":"product_tag","embeddable":true,"href":"https:\/\/www.massafmedical.com.br\/loja\/wp-json\/wp\/v2\/product_tag?post=1441"}],"curies":[{"name":"wp","href":"https:\/\/api.w.org\/{rel}","templated":true}]}}