{"id":1422,"date":"2025-02-06T11:55:55","date_gmt":"2025-02-06T14:55:55","guid":{"rendered":"https:\/\/www.massafmedical.com.br\/loja\/?post_type=product&#038;p=1422"},"modified":"2025-07-24T12:32:12","modified_gmt":"2025-07-24T15:32:12","slug":"video-endoscopio-vet-ziontech-zvt-8015","status":"publish","type":"product","link":"https:\/\/www.massafmedical.com.br\/loja\/produto\/video-endoscopio-vet-ziontech-zvt-8015\/","title":{"rendered":"V\u00eddeo Endosc\u00f3pio VET ZIONTECH ZVT-8015"},"content":{"rendered":"<div>\n<div id=\"product-wrapper\" class=\"product-wrapper\">\n<div class=\"product-tabs\">\n<div class=\"tabs-content\">\n<div id=\"descricao\" class=\"tab rte description-ab active\">\n<p><strong>Endosc\u00f3pios sem fibras<\/strong>, garanta at\u00e9<strong> 5.000 horas de luminosidade<\/strong> intensa e constante reduzindo os custos de manuten\u00e7\u00e3o. Canais de trabalho adequados para a coleta de materiais conforme recomenda\u00e7\u00e3o da comunidade m\u00e9dica cient\u00edfica veterin\u00e1ria e tecnologia de<strong> LED na ponta<\/strong> do seu endosc\u00f3pio<strong>: Ganhe 10x mais em vida \u00fatil no seu equipamento.<\/strong><\/p>\n<p>&nbsp;<\/p>\n<p><strong>Especifica\u00e7\u00f5es T\u00e9cnicas:\u00a0<\/strong><\/p>\n<p><strong>Marca:\u00a0<\/strong>Ziontech;<\/p>\n<p><strong>Campo de Vis\u00e3o:\u00a0<\/strong>140\u00ba;<\/p>\n<p><strong>Profundidade de Vis\u00e3o:\u00a0<\/strong>3 a 100mm;<\/p>\n<p><strong>Angula\u00e7\u00e3o:\u00a0<\/strong>UP 210\u00ba, DOWN 90\u00ba, LEFT 90\u00ba, RIGHT 90\u00ba;<\/p>\n<p><strong>Di\u00e2metro Ponta Distal:\u00a0<\/strong>8.0mm;<\/p>\n<p><strong>Di\u00e2metro Tubo de Inser\u00e7\u00e3o:\u00a0<\/strong>8.0mm;<\/p>\n<p><strong>Di\u00e2metro Canal de Bi\u00f3psia:\u00a0<\/strong>2.8mm;<\/p>\n<p><strong>Comprimento \u00datil:\u00a0<\/strong>1550mm;<\/p>\n<p><strong>Microc\u00e2mera:\u00a0<\/strong>CMOS;<\/p>\n<p><strong>Ilumina\u00e7\u00e3o:<\/strong>\u00a0LED 5700K;<\/p>\n<p><strong>Acompanha:\u00a0<\/strong>01 Maleta, 01 Kit de v\u00e1lvulas prementes, 01 Tampa de veda\u00e7\u00e3o, 01 Teste de vazamento, 01 Kit para limpeza manual, 05 Tampas do canal de bi\u00f3psia;<\/p>\n<p><strong>Garantia:\u00a0<\/strong>1 ano<strong>; 1 ano ap\u00f3s o recebimento do produto<\/strong><\/p>\n<hr \/>\n<p><strong>Todas as garantias s\u00e3o dadas pelos fabricantes, e variam de produto para produto. Elas ser\u00e3o informadas nas p\u00e1ginas de cada produto. Caso tenha alguma d\u00favida, entre em contato conosco.<\/strong><\/p>\n<p>Para devolu\u00e7\u00f5es, os produtos dever\u00e3o ser remetidos em suas embalagens originais e caso for constatado mal uso, o custo ser\u00e1 por parte do comprador.<\/p>\n<p>&nbsp;<\/p>\n<p><strong>Procedimentos:<\/strong> Endoscopia respirat\u00f3ria em equino, endoscopia digestiva em pet&#8217;s de 5 a 50 kg e animais silvestres.<strong>\u00a0<\/strong><\/p>\n<p><strong>FABRICADO NO BRASIL<\/strong><\/p>\n<\/div>\n<\/div>\n<\/div>\n<\/div>\n<\/div>\n<div class=\"product-sku\">Ref:\u00a0<span id=\"product-reference\" class=\"product-sku ref\" data-url=\"\/mvc\/store\/product\/variant_reference\/?loja=758386\">0000007958015<\/span><\/div>\n<div class=\"product-brand\">Marca: Ziontech<\/div>\n<div class=\"product-brand\">Modelo: ZVT-8015<\/div>\n<div>Endosc\u00f3pio Flex\u00edvel<\/div>\n<div><\/div>\n<div><img decoding=\"async\" class=\"alignnone wp-image-1427 lazyload\" data-src=\"https:\/\/www.massafmedical.com.br\/loja\/wp-content\/uploads\/2025\/02\/SIEP10-1024x576.png\" alt=\"\" width=\"257\" height=\"144\" data-srcset=\"https:\/\/www.massafmedical.com.br\/loja\/wp-content\/uploads\/2025\/02\/SIEP10-1024x576.png 1024w, https:\/\/www.massafmedical.com.br\/loja\/wp-content\/uploads\/2025\/02\/SIEP10-1433x806.png 1433w, https:\/\/www.massafmedical.com.br\/loja\/wp-content\/uploads\/2025\/02\/SIEP10-768x432.png 768w, https:\/\/www.massafmedical.com.br\/loja\/wp-content\/uploads\/2025\/02\/SIEP10-1536x864.png 1536w, https:\/\/www.massafmedical.com.br\/loja\/wp-content\/uploads\/2025\/02\/SIEP10-2048x1152.png 2048w, https:\/\/www.massafmedical.com.br\/loja\/wp-content\/uploads\/2025\/02\/SIEP10-1320x743.png 1320w, https:\/\/www.massafmedical.com.br\/loja\/wp-content\/uploads\/2025\/02\/SIEP10-600x338.png 600w\" data-sizes=\"(max-width: 257px) 100vw, 257px\" src=\"data:image\/gif;base64,R0lGODlhAQABAAAAACH5BAEKAAEALAAAAAABAAEAAAICTAEAOw==\" style=\"--smush-placeholder-width: 257px; --smush-placeholder-aspect-ratio: 257\/144;\" \/><img decoding=\"async\" class=\"alignnone wp-image-1429 lazyload\" data-src=\"https:\/\/www.massafmedical.com.br\/loja\/wp-content\/uploads\/2025\/02\/SIEP13-1024x576.png\" alt=\"\" width=\"256\" height=\"144\" data-srcset=\"https:\/\/www.massafmedical.com.br\/loja\/wp-content\/uploads\/2025\/02\/SIEP13-1024x576.png 1024w, https:\/\/www.massafmedical.com.br\/loja\/wp-content\/uploads\/2025\/02\/SIEP13-1433x806.png 1433w, https:\/\/www.massafmedical.com.br\/loja\/wp-content\/uploads\/2025\/02\/SIEP13-768x432.png 768w, https:\/\/www.massafmedical.com.br\/loja\/wp-content\/uploads\/2025\/02\/SIEP13-1536x864.png 1536w, https:\/\/www.massafmedical.com.br\/loja\/wp-content\/uploads\/2025\/02\/SIEP13-2048x1152.png 2048w, https:\/\/www.massafmedical.com.br\/loja\/wp-content\/uploads\/2025\/02\/SIEP13-1320x743.png 1320w, https:\/\/www.massafmedical.com.br\/loja\/wp-content\/uploads\/2025\/02\/SIEP13-600x338.png 600w\" data-sizes=\"(max-width: 256px) 100vw, 256px\" src=\"data:image\/gif;base64,R0lGODlhAQABAAAAACH5BAEKAAEALAAAAAABAAEAAAICTAEAOw==\" style=\"--smush-placeholder-width: 256px; --smush-placeholder-aspect-ratio: 256\/144;\" \/><img decoding=\"async\" class=\"alignnone wp-image-1428 lazyload\" data-src=\"https:\/\/www.massafmedical.com.br\/loja\/wp-content\/uploads\/2025\/02\/SIEP08-1024x576.png\" alt=\"\" width=\"269\" height=\"151\" data-srcset=\"https:\/\/www.massafmedical.com.br\/loja\/wp-content\/uploads\/2025\/02\/SIEP08-1024x576.png 1024w, https:\/\/www.massafmedical.com.br\/loja\/wp-content\/uploads\/2025\/02\/SIEP08-1433x806.png 1433w, https:\/\/www.massafmedical.com.br\/loja\/wp-content\/uploads\/2025\/02\/SIEP08-768x432.png 768w, https:\/\/www.massafmedical.com.br\/loja\/wp-content\/uploads\/2025\/02\/SIEP08-1536x864.png 1536w, https:\/\/www.massafmedical.com.br\/loja\/wp-content\/uploads\/2025\/02\/SIEP08-2048x1152.png 2048w, https:\/\/www.massafmedical.com.br\/loja\/wp-content\/uploads\/2025\/02\/SIEP08-1320x743.png 1320w, https:\/\/www.massafmedical.com.br\/loja\/wp-content\/uploads\/2025\/02\/SIEP08-600x338.png 600w\" data-sizes=\"(max-width: 269px) 100vw, 269px\" src=\"data:image\/gif;base64,R0lGODlhAQABAAAAACH5BAEKAAEALAAAAAABAAEAAAICTAEAOw==\" style=\"--smush-placeholder-width: 269px; --smush-placeholder-aspect-ratio: 269\/151;\" \/><\/div>\n","protected":false},"excerpt":{"rendered":"<p><strong style=\"color: #545dc8; font-size: 1rem;\">\u00a0 <\/strong><span style=\"font-size: 1rem;\">Desenhado para c\u00e3es e gatos de porte m\u00e9dio a grande, entre 5 a 50 kg, o ZVT-8015 combina um calibre de 8.0 mm com um tubo de 1550 mm. Este modelo \u00e9 perfeito para procedimentos mais abrangentes, oferecendo imagens claras e um canal de trabalho de 2.8 mm, ideal para diagn\u00f3sticos e terapias em animais de maior porte.<\/span><\/p>\n","protected":false},"featured_media":1423,"template":"","meta":[],"product_brand":[],"product_cat":[71,89,96],"product_tag":[],"class_list":{"0":"post-1422","1":"product","2":"type-product","3":"status-publish","4":"has-post-thumbnail","6":"product_cat-equipamentos","7":"product_cat-endoscopia-veterinaria","8":"product_cat-equipamentos-ziontech","10":"first","11":"instock","12":"taxable","13":"shipping-taxable","14":"product-type-simple"},"acf":[],"yoast_head":"<!-- This site is optimized with the Yoast SEO plugin v24.4 - https:\/\/yoast.com\/wordpress\/plugins\/seo\/ -->\n<title>V\u00eddeo Endosc\u00f3pio VET ZIONTECH ZVT-8015 - Massaf Medical<\/title>\n<meta name=\"robots\" content=\"index, follow, max-snippet:-1, max-image-preview:large, max-video-preview:-1\" \/>\n<link rel=\"canonical\" href=\"https:\/\/www.massafmedical.com.br\/loja\/produto\/video-endoscopio-vet-ziontech-zvt-8015\/\" \/>\n<meta property=\"og:locale\" content=\"pt_BR\" \/>\n<meta property=\"og:type\" content=\"article\" \/>\n<meta property=\"og:title\" content=\"V\u00eddeo Endosc\u00f3pio VET ZIONTECH ZVT-8015 - Massaf Medical\" \/>\n<meta property=\"og:description\" content=\"\u00a0 Desenhado para c\u00e3es e gatos de porte m\u00e9dio a grande, entre 5 a 50 kg, o ZVT-8015 combina um calibre de 8.0 mm com um tubo de 1550 mm. Este modelo \u00e9 perfeito para procedimentos mais abrangentes, oferecendo imagens claras e um canal de trabalho de 2.8 mm, ideal para diagn\u00f3sticos e terapias em animais de maior porte.\" \/>\n<meta property=\"og:url\" content=\"https:\/\/www.massafmedical.com.br\/loja\/produto\/video-endoscopio-vet-ziontech-zvt-8015\/\" \/>\n<meta property=\"og:site_name\" content=\"Massaf Medical\" \/>\n<meta property=\"article:publisher\" content=\"http:\/\/www.facebook.com\/MASSAFMEDICAL\" \/>\n<meta property=\"article:modified_time\" content=\"2025-07-24T15:32:12+00:00\" \/>\n<meta property=\"og:image\" content=\"https:\/\/www.massafmedical.com.br\/loja\/wp-content\/uploads\/2025\/02\/SIEP09-1433x806.png\" \/>\n\t<meta property=\"og:image:width\" content=\"1433\" \/>\n\t<meta property=\"og:image:height\" content=\"806\" \/>\n\t<meta property=\"og:image:type\" content=\"image\/png\" \/>\n<meta name=\"twitter:card\" content=\"summary_large_image\" \/>\n<meta name=\"twitter:label1\" content=\"Est. tempo de leitura\" \/>\n\t<meta name=\"twitter:data1\" content=\"2 minutos\" \/>\n<script type=\"application\/ld+json\" class=\"yoast-schema-graph\">{\"@context\":\"https:\/\/schema.org\",\"@graph\":[{\"@type\":\"WebPage\",\"@id\":\"https:\/\/www.massafmedical.com.br\/loja\/produto\/video-endoscopio-vet-ziontech-zvt-8015\/\",\"url\":\"https:\/\/www.massafmedical.com.br\/loja\/produto\/video-endoscopio-vet-ziontech-zvt-8015\/\",\"name\":\"V\u00eddeo Endosc\u00f3pio VET ZIONTECH ZVT-8015 - Massaf Medical\",\"isPartOf\":{\"@id\":\"https:\/\/www.massafmedical.com.br\/loja\/#website\"},\"primaryImageOfPage\":{\"@id\":\"https:\/\/www.massafmedical.com.br\/loja\/produto\/video-endoscopio-vet-ziontech-zvt-8015\/#primaryimage\"},\"image\":{\"@id\":\"https:\/\/www.massafmedical.com.br\/loja\/produto\/video-endoscopio-vet-ziontech-zvt-8015\/#primaryimage\"},\"thumbnailUrl\":\"https:\/\/www.massafmedical.com.br\/loja\/wp-content\/uploads\/2025\/02\/SIEP09.png\",\"datePublished\":\"2025-02-06T14:55:55+00:00\",\"dateModified\":\"2025-07-24T15:32:12+00:00\",\"breadcrumb\":{\"@id\":\"https:\/\/www.massafmedical.com.br\/loja\/produto\/video-endoscopio-vet-ziontech-zvt-8015\/#breadcrumb\"},\"inLanguage\":\"pt-BR\",\"potentialAction\":[{\"@type\":\"ReadAction\",\"target\":[\"https:\/\/www.massafmedical.com.br\/loja\/produto\/video-endoscopio-vet-ziontech-zvt-8015\/\"]}]},{\"@type\":\"ImageObject\",\"inLanguage\":\"pt-BR\",\"@id\":\"https:\/\/www.massafmedical.com.br\/loja\/produto\/video-endoscopio-vet-ziontech-zvt-8015\/#primaryimage\",\"url\":\"https:\/\/www.massafmedical.com.br\/loja\/wp-content\/uploads\/2025\/02\/SIEP09.png\",\"contentUrl\":\"https:\/\/www.massafmedical.com.br\/loja\/wp-content\/uploads\/2025\/02\/SIEP09.png\",\"width\":3840,\"height\":2160},{\"@type\":\"BreadcrumbList\",\"@id\":\"https:\/\/www.massafmedical.com.br\/loja\/produto\/video-endoscopio-vet-ziontech-zvt-8015\/#breadcrumb\",\"itemListElement\":[{\"@type\":\"ListItem\",\"position\":1,\"name\":\"In\u00edcio\",\"item\":\"https:\/\/www.massafmedical.com.br\/loja\/\"},{\"@type\":\"ListItem\",\"position\":2,\"name\":\"Produtos\",\"item\":\"https:\/\/www.massafmedical.com.br\/loja\/nossos-produtos\/\"},{\"@type\":\"ListItem\",\"position\":3,\"name\":\"V\u00eddeo Endosc\u00f3pio VET ZIONTECH ZVT-8015\"}]},{\"@type\":\"WebSite\",\"@id\":\"https:\/\/www.massafmedical.com.br\/loja\/#website\",\"url\":\"https:\/\/www.massafmedical.com.br\/loja\/\",\"name\":\"Massaf Medical\",\"description\":\"\",\"publisher\":{\"@id\":\"https:\/\/www.massafmedical.com.br\/loja\/#organization\"},\"potentialAction\":[{\"@type\":\"SearchAction\",\"target\":{\"@type\":\"EntryPoint\",\"urlTemplate\":\"https:\/\/www.massafmedical.com.br\/loja\/?s={search_term_string}\"},\"query-input\":{\"@type\":\"PropertyValueSpecification\",\"valueRequired\":true,\"valueName\":\"search_term_string\"}}],\"inLanguage\":\"pt-BR\"},{\"@type\":\"Organization\",\"@id\":\"https:\/\/www.massafmedical.com.br\/loja\/#organization\",\"name\":\"Massaf Medical\",\"url\":\"https:\/\/www.massafmedical.com.br\/loja\/\",\"logo\":{\"@type\":\"ImageObject\",\"inLanguage\":\"pt-BR\",\"@id\":\"https:\/\/www.massafmedical.com.br\/loja\/#\/schema\/logo\/image\/\",\"url\":\"http:\/\/www.massafmedical.com.br\/loja\/wp-content\/uploads\/2020\/10\/logotipo-big.png\",\"contentUrl\":\"http:\/\/www.massafmedical.com.br\/loja\/wp-content\/uploads\/2020\/10\/logotipo-big.png\",\"width\":750,\"height\":253,\"caption\":\"Massaf Medical\"},\"image\":{\"@id\":\"https:\/\/www.massafmedical.com.br\/loja\/#\/schema\/logo\/image\/\"},\"sameAs\":[\"http:\/\/www.facebook.com\/MASSAFMEDICAL\"]}]}<\/script>\n<!-- \/ Yoast SEO plugin. -->","yoast_head_json":{"title":"V\u00eddeo Endosc\u00f3pio VET ZIONTECH ZVT-8015 - Massaf Medical","robots":{"index":"index","follow":"follow","max-snippet":"max-snippet:-1","max-image-preview":"max-image-preview:large","max-video-preview":"max-video-preview:-1"},"canonical":"https:\/\/www.massafmedical.com.br\/loja\/produto\/video-endoscopio-vet-ziontech-zvt-8015\/","og_locale":"pt_BR","og_type":"article","og_title":"V\u00eddeo Endosc\u00f3pio VET ZIONTECH ZVT-8015 - Massaf Medical","og_description":"\u00a0 Desenhado para c\u00e3es e gatos de porte m\u00e9dio a grande, entre 5 a 50 kg, o ZVT-8015 combina um calibre de 8.0 mm com um tubo de 1550 mm. Este modelo \u00e9 perfeito para procedimentos mais abrangentes, oferecendo imagens claras e um canal de trabalho de 2.8 mm, ideal para diagn\u00f3sticos e terapias em animais de maior porte.","og_url":"https:\/\/www.massafmedical.com.br\/loja\/produto\/video-endoscopio-vet-ziontech-zvt-8015\/","og_site_name":"Massaf Medical","article_publisher":"http:\/\/www.facebook.com\/MASSAFMEDICAL","article_modified_time":"2025-07-24T15:32:12+00:00","og_image":[{"width":1433,"height":806,"url":"https:\/\/www.massafmedical.com.br\/loja\/wp-content\/uploads\/2025\/02\/SIEP09-1433x806.png","type":"image\/png"}],"twitter_card":"summary_large_image","twitter_misc":{"Est. tempo de leitura":"2 minutos"},"schema":{"@context":"https:\/\/schema.org","@graph":[{"@type":"WebPage","@id":"https:\/\/www.massafmedical.com.br\/loja\/produto\/video-endoscopio-vet-ziontech-zvt-8015\/","url":"https:\/\/www.massafmedical.com.br\/loja\/produto\/video-endoscopio-vet-ziontech-zvt-8015\/","name":"V\u00eddeo Endosc\u00f3pio VET ZIONTECH ZVT-8015 - Massaf Medical","isPartOf":{"@id":"https:\/\/www.massafmedical.com.br\/loja\/#website"},"primaryImageOfPage":{"@id":"https:\/\/www.massafmedical.com.br\/loja\/produto\/video-endoscopio-vet-ziontech-zvt-8015\/#primaryimage"},"image":{"@id":"https:\/\/www.massafmedical.com.br\/loja\/produto\/video-endoscopio-vet-ziontech-zvt-8015\/#primaryimage"},"thumbnailUrl":"https:\/\/www.massafmedical.com.br\/loja\/wp-content\/uploads\/2025\/02\/SIEP09.png","datePublished":"2025-02-06T14:55:55+00:00","dateModified":"2025-07-24T15:32:12+00:00","breadcrumb":{"@id":"https:\/\/www.massafmedical.com.br\/loja\/produto\/video-endoscopio-vet-ziontech-zvt-8015\/#breadcrumb"},"inLanguage":"pt-BR","potentialAction":[{"@type":"ReadAction","target":["https:\/\/www.massafmedical.com.br\/loja\/produto\/video-endoscopio-vet-ziontech-zvt-8015\/"]}]},{"@type":"ImageObject","inLanguage":"pt-BR","@id":"https:\/\/www.massafmedical.com.br\/loja\/produto\/video-endoscopio-vet-ziontech-zvt-8015\/#primaryimage","url":"https:\/\/www.massafmedical.com.br\/loja\/wp-content\/uploads\/2025\/02\/SIEP09.png","contentUrl":"https:\/\/www.massafmedical.com.br\/loja\/wp-content\/uploads\/2025\/02\/SIEP09.png","width":3840,"height":2160},{"@type":"BreadcrumbList","@id":"https:\/\/www.massafmedical.com.br\/loja\/produto\/video-endoscopio-vet-ziontech-zvt-8015\/#breadcrumb","itemListElement":[{"@type":"ListItem","position":1,"name":"In\u00edcio","item":"https:\/\/www.massafmedical.com.br\/loja\/"},{"@type":"ListItem","position":2,"name":"Produtos","item":"https:\/\/www.massafmedical.com.br\/loja\/nossos-produtos\/"},{"@type":"ListItem","position":3,"name":"V\u00eddeo Endosc\u00f3pio VET ZIONTECH ZVT-8015"}]},{"@type":"WebSite","@id":"https:\/\/www.massafmedical.com.br\/loja\/#website","url":"https:\/\/www.massafmedical.com.br\/loja\/","name":"Massaf Medical","description":"","publisher":{"@id":"https:\/\/www.massafmedical.com.br\/loja\/#organization"},"potentialAction":[{"@type":"SearchAction","target":{"@type":"EntryPoint","urlTemplate":"https:\/\/www.massafmedical.com.br\/loja\/?s={search_term_string}"},"query-input":{"@type":"PropertyValueSpecification","valueRequired":true,"valueName":"search_term_string"}}],"inLanguage":"pt-BR"},{"@type":"Organization","@id":"https:\/\/www.massafmedical.com.br\/loja\/#organization","name":"Massaf Medical","url":"https:\/\/www.massafmedical.com.br\/loja\/","logo":{"@type":"ImageObject","inLanguage":"pt-BR","@id":"https:\/\/www.massafmedical.com.br\/loja\/#\/schema\/logo\/image\/","url":"http:\/\/www.massafmedical.com.br\/loja\/wp-content\/uploads\/2020\/10\/logotipo-big.png","contentUrl":"http:\/\/www.massafmedical.com.br\/loja\/wp-content\/uploads\/2020\/10\/logotipo-big.png","width":750,"height":253,"caption":"Massaf Medical"},"image":{"@id":"https:\/\/www.massafmedical.com.br\/loja\/#\/schema\/logo\/image\/"},"sameAs":["http:\/\/www.facebook.com\/MASSAFMEDICAL"]}]}},"_links":{"self":[{"href":"https:\/\/www.massafmedical.com.br\/loja\/wp-json\/wp\/v2\/product\/1422","targetHints":{"allow":["GET"]}}],"collection":[{"href":"https:\/\/www.massafmedical.com.br\/loja\/wp-json\/wp\/v2\/product"}],"about":[{"href":"https:\/\/www.massafmedical.com.br\/loja\/wp-json\/wp\/v2\/types\/product"}],"wp:featuredmedia":[{"embeddable":true,"href":"https:\/\/www.massafmedical.com.br\/loja\/wp-json\/wp\/v2\/media\/1423"}],"wp:attachment":[{"href":"https:\/\/www.massafmedical.com.br\/loja\/wp-json\/wp\/v2\/media?parent=1422"}],"wp:term":[{"taxonomy":"product_brand","embeddable":true,"href":"https:\/\/www.massafmedical.com.br\/loja\/wp-json\/wp\/v2\/product_brand?post=1422"},{"taxonomy":"product_cat","embeddable":true,"href":"https:\/\/www.massafmedical.com.br\/loja\/wp-json\/wp\/v2\/product_cat?post=1422"},{"taxonomy":"product_tag","embeddable":true,"href":"https:\/\/www.massafmedical.com.br\/loja\/wp-json\/wp\/v2\/product_tag?post=1422"}],"curies":[{"name":"wp","href":"https:\/\/api.w.org\/{rel}","templated":true}]}}