{"id":1415,"date":"2025-02-06T11:41:06","date_gmt":"2025-02-06T14:41:06","guid":{"rendered":"https:\/\/www.massafmedical.com.br\/loja\/?post_type=product&#038;p=1415"},"modified":"2025-07-24T12:22:52","modified_gmt":"2025-07-24T15:22:52","slug":"processadora-integrada-siep-i-ziontech","status":"publish","type":"product","link":"https:\/\/www.massafmedical.com.br\/loja\/produto\/processadora-integrada-siep-i-ziontech\/","title":{"rendered":"Processadora Integrada SIEP I ZIONTECH"},"content":{"rendered":"<div>\n<div id=\"product-wrapper\" class=\"product-wrapper\">\n<div class=\"product-tabs\">\n<div class=\"tabs-content\">\n<div id=\"descricao\" class=\"tab rte description-ab active\">\n<p>A<em><strong> processadora integrada SIEP I\u00a0<\/strong><\/em>\u00e9 um\u00a0equipamento extremamente leve,\u00a0de f\u00e1cil transporte e de alta qualidade.\u00a0Feito especificamente para\u00a0m\u00e9dicos que est\u00e3o iniciando na endoscopia e volantes que precisam\u00a0se locomover e atender em v\u00e1rios ambientes e\/ou cidades\u00a0difrerentes. Nosso principal\u00a0diferencial \u00e9 n\u00e3o ter um modulo de led ou l\u00e2mpada xenon no equipamento, reduzindo significativamente os custos de manuten\u00e7\u00e3o.<\/p>\n<\/div>\n<div class=\"elementor-column elementor-col-33 elementor-inner-column elementor-element elementor-element-dde71fd\" data-id=\"dde71fd\" data-element_type=\"column\" data-settings=\"{&quot;background_background&quot;:&quot;classic&quot;}\">\n<div class=\"elementor-widget-wrap elementor-element-populated\">\n<div class=\"elementor-element elementor-element-10d8a55 elementor-widget elementor-widget-heading animated fadeIn\" data-id=\"10d8a55\" data-element_type=\"widget\" data-settings=\"{&quot;_animation&quot;:&quot;fadeIn&quot;}\" data-widget_type=\"heading.default\">\n<div class=\"elementor-widget-container\">\n<h6 class=\"elementor-heading-title elementor-size-default\"><\/h6>\n<\/div>\n<\/div>\n<div class=\"elementor-widget-container\">&#8211; <strong>Ganhe mais tempo e agilidade na sua rotina:\u00a0<\/strong> Desenhado para o veterin\u00e1rio volante, o SIEP I ZVET \u00e9 o\u00a0endosc\u00f3pio mais leve do mundo, ideal para transporte f\u00e1cil e agilidade na rotina veterin\u00e1ria.<\/div>\n<div><\/div>\n<\/div>\n<\/div>\n<div class=\"elementor-element elementor-element-8eb4c0e elementor-widget elementor-widget-heading animated fadeIn\" data-id=\"8eb4c0e\" data-element_type=\"widget\" data-settings=\"{&quot;_animation&quot;:&quot;fadeIn&quot;}\" data-widget_type=\"heading.default\">\n<div class=\"elementor-widget-container\">&#8211;<strong> Economize at\u00e9 R$4.350,00 ao ano:<\/strong> <span style=\"font-size: 1rem;\">O \u00fanico sem fonte de luz e com tecnologia LED na ponta, O SIEP I ZVET reduz os custos de manuten\u00e7\u00e3o e garante retorno sobre o investimento mais r\u00e1pido.<\/span><\/div>\n<div><\/div>\n<\/div>\n<div class=\"elementor-column elementor-col-33 elementor-inner-column elementor-element elementor-element-e83a517\" data-id=\"e83a517\" data-element_type=\"column\" data-settings=\"{&quot;background_background&quot;:&quot;classic&quot;}\">\n<div class=\"elementor-widget-wrap elementor-element-populated\">\n<p>&#8211; <strong>Amplie as possibilidades de atendimentos: <\/strong><span style=\"font-size: 1rem;\">Tenha a flexibilidade para atender c\u00e3es, gatos, equinos e animais silvestres com a linha de endosc\u00f3pios flex\u00edveis ZVET\u00ae e maximize seus ganhos.<\/span><\/p>\n<div class=\"elementor-element elementor-element-13ffb81 elementor-widget elementor-widget-text-editor\" data-id=\"13ffb81\" data-element_type=\"widget\" data-widget_type=\"text-editor.default\">\n<div><\/div>\n<\/div>\n<\/div>\n<\/div>\n<div id=\"descricao\" class=\"tab rte description-ab active\">\n<p><strong>Especifica\u00e7\u00f5es T\u00e9cnicas:<\/strong><br \/>\nPossui balan\u00e7o de Branco(White Balance-AWB)\uff1b<br \/>\nSele\u00e7\u00e3o de modos ALC: m\u00e9dia e pico de ALC\uff1b<br \/>\nPossui realce de contorno;<br \/>\nPossui aprimoramento de imagem;<br \/>\nPossui brilho de imagem e fun\u00e7\u00e3o de ajuste de satura\u00e7\u00e3o de cor;<br \/>\nPossui fun\u00e7\u00f5es de congelamento de imagem e fun\u00e7\u00f5es de grava\u00e7\u00e3o e reprodu\u00e7\u00e3o. \u00c9 poss\u00edvel congelar imagens em tempo real e reproduzir imagens ou v\u00eddeos armazenados;<br \/>\nFun\u00e7\u00e3o de salvar par\u00e2metros;<br \/>\nTeclado par introdu\u00e7\u00e3o de dados do paciente e usu\u00e1rio (opcional)<br \/>\nMonitor de v\u00eddeo incorporado para uso com\u00a0equipamento.<br \/>\nCategoria: Tipo BF Classe I<br \/>\nGrau de prote\u00e7\u00e3o do equipamento contra l\u00edquidos nocivos: equipamento comum<\/p>\n<p><strong>Peso:<\/strong>\u00a04,5 Kgs<\/p>\n<p><strong>Acompanha:\u00a0<\/strong>01 Maleta para transporte, 01 Teclado para ajustes, 01 Cabo de alimenta\u00e7\u00e3o, 02 Fus\u00edveis\uff08T1.6 A \u00a0L 250V A), 01\u00a0Manual do Usu\u00e1rio, 01 Certificado de Qualidade , 01 Cabo de V\u00eddeo;<\/p>\n<\/div>\n<\/div>\n<\/div>\n<\/div>\n<div class=\"section-product-related\">\n<div class=\"container\">\n<div class=\"section-header\"><\/div>\n<\/div>\n<\/div>\n<\/div>\n<div><\/div>\n<div class=\"product-sku\">Ref:\u00a0<span id=\"product-reference\" class=\"product-sku ref\" data-url=\"\/mvc\/store\/product\/variant_reference\/?loja=758386\">0000007958344<\/span><\/div>\n<div class=\"product-brand\">Marca: Ziontech<\/div>\n<div class=\"product-brand\">Modelo: SIEP I<\/div>\n<div><\/div>\n<div>\n<div style=\"width: 1080px;\" class=\"wp-video\"><!--[if lt IE 9]><script>document.createElement('video');<\/script><![endif]-->\n<video class=\"wp-video-shortcode\" id=\"video-1415-1\" width=\"1080\" height=\"1920\" preload=\"metadata\" controls=\"controls\"><source type=\"video\/mp4\" src=\"https:\/\/www.massafmedical.com.br\/loja\/wp-content\/uploads\/2025\/02\/3-Diferencas-do-SIEP.mp4?_=1\" \/><a href=\"https:\/\/www.massafmedical.com.br\/loja\/wp-content\/uploads\/2025\/02\/3-Diferencas-do-SIEP.mp4\">https:\/\/www.massafmedical.com.br\/loja\/wp-content\/uploads\/2025\/02\/3-Diferencas-do-SIEP.mp4<\/a><\/video><\/div>\n<\/div>\n","protected":false},"excerpt":{"rendered":"<p>A processadora integrada SIEP I\u00a0\u00e9 um\u00a0equipamento extremamente leve,\u00a0de f\u00e1cil transporte e de alta qualidade.\u00a0Feito especificamente para\u00a0m\u00e9dicos que est\u00e3o iniciando na endoscopia e volantes que precisam\u00a0se locomover e atender em v\u00e1rios ambientes e\/ou cidades\u00a0difrerentes. Nosso principal\u00a0diferencial \u00e9 n\u00e3o ter um modulo de led ou l\u00e2mpada xenon no equipamento, reduzindo significativamente os custos de manuten\u00e7\u00e3o. &#8211; Ganhe &hellip; <a href=\"https:\/\/www.massafmedical.com.br\/loja\/produto\/processadora-integrada-siep-i-ziontech\/\">Continua<\/a><\/p>\n","protected":false},"featured_media":1421,"template":"","meta":[],"product_brand":[],"product_cat":[71,89,96],"product_tag":[],"class_list":{"0":"post-1415","1":"product","2":"type-product","3":"status-publish","4":"has-post-thumbnail","6":"product_cat-equipamentos","7":"product_cat-endoscopia-veterinaria","8":"product_cat-equipamentos-ziontech","10":"first","11":"instock","12":"taxable","13":"shipping-taxable","14":"product-type-simple"},"acf":[],"yoast_head":"<!-- This site is optimized with the Yoast SEO plugin v24.4 - https:\/\/yoast.com\/wordpress\/plugins\/seo\/ -->\n<title>Processadora Integrada SIEP I ZIONTECH - Massaf Medical<\/title>\n<meta name=\"robots\" content=\"index, follow, max-snippet:-1, max-image-preview:large, max-video-preview:-1\" \/>\n<link rel=\"canonical\" href=\"https:\/\/www.massafmedical.com.br\/loja\/produto\/processadora-integrada-siep-i-ziontech\/\" \/>\n<meta property=\"og:locale\" content=\"pt_BR\" \/>\n<meta property=\"og:type\" content=\"article\" \/>\n<meta property=\"og:title\" content=\"Processadora Integrada SIEP I ZIONTECH - Massaf Medical\" \/>\n<meta property=\"og:description\" content=\"A processadora integrada SIEP I\u00a0\u00e9 um\u00a0equipamento extremamente leve,\u00a0de f\u00e1cil transporte e de alta qualidade.\u00a0Feito especificamente para\u00a0m\u00e9dicos que est\u00e3o iniciando na endoscopia e volantes que precisam\u00a0se locomover e atender em v\u00e1rios ambientes e\/ou cidades\u00a0difrerentes. Nosso principal\u00a0diferencial \u00e9 n\u00e3o ter um modulo de led ou l\u00e2mpada xenon no equipamento, reduzindo significativamente os custos de manuten\u00e7\u00e3o. &#8211; Ganhe &hellip; Continua\" \/>\n<meta property=\"og:url\" content=\"https:\/\/www.massafmedical.com.br\/loja\/produto\/processadora-integrada-siep-i-ziontech\/\" \/>\n<meta property=\"og:site_name\" content=\"Massaf Medical\" \/>\n<meta property=\"article:publisher\" content=\"http:\/\/www.facebook.com\/MASSAFMEDICAL\" \/>\n<meta property=\"article:modified_time\" content=\"2025-07-24T15:22:52+00:00\" \/>\n<meta property=\"og:image\" content=\"https:\/\/www.massafmedical.com.br\/loja\/wp-content\/uploads\/2025\/02\/SIEP-ESQUINA1-.jpg\" \/>\n\t<meta property=\"og:image:width\" content=\"2100\" \/>\n\t<meta property=\"og:image:height\" content=\"1576\" \/>\n\t<meta property=\"og:image:type\" content=\"image\/jpeg\" \/>\n<meta name=\"twitter:card\" content=\"summary_large_image\" \/>\n<meta name=\"twitter:label1\" content=\"Est. tempo de leitura\" \/>\n\t<meta name=\"twitter:data1\" content=\"2 minutos\" \/>\n<script type=\"application\/ld+json\" class=\"yoast-schema-graph\">{\"@context\":\"https:\/\/schema.org\",\"@graph\":[{\"@type\":\"WebPage\",\"@id\":\"https:\/\/www.massafmedical.com.br\/loja\/produto\/processadora-integrada-siep-i-ziontech\/\",\"url\":\"https:\/\/www.massafmedical.com.br\/loja\/produto\/processadora-integrada-siep-i-ziontech\/\",\"name\":\"Processadora Integrada SIEP I ZIONTECH - Massaf Medical\",\"isPartOf\":{\"@id\":\"https:\/\/www.massafmedical.com.br\/loja\/#website\"},\"primaryImageOfPage\":{\"@id\":\"https:\/\/www.massafmedical.com.br\/loja\/produto\/processadora-integrada-siep-i-ziontech\/#primaryimage\"},\"image\":{\"@id\":\"https:\/\/www.massafmedical.com.br\/loja\/produto\/processadora-integrada-siep-i-ziontech\/#primaryimage\"},\"thumbnailUrl\":\"https:\/\/www.massafmedical.com.br\/loja\/wp-content\/uploads\/2025\/02\/SIEP-ESQUINA1-.jpg\",\"datePublished\":\"2025-02-06T14:41:06+00:00\",\"dateModified\":\"2025-07-24T15:22:52+00:00\",\"breadcrumb\":{\"@id\":\"https:\/\/www.massafmedical.com.br\/loja\/produto\/processadora-integrada-siep-i-ziontech\/#breadcrumb\"},\"inLanguage\":\"pt-BR\",\"potentialAction\":[{\"@type\":\"ReadAction\",\"target\":[\"https:\/\/www.massafmedical.com.br\/loja\/produto\/processadora-integrada-siep-i-ziontech\/\"]}]},{\"@type\":\"ImageObject\",\"inLanguage\":\"pt-BR\",\"@id\":\"https:\/\/www.massafmedical.com.br\/loja\/produto\/processadora-integrada-siep-i-ziontech\/#primaryimage\",\"url\":\"https:\/\/www.massafmedical.com.br\/loja\/wp-content\/uploads\/2025\/02\/SIEP-ESQUINA1-.jpg\",\"contentUrl\":\"https:\/\/www.massafmedical.com.br\/loja\/wp-content\/uploads\/2025\/02\/SIEP-ESQUINA1-.jpg\",\"width\":2100,\"height\":1576},{\"@type\":\"BreadcrumbList\",\"@id\":\"https:\/\/www.massafmedical.com.br\/loja\/produto\/processadora-integrada-siep-i-ziontech\/#breadcrumb\",\"itemListElement\":[{\"@type\":\"ListItem\",\"position\":1,\"name\":\"In\u00edcio\",\"item\":\"https:\/\/www.massafmedical.com.br\/loja\/\"},{\"@type\":\"ListItem\",\"position\":2,\"name\":\"Produtos\",\"item\":\"https:\/\/www.massafmedical.com.br\/loja\/nossos-produtos\/\"},{\"@type\":\"ListItem\",\"position\":3,\"name\":\"Processadora Integrada SIEP I ZIONTECH\"}]},{\"@type\":\"WebSite\",\"@id\":\"https:\/\/www.massafmedical.com.br\/loja\/#website\",\"url\":\"https:\/\/www.massafmedical.com.br\/loja\/\",\"name\":\"Massaf Medical\",\"description\":\"\",\"publisher\":{\"@id\":\"https:\/\/www.massafmedical.com.br\/loja\/#organization\"},\"potentialAction\":[{\"@type\":\"SearchAction\",\"target\":{\"@type\":\"EntryPoint\",\"urlTemplate\":\"https:\/\/www.massafmedical.com.br\/loja\/?s={search_term_string}\"},\"query-input\":{\"@type\":\"PropertyValueSpecification\",\"valueRequired\":true,\"valueName\":\"search_term_string\"}}],\"inLanguage\":\"pt-BR\"},{\"@type\":\"Organization\",\"@id\":\"https:\/\/www.massafmedical.com.br\/loja\/#organization\",\"name\":\"Massaf Medical\",\"url\":\"https:\/\/www.massafmedical.com.br\/loja\/\",\"logo\":{\"@type\":\"ImageObject\",\"inLanguage\":\"pt-BR\",\"@id\":\"https:\/\/www.massafmedical.com.br\/loja\/#\/schema\/logo\/image\/\",\"url\":\"http:\/\/www.massafmedical.com.br\/loja\/wp-content\/uploads\/2020\/10\/logotipo-big.png\",\"contentUrl\":\"http:\/\/www.massafmedical.com.br\/loja\/wp-content\/uploads\/2020\/10\/logotipo-big.png\",\"width\":750,\"height\":253,\"caption\":\"Massaf Medical\"},\"image\":{\"@id\":\"https:\/\/www.massafmedical.com.br\/loja\/#\/schema\/logo\/image\/\"},\"sameAs\":[\"http:\/\/www.facebook.com\/MASSAFMEDICAL\"]}]}<\/script>\n<!-- \/ Yoast SEO plugin. -->","yoast_head_json":{"title":"Processadora Integrada SIEP I ZIONTECH - Massaf Medical","robots":{"index":"index","follow":"follow","max-snippet":"max-snippet:-1","max-image-preview":"max-image-preview:large","max-video-preview":"max-video-preview:-1"},"canonical":"https:\/\/www.massafmedical.com.br\/loja\/produto\/processadora-integrada-siep-i-ziontech\/","og_locale":"pt_BR","og_type":"article","og_title":"Processadora Integrada SIEP I ZIONTECH - Massaf Medical","og_description":"A processadora integrada SIEP I\u00a0\u00e9 um\u00a0equipamento extremamente leve,\u00a0de f\u00e1cil transporte e de alta qualidade.\u00a0Feito especificamente para\u00a0m\u00e9dicos que est\u00e3o iniciando na endoscopia e volantes que precisam\u00a0se locomover e atender em v\u00e1rios ambientes e\/ou cidades\u00a0difrerentes. Nosso principal\u00a0diferencial \u00e9 n\u00e3o ter um modulo de led ou l\u00e2mpada xenon no equipamento, reduzindo significativamente os custos de manuten\u00e7\u00e3o. &#8211; Ganhe &hellip; Continua","og_url":"https:\/\/www.massafmedical.com.br\/loja\/produto\/processadora-integrada-siep-i-ziontech\/","og_site_name":"Massaf Medical","article_publisher":"http:\/\/www.facebook.com\/MASSAFMEDICAL","article_modified_time":"2025-07-24T15:22:52+00:00","og_image":[{"width":2100,"height":1576,"url":"https:\/\/www.massafmedical.com.br\/loja\/wp-content\/uploads\/2025\/02\/SIEP-ESQUINA1-.jpg","type":"image\/jpeg"}],"twitter_card":"summary_large_image","twitter_misc":{"Est. tempo de leitura":"2 minutos"},"schema":{"@context":"https:\/\/schema.org","@graph":[{"@type":"WebPage","@id":"https:\/\/www.massafmedical.com.br\/loja\/produto\/processadora-integrada-siep-i-ziontech\/","url":"https:\/\/www.massafmedical.com.br\/loja\/produto\/processadora-integrada-siep-i-ziontech\/","name":"Processadora Integrada SIEP I ZIONTECH - Massaf Medical","isPartOf":{"@id":"https:\/\/www.massafmedical.com.br\/loja\/#website"},"primaryImageOfPage":{"@id":"https:\/\/www.massafmedical.com.br\/loja\/produto\/processadora-integrada-siep-i-ziontech\/#primaryimage"},"image":{"@id":"https:\/\/www.massafmedical.com.br\/loja\/produto\/processadora-integrada-siep-i-ziontech\/#primaryimage"},"thumbnailUrl":"https:\/\/www.massafmedical.com.br\/loja\/wp-content\/uploads\/2025\/02\/SIEP-ESQUINA1-.jpg","datePublished":"2025-02-06T14:41:06+00:00","dateModified":"2025-07-24T15:22:52+00:00","breadcrumb":{"@id":"https:\/\/www.massafmedical.com.br\/loja\/produto\/processadora-integrada-siep-i-ziontech\/#breadcrumb"},"inLanguage":"pt-BR","potentialAction":[{"@type":"ReadAction","target":["https:\/\/www.massafmedical.com.br\/loja\/produto\/processadora-integrada-siep-i-ziontech\/"]}]},{"@type":"ImageObject","inLanguage":"pt-BR","@id":"https:\/\/www.massafmedical.com.br\/loja\/produto\/processadora-integrada-siep-i-ziontech\/#primaryimage","url":"https:\/\/www.massafmedical.com.br\/loja\/wp-content\/uploads\/2025\/02\/SIEP-ESQUINA1-.jpg","contentUrl":"https:\/\/www.massafmedical.com.br\/loja\/wp-content\/uploads\/2025\/02\/SIEP-ESQUINA1-.jpg","width":2100,"height":1576},{"@type":"BreadcrumbList","@id":"https:\/\/www.massafmedical.com.br\/loja\/produto\/processadora-integrada-siep-i-ziontech\/#breadcrumb","itemListElement":[{"@type":"ListItem","position":1,"name":"In\u00edcio","item":"https:\/\/www.massafmedical.com.br\/loja\/"},{"@type":"ListItem","position":2,"name":"Produtos","item":"https:\/\/www.massafmedical.com.br\/loja\/nossos-produtos\/"},{"@type":"ListItem","position":3,"name":"Processadora Integrada SIEP I ZIONTECH"}]},{"@type":"WebSite","@id":"https:\/\/www.massafmedical.com.br\/loja\/#website","url":"https:\/\/www.massafmedical.com.br\/loja\/","name":"Massaf Medical","description":"","publisher":{"@id":"https:\/\/www.massafmedical.com.br\/loja\/#organization"},"potentialAction":[{"@type":"SearchAction","target":{"@type":"EntryPoint","urlTemplate":"https:\/\/www.massafmedical.com.br\/loja\/?s={search_term_string}"},"query-input":{"@type":"PropertyValueSpecification","valueRequired":true,"valueName":"search_term_string"}}],"inLanguage":"pt-BR"},{"@type":"Organization","@id":"https:\/\/www.massafmedical.com.br\/loja\/#organization","name":"Massaf Medical","url":"https:\/\/www.massafmedical.com.br\/loja\/","logo":{"@type":"ImageObject","inLanguage":"pt-BR","@id":"https:\/\/www.massafmedical.com.br\/loja\/#\/schema\/logo\/image\/","url":"http:\/\/www.massafmedical.com.br\/loja\/wp-content\/uploads\/2020\/10\/logotipo-big.png","contentUrl":"http:\/\/www.massafmedical.com.br\/loja\/wp-content\/uploads\/2020\/10\/logotipo-big.png","width":750,"height":253,"caption":"Massaf Medical"},"image":{"@id":"https:\/\/www.massafmedical.com.br\/loja\/#\/schema\/logo\/image\/"},"sameAs":["http:\/\/www.facebook.com\/MASSAFMEDICAL"]}]}},"_links":{"self":[{"href":"https:\/\/www.massafmedical.com.br\/loja\/wp-json\/wp\/v2\/product\/1415","targetHints":{"allow":["GET"]}}],"collection":[{"href":"https:\/\/www.massafmedical.com.br\/loja\/wp-json\/wp\/v2\/product"}],"about":[{"href":"https:\/\/www.massafmedical.com.br\/loja\/wp-json\/wp\/v2\/types\/product"}],"wp:featuredmedia":[{"embeddable":true,"href":"https:\/\/www.massafmedical.com.br\/loja\/wp-json\/wp\/v2\/media\/1421"}],"wp:attachment":[{"href":"https:\/\/www.massafmedical.com.br\/loja\/wp-json\/wp\/v2\/media?parent=1415"}],"wp:term":[{"taxonomy":"product_brand","embeddable":true,"href":"https:\/\/www.massafmedical.com.br\/loja\/wp-json\/wp\/v2\/product_brand?post=1415"},{"taxonomy":"product_cat","embeddable":true,"href":"https:\/\/www.massafmedical.com.br\/loja\/wp-json\/wp\/v2\/product_cat?post=1415"},{"taxonomy":"product_tag","embeddable":true,"href":"https:\/\/www.massafmedical.com.br\/loja\/wp-json\/wp\/v2\/product_tag?post=1415"}],"curies":[{"name":"wp","href":"https:\/\/api.w.org\/{rel}","templated":true}]}}