{"id":1278,"date":"2025-01-28T09:59:01","date_gmt":"2025-01-28T12:59:01","guid":{"rendered":"https:\/\/www.massafmedical.com.br\/loja\/?post_type=product&#038;p=1278"},"modified":"2025-03-25T13:04:14","modified_gmt":"2025-03-25T16:04:14","slug":"timer-digital-p-lampada-xenon-pe300bfa","status":"publish","type":"product","link":"https:\/\/www.massafmedical.com.br\/loja\/produto\/timer-digital-p-lampada-xenon-pe300bfa\/","title":{"rendered":"Timer Digital p\/ L\u00e2mpada Xenon PE300BFA"},"content":{"rendered":"<p>Ideal para equipamentos m\u00e9dicos e de proje\u00e7\u00e3o, o <strong>Timer Digital<\/strong> oferece controle eficiente, aumentando a confiabilidade e a seguran\u00e7a do equipamento.<\/p>\n<p>Ref:\u00a0<span id=\"product-reference\" class=\"product-sku ref\" data-url=\"\/mvc\/store\/product\/variant_reference\/?loja=758386\">0000000795462<\/span><\/p>\n","protected":false},"excerpt":{"rendered":"<p>O <strong>Timer Digital para L\u00e2mpada Xenon PE300BFA<\/strong> \u00e9 um dispositivo eletr\u00f4nico projetado para monitorar e controlar o tempo de uso da l\u00e2mpada <strong>Xenon PE300BFA<\/strong>. Ele ajuda a garantir o funcionamento adequado e a prolongar a vida \u00fatil da l\u00e2mpada, alertando quando \u00e9 necess\u00e1rio realizar a troca ou manuten\u00e7\u00e3o. Este timer \u00e9 essencial para sistemas que utilizam l\u00e2mpadas Xenon, pois permite o acompanhamento preciso da opera\u00e7\u00e3o e evita o desgaste prematuro.<\/p>\n","protected":false},"featured_media":1281,"template":"","meta":[],"product_brand":[],"product_cat":[65],"product_tag":[],"class_list":{"0":"post-1278","1":"product","2":"type-product","3":"status-publish","4":"has-post-thumbnail","6":"product_cat-lampada-para-uso-medicos-processadoras","8":"first","9":"instock","10":"taxable","11":"shipping-taxable","12":"product-type-simple"},"acf":[],"yoast_head":"<!-- This site is optimized with the Yoast SEO plugin v24.4 - https:\/\/yoast.com\/wordpress\/plugins\/seo\/ -->\n<title>Timer Digital p\/ L\u00e2mpada Xenon PE300BFA - Massaf Medical<\/title>\n<meta name=\"robots\" content=\"index, follow, max-snippet:-1, max-image-preview:large, max-video-preview:-1\" \/>\n<link rel=\"canonical\" href=\"https:\/\/www.massafmedical.com.br\/loja\/produto\/timer-digital-p-lampada-xenon-pe300bfa\/\" \/>\n<meta property=\"og:locale\" content=\"pt_BR\" \/>\n<meta property=\"og:type\" content=\"article\" \/>\n<meta property=\"og:title\" content=\"Timer Digital p\/ L\u00e2mpada Xenon PE300BFA - Massaf Medical\" \/>\n<meta property=\"og:description\" content=\"O Timer Digital para L\u00e2mpada Xenon PE300BFA \u00e9 um dispositivo eletr\u00f4nico projetado para monitorar e controlar o tempo de uso da l\u00e2mpada Xenon PE300BFA. Ele ajuda a garantir o funcionamento adequado e a prolongar a vida \u00fatil da l\u00e2mpada, alertando quando \u00e9 necess\u00e1rio realizar a troca ou manuten\u00e7\u00e3o. Este timer \u00e9 essencial para sistemas que utilizam l\u00e2mpadas Xenon, pois permite o acompanhamento preciso da opera\u00e7\u00e3o e evita o desgaste prematuro.\" \/>\n<meta property=\"og:url\" content=\"https:\/\/www.massafmedical.com.br\/loja\/produto\/timer-digital-p-lampada-xenon-pe300bfa\/\" \/>\n<meta property=\"og:site_name\" content=\"Massaf Medical\" \/>\n<meta property=\"article:publisher\" content=\"http:\/\/www.facebook.com\/MASSAFMEDICAL\" \/>\n<meta property=\"article:modified_time\" content=\"2025-03-25T16:04:14+00:00\" \/>\n<meta property=\"og:image\" content=\"https:\/\/www.massafmedical.com.br\/loja\/wp-content\/uploads\/2025\/01\/TIMER-DIGITAL-LUXTEL-XENON-300W.jpg\" \/>\n\t<meta property=\"og:image:width\" content=\"600\" \/>\n\t<meta property=\"og:image:height\" content=\"600\" \/>\n\t<meta property=\"og:image:type\" content=\"image\/jpeg\" \/>\n<meta name=\"twitter:card\" content=\"summary_large_image\" \/>\n<meta name=\"twitter:label1\" content=\"Est. tempo de leitura\" \/>\n\t<meta name=\"twitter:data1\" content=\"1 minuto\" \/>\n<script type=\"application\/ld+json\" class=\"yoast-schema-graph\">{\"@context\":\"https:\/\/schema.org\",\"@graph\":[{\"@type\":\"WebPage\",\"@id\":\"https:\/\/www.massafmedical.com.br\/loja\/produto\/timer-digital-p-lampada-xenon-pe300bfa\/\",\"url\":\"https:\/\/www.massafmedical.com.br\/loja\/produto\/timer-digital-p-lampada-xenon-pe300bfa\/\",\"name\":\"Timer Digital p\/ L\u00e2mpada Xenon PE300BFA - Massaf Medical\",\"isPartOf\":{\"@id\":\"https:\/\/www.massafmedical.com.br\/loja\/#website\"},\"primaryImageOfPage\":{\"@id\":\"https:\/\/www.massafmedical.com.br\/loja\/produto\/timer-digital-p-lampada-xenon-pe300bfa\/#primaryimage\"},\"image\":{\"@id\":\"https:\/\/www.massafmedical.com.br\/loja\/produto\/timer-digital-p-lampada-xenon-pe300bfa\/#primaryimage\"},\"thumbnailUrl\":\"https:\/\/www.massafmedical.com.br\/loja\/wp-content\/uploads\/2025\/01\/TIMER-DIGITAL-LUXTEL-XENON-300W.jpg\",\"datePublished\":\"2025-01-28T12:59:01+00:00\",\"dateModified\":\"2025-03-25T16:04:14+00:00\",\"breadcrumb\":{\"@id\":\"https:\/\/www.massafmedical.com.br\/loja\/produto\/timer-digital-p-lampada-xenon-pe300bfa\/#breadcrumb\"},\"inLanguage\":\"pt-BR\",\"potentialAction\":[{\"@type\":\"ReadAction\",\"target\":[\"https:\/\/www.massafmedical.com.br\/loja\/produto\/timer-digital-p-lampada-xenon-pe300bfa\/\"]}]},{\"@type\":\"ImageObject\",\"inLanguage\":\"pt-BR\",\"@id\":\"https:\/\/www.massafmedical.com.br\/loja\/produto\/timer-digital-p-lampada-xenon-pe300bfa\/#primaryimage\",\"url\":\"https:\/\/www.massafmedical.com.br\/loja\/wp-content\/uploads\/2025\/01\/TIMER-DIGITAL-LUXTEL-XENON-300W.jpg\",\"contentUrl\":\"https:\/\/www.massafmedical.com.br\/loja\/wp-content\/uploads\/2025\/01\/TIMER-DIGITAL-LUXTEL-XENON-300W.jpg\",\"width\":600,\"height\":600},{\"@type\":\"BreadcrumbList\",\"@id\":\"https:\/\/www.massafmedical.com.br\/loja\/produto\/timer-digital-p-lampada-xenon-pe300bfa\/#breadcrumb\",\"itemListElement\":[{\"@type\":\"ListItem\",\"position\":1,\"name\":\"In\u00edcio\",\"item\":\"https:\/\/www.massafmedical.com.br\/loja\/\"},{\"@type\":\"ListItem\",\"position\":2,\"name\":\"Produtos\",\"item\":\"https:\/\/www.massafmedical.com.br\/loja\/nossos-produtos\/\"},{\"@type\":\"ListItem\",\"position\":3,\"name\":\"Timer Digital p\/ L\u00e2mpada Xenon PE300BFA\"}]},{\"@type\":\"WebSite\",\"@id\":\"https:\/\/www.massafmedical.com.br\/loja\/#website\",\"url\":\"https:\/\/www.massafmedical.com.br\/loja\/\",\"name\":\"Massaf Medical\",\"description\":\"\",\"publisher\":{\"@id\":\"https:\/\/www.massafmedical.com.br\/loja\/#organization\"},\"potentialAction\":[{\"@type\":\"SearchAction\",\"target\":{\"@type\":\"EntryPoint\",\"urlTemplate\":\"https:\/\/www.massafmedical.com.br\/loja\/?s={search_term_string}\"},\"query-input\":{\"@type\":\"PropertyValueSpecification\",\"valueRequired\":true,\"valueName\":\"search_term_string\"}}],\"inLanguage\":\"pt-BR\"},{\"@type\":\"Organization\",\"@id\":\"https:\/\/www.massafmedical.com.br\/loja\/#organization\",\"name\":\"Massaf Medical\",\"url\":\"https:\/\/www.massafmedical.com.br\/loja\/\",\"logo\":{\"@type\":\"ImageObject\",\"inLanguage\":\"pt-BR\",\"@id\":\"https:\/\/www.massafmedical.com.br\/loja\/#\/schema\/logo\/image\/\",\"url\":\"http:\/\/www.massafmedical.com.br\/loja\/wp-content\/uploads\/2020\/10\/logotipo-big.png\",\"contentUrl\":\"http:\/\/www.massafmedical.com.br\/loja\/wp-content\/uploads\/2020\/10\/logotipo-big.png\",\"width\":750,\"height\":253,\"caption\":\"Massaf Medical\"},\"image\":{\"@id\":\"https:\/\/www.massafmedical.com.br\/loja\/#\/schema\/logo\/image\/\"},\"sameAs\":[\"http:\/\/www.facebook.com\/MASSAFMEDICAL\"]}]}<\/script>\n<!-- \/ Yoast SEO plugin. -->","yoast_head_json":{"title":"Timer Digital p\/ L\u00e2mpada Xenon PE300BFA - Massaf Medical","robots":{"index":"index","follow":"follow","max-snippet":"max-snippet:-1","max-image-preview":"max-image-preview:large","max-video-preview":"max-video-preview:-1"},"canonical":"https:\/\/www.massafmedical.com.br\/loja\/produto\/timer-digital-p-lampada-xenon-pe300bfa\/","og_locale":"pt_BR","og_type":"article","og_title":"Timer Digital p\/ L\u00e2mpada Xenon PE300BFA - Massaf Medical","og_description":"O Timer Digital para L\u00e2mpada Xenon PE300BFA \u00e9 um dispositivo eletr\u00f4nico projetado para monitorar e controlar o tempo de uso da l\u00e2mpada Xenon PE300BFA. Ele ajuda a garantir o funcionamento adequado e a prolongar a vida \u00fatil da l\u00e2mpada, alertando quando \u00e9 necess\u00e1rio realizar a troca ou manuten\u00e7\u00e3o. Este timer \u00e9 essencial para sistemas que utilizam l\u00e2mpadas Xenon, pois permite o acompanhamento preciso da opera\u00e7\u00e3o e evita o desgaste prematuro.","og_url":"https:\/\/www.massafmedical.com.br\/loja\/produto\/timer-digital-p-lampada-xenon-pe300bfa\/","og_site_name":"Massaf Medical","article_publisher":"http:\/\/www.facebook.com\/MASSAFMEDICAL","article_modified_time":"2025-03-25T16:04:14+00:00","og_image":[{"width":600,"height":600,"url":"https:\/\/www.massafmedical.com.br\/loja\/wp-content\/uploads\/2025\/01\/TIMER-DIGITAL-LUXTEL-XENON-300W.jpg","type":"image\/jpeg"}],"twitter_card":"summary_large_image","twitter_misc":{"Est. tempo de leitura":"1 minuto"},"schema":{"@context":"https:\/\/schema.org","@graph":[{"@type":"WebPage","@id":"https:\/\/www.massafmedical.com.br\/loja\/produto\/timer-digital-p-lampada-xenon-pe300bfa\/","url":"https:\/\/www.massafmedical.com.br\/loja\/produto\/timer-digital-p-lampada-xenon-pe300bfa\/","name":"Timer Digital p\/ L\u00e2mpada Xenon PE300BFA - Massaf Medical","isPartOf":{"@id":"https:\/\/www.massafmedical.com.br\/loja\/#website"},"primaryImageOfPage":{"@id":"https:\/\/www.massafmedical.com.br\/loja\/produto\/timer-digital-p-lampada-xenon-pe300bfa\/#primaryimage"},"image":{"@id":"https:\/\/www.massafmedical.com.br\/loja\/produto\/timer-digital-p-lampada-xenon-pe300bfa\/#primaryimage"},"thumbnailUrl":"https:\/\/www.massafmedical.com.br\/loja\/wp-content\/uploads\/2025\/01\/TIMER-DIGITAL-LUXTEL-XENON-300W.jpg","datePublished":"2025-01-28T12:59:01+00:00","dateModified":"2025-03-25T16:04:14+00:00","breadcrumb":{"@id":"https:\/\/www.massafmedical.com.br\/loja\/produto\/timer-digital-p-lampada-xenon-pe300bfa\/#breadcrumb"},"inLanguage":"pt-BR","potentialAction":[{"@type":"ReadAction","target":["https:\/\/www.massafmedical.com.br\/loja\/produto\/timer-digital-p-lampada-xenon-pe300bfa\/"]}]},{"@type":"ImageObject","inLanguage":"pt-BR","@id":"https:\/\/www.massafmedical.com.br\/loja\/produto\/timer-digital-p-lampada-xenon-pe300bfa\/#primaryimage","url":"https:\/\/www.massafmedical.com.br\/loja\/wp-content\/uploads\/2025\/01\/TIMER-DIGITAL-LUXTEL-XENON-300W.jpg","contentUrl":"https:\/\/www.massafmedical.com.br\/loja\/wp-content\/uploads\/2025\/01\/TIMER-DIGITAL-LUXTEL-XENON-300W.jpg","width":600,"height":600},{"@type":"BreadcrumbList","@id":"https:\/\/www.massafmedical.com.br\/loja\/produto\/timer-digital-p-lampada-xenon-pe300bfa\/#breadcrumb","itemListElement":[{"@type":"ListItem","position":1,"name":"In\u00edcio","item":"https:\/\/www.massafmedical.com.br\/loja\/"},{"@type":"ListItem","position":2,"name":"Produtos","item":"https:\/\/www.massafmedical.com.br\/loja\/nossos-produtos\/"},{"@type":"ListItem","position":3,"name":"Timer Digital p\/ L\u00e2mpada Xenon PE300BFA"}]},{"@type":"WebSite","@id":"https:\/\/www.massafmedical.com.br\/loja\/#website","url":"https:\/\/www.massafmedical.com.br\/loja\/","name":"Massaf Medical","description":"","publisher":{"@id":"https:\/\/www.massafmedical.com.br\/loja\/#organization"},"potentialAction":[{"@type":"SearchAction","target":{"@type":"EntryPoint","urlTemplate":"https:\/\/www.massafmedical.com.br\/loja\/?s={search_term_string}"},"query-input":{"@type":"PropertyValueSpecification","valueRequired":true,"valueName":"search_term_string"}}],"inLanguage":"pt-BR"},{"@type":"Organization","@id":"https:\/\/www.massafmedical.com.br\/loja\/#organization","name":"Massaf Medical","url":"https:\/\/www.massafmedical.com.br\/loja\/","logo":{"@type":"ImageObject","inLanguage":"pt-BR","@id":"https:\/\/www.massafmedical.com.br\/loja\/#\/schema\/logo\/image\/","url":"http:\/\/www.massafmedical.com.br\/loja\/wp-content\/uploads\/2020\/10\/logotipo-big.png","contentUrl":"http:\/\/www.massafmedical.com.br\/loja\/wp-content\/uploads\/2020\/10\/logotipo-big.png","width":750,"height":253,"caption":"Massaf Medical"},"image":{"@id":"https:\/\/www.massafmedical.com.br\/loja\/#\/schema\/logo\/image\/"},"sameAs":["http:\/\/www.facebook.com\/MASSAFMEDICAL"]}]}},"_links":{"self":[{"href":"https:\/\/www.massafmedical.com.br\/loja\/wp-json\/wp\/v2\/product\/1278","targetHints":{"allow":["GET"]}}],"collection":[{"href":"https:\/\/www.massafmedical.com.br\/loja\/wp-json\/wp\/v2\/product"}],"about":[{"href":"https:\/\/www.massafmedical.com.br\/loja\/wp-json\/wp\/v2\/types\/product"}],"wp:featuredmedia":[{"embeddable":true,"href":"https:\/\/www.massafmedical.com.br\/loja\/wp-json\/wp\/v2\/media\/1281"}],"wp:attachment":[{"href":"https:\/\/www.massafmedical.com.br\/loja\/wp-json\/wp\/v2\/media?parent=1278"}],"wp:term":[{"taxonomy":"product_brand","embeddable":true,"href":"https:\/\/www.massafmedical.com.br\/loja\/wp-json\/wp\/v2\/product_brand?post=1278"},{"taxonomy":"product_cat","embeddable":true,"href":"https:\/\/www.massafmedical.com.br\/loja\/wp-json\/wp\/v2\/product_cat?post=1278"},{"taxonomy":"product_tag","embeddable":true,"href":"https:\/\/www.massafmedical.com.br\/loja\/wp-json\/wp\/v2\/product_tag?post=1278"}],"curies":[{"name":"wp","href":"https:\/\/api.w.org\/{rel}","templated":true}]}}