{"id":1274,"date":"2025-01-28T09:50:04","date_gmt":"2025-01-28T12:50:04","guid":{"rendered":"https:\/\/www.massafmedical.com.br\/loja\/?post_type=product&#038;p=1274"},"modified":"2025-07-24T11:20:04","modified_gmt":"2025-07-24T14:20:04","slug":"lampada-osram-xbo-r-100w-45-sem-conector","status":"publish","type":"product","link":"https:\/\/www.massafmedical.com.br\/loja\/produto\/lampada-osram-xbo-r-100w-45-sem-conector\/","title":{"rendered":"L\u00e2mpada OSRAM XBO R 100W\/45 (Sem Conector)"},"content":{"rendered":"<p><strong>L\u00e2mpada OSRAM XBO R 100W\/45 (Sem Conector)<\/strong><\/p>\n","protected":false},"excerpt":{"rendered":"<p>A <strong>L\u00e2mpada OSRAM XBO R 100W\/45 (Sem Conector)<\/strong> \u00e9 uma solu\u00e7\u00e3o de ilumina\u00e7\u00e3o de alta performance, ideal para equipamentos m\u00e9dicos, como sistemas de proje\u00e7\u00e3o de imagens e endoscopia. Com <strong>100W de pot\u00eancia<\/strong>, proporciona excelente luminosidade e precis\u00e3o na reprodu\u00e7\u00e3o de cores, essencial para diagn\u00f3sticos e procedimentos m\u00e9dicos que exigem detalhes n\u00edtidos. A l\u00e2mpada possui <strong>temperatura de cor 45<\/strong>, garantindo uma ilumina\u00e7\u00e3o clara e eficiente. A vers\u00e3o <strong>&#8220;Sem Conector&#8221;<\/strong> exige adapta\u00e7\u00e3o para sistemas espec\u00edficos de instala\u00e7\u00e3o, oferecendo flexibilidade para diversos tipos de equipamentos m\u00e9dicos.<\/p>\n","protected":false},"featured_media":1275,"template":"","meta":[],"product_brand":[],"product_cat":[65],"product_tag":[],"class_list":{"0":"post-1274","1":"product","2":"type-product","3":"status-publish","4":"has-post-thumbnail","6":"product_cat-lampada-para-uso-medicos-processadoras","8":"first","9":"instock","10":"taxable","11":"shipping-taxable","12":"product-type-simple"},"acf":[],"yoast_head":"<!-- This site is optimized with the Yoast SEO plugin v24.4 - https:\/\/yoast.com\/wordpress\/plugins\/seo\/ -->\n<title>L\u00e2mpada OSRAM XBO R 100W\/45 (Sem Conector) - Massaf Medical<\/title>\n<meta name=\"robots\" content=\"index, follow, max-snippet:-1, max-image-preview:large, max-video-preview:-1\" \/>\n<link rel=\"canonical\" href=\"https:\/\/www.massafmedical.com.br\/loja\/produto\/lampada-osram-xbo-r-100w-45-sem-conector\/\" \/>\n<meta property=\"og:locale\" content=\"pt_BR\" \/>\n<meta property=\"og:type\" content=\"article\" \/>\n<meta property=\"og:title\" content=\"L\u00e2mpada OSRAM XBO R 100W\/45 (Sem Conector) - Massaf Medical\" \/>\n<meta property=\"og:description\" content=\"A L\u00e2mpada OSRAM XBO R 100W\/45 (Sem Conector) \u00e9 uma solu\u00e7\u00e3o de ilumina\u00e7\u00e3o de alta performance, ideal para equipamentos m\u00e9dicos, como sistemas de proje\u00e7\u00e3o de imagens e endoscopia. Com 100W de pot\u00eancia, proporciona excelente luminosidade e precis\u00e3o na reprodu\u00e7\u00e3o de cores, essencial para diagn\u00f3sticos e procedimentos m\u00e9dicos que exigem detalhes n\u00edtidos. A l\u00e2mpada possui temperatura de cor 45, garantindo uma ilumina\u00e7\u00e3o clara e eficiente. A vers\u00e3o &quot;Sem Conector&quot; exige adapta\u00e7\u00e3o para sistemas espec\u00edficos de instala\u00e7\u00e3o, oferecendo flexibilidade para diversos tipos de equipamentos m\u00e9dicos.\" \/>\n<meta property=\"og:url\" content=\"https:\/\/www.massafmedical.com.br\/loja\/produto\/lampada-osram-xbo-r-100w-45-sem-conector\/\" \/>\n<meta property=\"og:site_name\" content=\"Massaf Medical\" \/>\n<meta property=\"article:publisher\" content=\"http:\/\/www.facebook.com\/MASSAFMEDICAL\" \/>\n<meta property=\"article:modified_time\" content=\"2025-07-24T14:20:04+00:00\" \/>\n<meta property=\"og:image\" content=\"https:\/\/www.massafmedical.com.br\/loja\/wp-content\/uploads\/2025\/01\/LAMPADA-OSRAM-XBO-100W-45.jpg\" \/>\n\t<meta property=\"og:image:width\" content=\"678\" \/>\n\t<meta property=\"og:image:height\" content=\"760\" \/>\n\t<meta property=\"og:image:type\" content=\"image\/jpeg\" \/>\n<meta name=\"twitter:card\" content=\"summary_large_image\" \/>\n<meta name=\"twitter:label1\" content=\"Est. tempo de leitura\" \/>\n\t<meta name=\"twitter:data1\" content=\"1 minuto\" \/>\n<script type=\"application\/ld+json\" class=\"yoast-schema-graph\">{\"@context\":\"https:\/\/schema.org\",\"@graph\":[{\"@type\":\"WebPage\",\"@id\":\"https:\/\/www.massafmedical.com.br\/loja\/produto\/lampada-osram-xbo-r-100w-45-sem-conector\/\",\"url\":\"https:\/\/www.massafmedical.com.br\/loja\/produto\/lampada-osram-xbo-r-100w-45-sem-conector\/\",\"name\":\"L\u00e2mpada OSRAM XBO R 100W\/45 (Sem Conector) - Massaf Medical\",\"isPartOf\":{\"@id\":\"https:\/\/www.massafmedical.com.br\/loja\/#website\"},\"primaryImageOfPage\":{\"@id\":\"https:\/\/www.massafmedical.com.br\/loja\/produto\/lampada-osram-xbo-r-100w-45-sem-conector\/#primaryimage\"},\"image\":{\"@id\":\"https:\/\/www.massafmedical.com.br\/loja\/produto\/lampada-osram-xbo-r-100w-45-sem-conector\/#primaryimage\"},\"thumbnailUrl\":\"https:\/\/www.massafmedical.com.br\/loja\/wp-content\/uploads\/2025\/01\/LAMPADA-OSRAM-XBO-100W-45.jpg\",\"datePublished\":\"2025-01-28T12:50:04+00:00\",\"dateModified\":\"2025-07-24T14:20:04+00:00\",\"breadcrumb\":{\"@id\":\"https:\/\/www.massafmedical.com.br\/loja\/produto\/lampada-osram-xbo-r-100w-45-sem-conector\/#breadcrumb\"},\"inLanguage\":\"pt-BR\",\"potentialAction\":[{\"@type\":\"ReadAction\",\"target\":[\"https:\/\/www.massafmedical.com.br\/loja\/produto\/lampada-osram-xbo-r-100w-45-sem-conector\/\"]}]},{\"@type\":\"ImageObject\",\"inLanguage\":\"pt-BR\",\"@id\":\"https:\/\/www.massafmedical.com.br\/loja\/produto\/lampada-osram-xbo-r-100w-45-sem-conector\/#primaryimage\",\"url\":\"https:\/\/www.massafmedical.com.br\/loja\/wp-content\/uploads\/2025\/01\/LAMPADA-OSRAM-XBO-100W-45.jpg\",\"contentUrl\":\"https:\/\/www.massafmedical.com.br\/loja\/wp-content\/uploads\/2025\/01\/LAMPADA-OSRAM-XBO-100W-45.jpg\",\"width\":678,\"height\":760},{\"@type\":\"BreadcrumbList\",\"@id\":\"https:\/\/www.massafmedical.com.br\/loja\/produto\/lampada-osram-xbo-r-100w-45-sem-conector\/#breadcrumb\",\"itemListElement\":[{\"@type\":\"ListItem\",\"position\":1,\"name\":\"In\u00edcio\",\"item\":\"https:\/\/www.massafmedical.com.br\/loja\/\"},{\"@type\":\"ListItem\",\"position\":2,\"name\":\"Produtos\",\"item\":\"https:\/\/www.massafmedical.com.br\/loja\/nossos-produtos\/\"},{\"@type\":\"ListItem\",\"position\":3,\"name\":\"L\u00e2mpada OSRAM XBO R 100W\/45 (Sem Conector)\"}]},{\"@type\":\"WebSite\",\"@id\":\"https:\/\/www.massafmedical.com.br\/loja\/#website\",\"url\":\"https:\/\/www.massafmedical.com.br\/loja\/\",\"name\":\"Massaf Medical\",\"description\":\"\",\"publisher\":{\"@id\":\"https:\/\/www.massafmedical.com.br\/loja\/#organization\"},\"potentialAction\":[{\"@type\":\"SearchAction\",\"target\":{\"@type\":\"EntryPoint\",\"urlTemplate\":\"https:\/\/www.massafmedical.com.br\/loja\/?s={search_term_string}\"},\"query-input\":{\"@type\":\"PropertyValueSpecification\",\"valueRequired\":true,\"valueName\":\"search_term_string\"}}],\"inLanguage\":\"pt-BR\"},{\"@type\":\"Organization\",\"@id\":\"https:\/\/www.massafmedical.com.br\/loja\/#organization\",\"name\":\"Massaf Medical\",\"url\":\"https:\/\/www.massafmedical.com.br\/loja\/\",\"logo\":{\"@type\":\"ImageObject\",\"inLanguage\":\"pt-BR\",\"@id\":\"https:\/\/www.massafmedical.com.br\/loja\/#\/schema\/logo\/image\/\",\"url\":\"http:\/\/www.massafmedical.com.br\/loja\/wp-content\/uploads\/2020\/10\/logotipo-big.png\",\"contentUrl\":\"http:\/\/www.massafmedical.com.br\/loja\/wp-content\/uploads\/2020\/10\/logotipo-big.png\",\"width\":750,\"height\":253,\"caption\":\"Massaf Medical\"},\"image\":{\"@id\":\"https:\/\/www.massafmedical.com.br\/loja\/#\/schema\/logo\/image\/\"},\"sameAs\":[\"http:\/\/www.facebook.com\/MASSAFMEDICAL\"]}]}<\/script>\n<!-- \/ Yoast SEO plugin. -->","yoast_head_json":{"title":"L\u00e2mpada OSRAM XBO R 100W\/45 (Sem Conector) - Massaf Medical","robots":{"index":"index","follow":"follow","max-snippet":"max-snippet:-1","max-image-preview":"max-image-preview:large","max-video-preview":"max-video-preview:-1"},"canonical":"https:\/\/www.massafmedical.com.br\/loja\/produto\/lampada-osram-xbo-r-100w-45-sem-conector\/","og_locale":"pt_BR","og_type":"article","og_title":"L\u00e2mpada OSRAM XBO R 100W\/45 (Sem Conector) - Massaf Medical","og_description":"A L\u00e2mpada OSRAM XBO R 100W\/45 (Sem Conector) \u00e9 uma solu\u00e7\u00e3o de ilumina\u00e7\u00e3o de alta performance, ideal para equipamentos m\u00e9dicos, como sistemas de proje\u00e7\u00e3o de imagens e endoscopia. Com 100W de pot\u00eancia, proporciona excelente luminosidade e precis\u00e3o na reprodu\u00e7\u00e3o de cores, essencial para diagn\u00f3sticos e procedimentos m\u00e9dicos que exigem detalhes n\u00edtidos. A l\u00e2mpada possui temperatura de cor 45, garantindo uma ilumina\u00e7\u00e3o clara e eficiente. A vers\u00e3o \"Sem Conector\" exige adapta\u00e7\u00e3o para sistemas espec\u00edficos de instala\u00e7\u00e3o, oferecendo flexibilidade para diversos tipos de equipamentos m\u00e9dicos.","og_url":"https:\/\/www.massafmedical.com.br\/loja\/produto\/lampada-osram-xbo-r-100w-45-sem-conector\/","og_site_name":"Massaf Medical","article_publisher":"http:\/\/www.facebook.com\/MASSAFMEDICAL","article_modified_time":"2025-07-24T14:20:04+00:00","og_image":[{"width":678,"height":760,"url":"https:\/\/www.massafmedical.com.br\/loja\/wp-content\/uploads\/2025\/01\/LAMPADA-OSRAM-XBO-100W-45.jpg","type":"image\/jpeg"}],"twitter_card":"summary_large_image","twitter_misc":{"Est. tempo de leitura":"1 minuto"},"schema":{"@context":"https:\/\/schema.org","@graph":[{"@type":"WebPage","@id":"https:\/\/www.massafmedical.com.br\/loja\/produto\/lampada-osram-xbo-r-100w-45-sem-conector\/","url":"https:\/\/www.massafmedical.com.br\/loja\/produto\/lampada-osram-xbo-r-100w-45-sem-conector\/","name":"L\u00e2mpada OSRAM XBO R 100W\/45 (Sem Conector) - Massaf Medical","isPartOf":{"@id":"https:\/\/www.massafmedical.com.br\/loja\/#website"},"primaryImageOfPage":{"@id":"https:\/\/www.massafmedical.com.br\/loja\/produto\/lampada-osram-xbo-r-100w-45-sem-conector\/#primaryimage"},"image":{"@id":"https:\/\/www.massafmedical.com.br\/loja\/produto\/lampada-osram-xbo-r-100w-45-sem-conector\/#primaryimage"},"thumbnailUrl":"https:\/\/www.massafmedical.com.br\/loja\/wp-content\/uploads\/2025\/01\/LAMPADA-OSRAM-XBO-100W-45.jpg","datePublished":"2025-01-28T12:50:04+00:00","dateModified":"2025-07-24T14:20:04+00:00","breadcrumb":{"@id":"https:\/\/www.massafmedical.com.br\/loja\/produto\/lampada-osram-xbo-r-100w-45-sem-conector\/#breadcrumb"},"inLanguage":"pt-BR","potentialAction":[{"@type":"ReadAction","target":["https:\/\/www.massafmedical.com.br\/loja\/produto\/lampada-osram-xbo-r-100w-45-sem-conector\/"]}]},{"@type":"ImageObject","inLanguage":"pt-BR","@id":"https:\/\/www.massafmedical.com.br\/loja\/produto\/lampada-osram-xbo-r-100w-45-sem-conector\/#primaryimage","url":"https:\/\/www.massafmedical.com.br\/loja\/wp-content\/uploads\/2025\/01\/LAMPADA-OSRAM-XBO-100W-45.jpg","contentUrl":"https:\/\/www.massafmedical.com.br\/loja\/wp-content\/uploads\/2025\/01\/LAMPADA-OSRAM-XBO-100W-45.jpg","width":678,"height":760},{"@type":"BreadcrumbList","@id":"https:\/\/www.massafmedical.com.br\/loja\/produto\/lampada-osram-xbo-r-100w-45-sem-conector\/#breadcrumb","itemListElement":[{"@type":"ListItem","position":1,"name":"In\u00edcio","item":"https:\/\/www.massafmedical.com.br\/loja\/"},{"@type":"ListItem","position":2,"name":"Produtos","item":"https:\/\/www.massafmedical.com.br\/loja\/nossos-produtos\/"},{"@type":"ListItem","position":3,"name":"L\u00e2mpada OSRAM XBO R 100W\/45 (Sem Conector)"}]},{"@type":"WebSite","@id":"https:\/\/www.massafmedical.com.br\/loja\/#website","url":"https:\/\/www.massafmedical.com.br\/loja\/","name":"Massaf Medical","description":"","publisher":{"@id":"https:\/\/www.massafmedical.com.br\/loja\/#organization"},"potentialAction":[{"@type":"SearchAction","target":{"@type":"EntryPoint","urlTemplate":"https:\/\/www.massafmedical.com.br\/loja\/?s={search_term_string}"},"query-input":{"@type":"PropertyValueSpecification","valueRequired":true,"valueName":"search_term_string"}}],"inLanguage":"pt-BR"},{"@type":"Organization","@id":"https:\/\/www.massafmedical.com.br\/loja\/#organization","name":"Massaf Medical","url":"https:\/\/www.massafmedical.com.br\/loja\/","logo":{"@type":"ImageObject","inLanguage":"pt-BR","@id":"https:\/\/www.massafmedical.com.br\/loja\/#\/schema\/logo\/image\/","url":"http:\/\/www.massafmedical.com.br\/loja\/wp-content\/uploads\/2020\/10\/logotipo-big.png","contentUrl":"http:\/\/www.massafmedical.com.br\/loja\/wp-content\/uploads\/2020\/10\/logotipo-big.png","width":750,"height":253,"caption":"Massaf Medical"},"image":{"@id":"https:\/\/www.massafmedical.com.br\/loja\/#\/schema\/logo\/image\/"},"sameAs":["http:\/\/www.facebook.com\/MASSAFMEDICAL"]}]}},"_links":{"self":[{"href":"https:\/\/www.massafmedical.com.br\/loja\/wp-json\/wp\/v2\/product\/1274","targetHints":{"allow":["GET"]}}],"collection":[{"href":"https:\/\/www.massafmedical.com.br\/loja\/wp-json\/wp\/v2\/product"}],"about":[{"href":"https:\/\/www.massafmedical.com.br\/loja\/wp-json\/wp\/v2\/types\/product"}],"wp:featuredmedia":[{"embeddable":true,"href":"https:\/\/www.massafmedical.com.br\/loja\/wp-json\/wp\/v2\/media\/1275"}],"wp:attachment":[{"href":"https:\/\/www.massafmedical.com.br\/loja\/wp-json\/wp\/v2\/media?parent=1274"}],"wp:term":[{"taxonomy":"product_brand","embeddable":true,"href":"https:\/\/www.massafmedical.com.br\/loja\/wp-json\/wp\/v2\/product_brand?post=1274"},{"taxonomy":"product_cat","embeddable":true,"href":"https:\/\/www.massafmedical.com.br\/loja\/wp-json\/wp\/v2\/product_cat?post=1274"},{"taxonomy":"product_tag","embeddable":true,"href":"https:\/\/www.massafmedical.com.br\/loja\/wp-json\/wp\/v2\/product_tag?post=1274"}],"curies":[{"name":"wp","href":"https:\/\/api.w.org\/{rel}","templated":true}]}}