{"id":1268,"date":"2025-01-28T09:29:21","date_gmt":"2025-01-28T12:29:21","guid":{"rendered":"https:\/\/www.massafmedical.com.br\/loja\/?post_type=product&#038;p=1268"},"modified":"2026-01-08T14:28:08","modified_gmt":"2026-01-08T17:28:08","slug":"lampada-osram-xbo-r-100w-45c-pentax-epk-1000","status":"publish","type":"product","link":"https:\/\/www.massafmedical.com.br\/loja\/produto\/lampada-osram-xbo-r-100w-45c-pentax-epk-1000\/","title":{"rendered":"L\u00e2mpada OSRAM XBO R 100W\/45C (Pentax EPK-1000)"},"content":{"rendered":"<p><strong>L\u00e2mpada OSRAM XBO R 100W\/45C (Pentax EPK-1000):<\/strong> A l\u00e2mpada proporciona uma reprodu\u00e7\u00e3o fiel das cores e alta confiabilidade, sendo ideal para ambientes cl\u00ednicos. Seu desempenho de longa dura\u00e7\u00e3o e alta efici\u00eancia tornam-na uma escolha ideal para profissionais de sa\u00fade que buscam qualidade e confiabilidade nos seus equipamentos m\u00e9dicos.<\/p>\n<p><b>Caracter\u00edsticas do produto<\/b><span style=\"font-weight: 400;\"><br \/>\n<\/span><\/p>\n<ul>\n<li style=\"font-weight: 400;\" aria-level=\"1\"><span style=\"font-weight: 400;\">Temperatura da cor: Aproximadamente 6.000 K (Luz do dia)<\/span><\/li>\n<li style=\"font-weight: 400;\" aria-level=\"1\"><span style=\"font-weight: 400;\">\u00cdndice de reprodu\u00e7\u00e3o de cor alto: R<\/span><span style=\"font-weight: 400;\">a\u00a0<\/span><span style=\"font-weight: 400;\">&gt;<\/span><span style=\"font-weight: 400;\">\u00a0<\/span><span style=\"font-weight: 400;\">95<\/span><\/li>\n<li style=\"font-weight: 400;\" aria-level=\"1\"><span style=\"font-weight: 400;\">Estabilidade alta do arco<\/span><\/li>\n<li style=\"font-weight: 400;\" aria-level=\"1\"><span style=\"font-weight: 400;\">Capacidade de reinicializa\u00e7\u00e3o a quente<\/span><\/li>\n<li style=\"font-weight: 400;\" aria-level=\"1\"><span style=\"font-weight: 400;\">Dimeriz\u00e1vel<\/span><\/li>\n<li style=\"font-weight: 400;\" aria-level=\"1\"><span style=\"font-weight: 400;\">Luz instant\u00e2nea na partida<\/span><\/li>\n<li style=\"font-weight: 400;\" aria-level=\"1\"><span style=\"font-weight: 400;\">Espectro cont\u00ednuo na faixa vis\u00edvel<\/span><\/li>\n<\/ul>\n<p>&nbsp;<\/p>\n<p><b>Benef\u00edcios do produto<\/b><span style=\"font-weight: 400;\"><br \/>\n<\/span><\/p>\n<ul>\n<li style=\"font-weight: 400;\" aria-level=\"1\"><span style=\"font-weight: 400;\">Lumin\u00e2ncia muito alta (fonte de luz pontual)<\/span><\/li>\n<li style=\"font-weight: 400;\" aria-level=\"1\"><span style=\"font-weight: 400;\">Qualidade de cor cont\u00ednua, n\u00e3o importa o tipo e a pot\u00eancia da l\u00e2mpada<\/span><\/li>\n<li style=\"font-weight: 400;\" aria-level=\"1\"><span style=\"font-weight: 400;\">Cor de luz constante durante toda a vida \u00fatil da l\u00e2mpada<\/span><\/li>\n<li style=\"font-weight: 400;\" aria-level=\"1\"><span style=\"font-weight: 400;\">Longa vida \u00fatil da l\u00e2mpada<\/span><\/li>\n<\/ul>\n<p>&nbsp;<\/p>\n<p><b>Instru\u00e7\u00f5es de seguran\u00e7a<\/b><span style=\"font-weight: 400;\"><br \/>\n<\/span><span style=\"font-weight: 400;\">Devido \u00e0 sua lumin\u00e2ncia alta, \u00e0 radia\u00e7\u00e3o UV e \u00e0 press\u00e3o interna alta em estado quente e frio, as l\u00e2mpadas XBO somente podem ser operadas em estojos de l\u00e2mpadas embutidos. Usar sempre as roupas de prote\u00e7\u00e3o fornecidas ao lidar com essas l\u00e2mpadas. Elas somente podem ser usadas como l\u00e2mpadas abertas, se as medidas de seguran\u00e7a adequadas forem tomadas. Mais informa\u00e7\u00f5es dispon\u00edveis mediante solicita\u00e7\u00e3o ou podem ser encontradas no folheto inclu\u00eddo com a l\u00e2mpada ou nas instru\u00e7\u00f5es de opera\u00e7\u00e3o.<\/span><span style=\"font-weight: 400;\"><br \/>\n<\/span><span style=\"font-weight: 400;\">O elemento da l\u00e2mpada de xenon est\u00e1 sempre sob alta press\u00e3o. Ele pode explodir se sujeito a <\/span><span style=\"font-weight: 400;\">impacto ou danos. Portanto, as l\u00e2mpadas refletoras XBO gastas devem ser armazenadas em um local acess\u00edvel no estojo fornecido ou sob uma capa de prote\u00e7\u00e3o at\u00e9 que sejam enviadas para descarte.<\/span><\/p>\n","protected":false},"excerpt":{"rendered":"<p>Uma l\u00e2mpada de alta intensidade, projetada especificamente para equipamentos m\u00e9dicos, como os sistemas de endoscopia Pentax EPK-1000. Com <strong data-start=\"193\" data-end=\"213\">100W de pot\u00eancia<\/strong> e uma <strong data-start=\"220\" data-end=\"246\">temperatura de cor 45C<\/strong>, oferece uma ilumina\u00e7\u00e3o intensa e precisa, essencial para exames e procedimentos que exigem excelente visualiza\u00e7\u00e3o de detalhes.<\/p>\n","protected":false},"featured_media":1269,"template":"","meta":[],"product_brand":[],"product_cat":[65],"product_tag":[],"class_list":{"0":"post-1268","1":"product","2":"type-product","3":"status-publish","4":"has-post-thumbnail","6":"product_cat-lampada-para-uso-medicos-processadoras","8":"first","9":"instock","10":"taxable","11":"shipping-taxable","12":"purchasable","13":"product-type-simple"},"acf":[],"yoast_head":"<!-- This site is optimized with the Yoast SEO plugin v24.4 - https:\/\/yoast.com\/wordpress\/plugins\/seo\/ -->\n<title>L\u00e2mpada OSRAM XBO R 100W\/45C (Pentax EPK-1000) - Massaf Medical<\/title>\n<meta name=\"robots\" content=\"index, follow, max-snippet:-1, max-image-preview:large, max-video-preview:-1\" \/>\n<link rel=\"canonical\" href=\"https:\/\/www.massafmedical.com.br\/loja\/produto\/lampada-osram-xbo-r-100w-45c-pentax-epk-1000\/\" \/>\n<meta property=\"og:locale\" content=\"pt_BR\" \/>\n<meta property=\"og:type\" content=\"article\" \/>\n<meta property=\"og:title\" content=\"L\u00e2mpada OSRAM XBO R 100W\/45C (Pentax EPK-1000) - Massaf Medical\" \/>\n<meta property=\"og:description\" content=\"Uma l\u00e2mpada de alta intensidade, projetada especificamente para equipamentos m\u00e9dicos, como os sistemas de endoscopia Pentax EPK-1000. Com 100W de pot\u00eancia e uma temperatura de cor 45C, oferece uma ilumina\u00e7\u00e3o intensa e precisa, essencial para exames e procedimentos que exigem excelente visualiza\u00e7\u00e3o de detalhes.\" \/>\n<meta property=\"og:url\" content=\"https:\/\/www.massafmedical.com.br\/loja\/produto\/lampada-osram-xbo-r-100w-45c-pentax-epk-1000\/\" \/>\n<meta property=\"og:site_name\" content=\"Massaf Medical\" \/>\n<meta property=\"article:publisher\" content=\"http:\/\/www.facebook.com\/MASSAFMEDICAL\" \/>\n<meta property=\"article:modified_time\" content=\"2026-01-08T17:28:08+00:00\" \/>\n<meta property=\"og:image\" content=\"https:\/\/www.massafmedical.com.br\/loja\/wp-content\/uploads\/2025\/01\/Lampada-Osram-XBO-R-100W_45-C-2.jpg\" \/>\n\t<meta property=\"og:image:width\" content=\"400\" \/>\n\t<meta property=\"og:image:height\" content=\"400\" \/>\n\t<meta property=\"og:image:type\" content=\"image\/jpeg\" \/>\n<meta name=\"twitter:card\" content=\"summary_large_image\" \/>\n<meta name=\"twitter:label1\" content=\"Est. tempo de leitura\" \/>\n\t<meta name=\"twitter:data1\" content=\"2 minutos\" \/>\n<script type=\"application\/ld+json\" class=\"yoast-schema-graph\">{\"@context\":\"https:\/\/schema.org\",\"@graph\":[{\"@type\":\"WebPage\",\"@id\":\"https:\/\/www.massafmedical.com.br\/loja\/produto\/lampada-osram-xbo-r-100w-45c-pentax-epk-1000\/\",\"url\":\"https:\/\/www.massafmedical.com.br\/loja\/produto\/lampada-osram-xbo-r-100w-45c-pentax-epk-1000\/\",\"name\":\"L\u00e2mpada OSRAM XBO R 100W\/45C (Pentax EPK-1000) - Massaf Medical\",\"isPartOf\":{\"@id\":\"https:\/\/www.massafmedical.com.br\/loja\/#website\"},\"primaryImageOfPage\":{\"@id\":\"https:\/\/www.massafmedical.com.br\/loja\/produto\/lampada-osram-xbo-r-100w-45c-pentax-epk-1000\/#primaryimage\"},\"image\":{\"@id\":\"https:\/\/www.massafmedical.com.br\/loja\/produto\/lampada-osram-xbo-r-100w-45c-pentax-epk-1000\/#primaryimage\"},\"thumbnailUrl\":\"https:\/\/www.massafmedical.com.br\/loja\/wp-content\/uploads\/2025\/01\/Lampada-Osram-XBO-R-100W_45-C-2.jpg\",\"datePublished\":\"2025-01-28T12:29:21+00:00\",\"dateModified\":\"2026-01-08T17:28:08+00:00\",\"breadcrumb\":{\"@id\":\"https:\/\/www.massafmedical.com.br\/loja\/produto\/lampada-osram-xbo-r-100w-45c-pentax-epk-1000\/#breadcrumb\"},\"inLanguage\":\"pt-BR\",\"potentialAction\":[{\"@type\":\"ReadAction\",\"target\":[\"https:\/\/www.massafmedical.com.br\/loja\/produto\/lampada-osram-xbo-r-100w-45c-pentax-epk-1000\/\"]}]},{\"@type\":\"ImageObject\",\"inLanguage\":\"pt-BR\",\"@id\":\"https:\/\/www.massafmedical.com.br\/loja\/produto\/lampada-osram-xbo-r-100w-45c-pentax-epk-1000\/#primaryimage\",\"url\":\"https:\/\/www.massafmedical.com.br\/loja\/wp-content\/uploads\/2025\/01\/Lampada-Osram-XBO-R-100W_45-C-2.jpg\",\"contentUrl\":\"https:\/\/www.massafmedical.com.br\/loja\/wp-content\/uploads\/2025\/01\/Lampada-Osram-XBO-R-100W_45-C-2.jpg\",\"width\":400,\"height\":400},{\"@type\":\"BreadcrumbList\",\"@id\":\"https:\/\/www.massafmedical.com.br\/loja\/produto\/lampada-osram-xbo-r-100w-45c-pentax-epk-1000\/#breadcrumb\",\"itemListElement\":[{\"@type\":\"ListItem\",\"position\":1,\"name\":\"In\u00edcio\",\"item\":\"https:\/\/www.massafmedical.com.br\/loja\/\"},{\"@type\":\"ListItem\",\"position\":2,\"name\":\"Produtos\",\"item\":\"https:\/\/www.massafmedical.com.br\/loja\/nossos-produtos\/\"},{\"@type\":\"ListItem\",\"position\":3,\"name\":\"L\u00e2mpada OSRAM XBO R 100W\/45C (Pentax EPK-1000)\"}]},{\"@type\":\"WebSite\",\"@id\":\"https:\/\/www.massafmedical.com.br\/loja\/#website\",\"url\":\"https:\/\/www.massafmedical.com.br\/loja\/\",\"name\":\"Massaf Medical\",\"description\":\"\",\"publisher\":{\"@id\":\"https:\/\/www.massafmedical.com.br\/loja\/#organization\"},\"potentialAction\":[{\"@type\":\"SearchAction\",\"target\":{\"@type\":\"EntryPoint\",\"urlTemplate\":\"https:\/\/www.massafmedical.com.br\/loja\/?s={search_term_string}\"},\"query-input\":{\"@type\":\"PropertyValueSpecification\",\"valueRequired\":true,\"valueName\":\"search_term_string\"}}],\"inLanguage\":\"pt-BR\"},{\"@type\":\"Organization\",\"@id\":\"https:\/\/www.massafmedical.com.br\/loja\/#organization\",\"name\":\"Massaf Medical\",\"url\":\"https:\/\/www.massafmedical.com.br\/loja\/\",\"logo\":{\"@type\":\"ImageObject\",\"inLanguage\":\"pt-BR\",\"@id\":\"https:\/\/www.massafmedical.com.br\/loja\/#\/schema\/logo\/image\/\",\"url\":\"http:\/\/www.massafmedical.com.br\/loja\/wp-content\/uploads\/2020\/10\/logotipo-big.png\",\"contentUrl\":\"http:\/\/www.massafmedical.com.br\/loja\/wp-content\/uploads\/2020\/10\/logotipo-big.png\",\"width\":750,\"height\":253,\"caption\":\"Massaf Medical\"},\"image\":{\"@id\":\"https:\/\/www.massafmedical.com.br\/loja\/#\/schema\/logo\/image\/\"},\"sameAs\":[\"http:\/\/www.facebook.com\/MASSAFMEDICAL\"]}]}<\/script>\n<!-- \/ Yoast SEO plugin. -->","yoast_head_json":{"title":"L\u00e2mpada OSRAM XBO R 100W\/45C (Pentax EPK-1000) - Massaf Medical","robots":{"index":"index","follow":"follow","max-snippet":"max-snippet:-1","max-image-preview":"max-image-preview:large","max-video-preview":"max-video-preview:-1"},"canonical":"https:\/\/www.massafmedical.com.br\/loja\/produto\/lampada-osram-xbo-r-100w-45c-pentax-epk-1000\/","og_locale":"pt_BR","og_type":"article","og_title":"L\u00e2mpada OSRAM XBO R 100W\/45C (Pentax EPK-1000) - Massaf Medical","og_description":"Uma l\u00e2mpada de alta intensidade, projetada especificamente para equipamentos m\u00e9dicos, como os sistemas de endoscopia Pentax EPK-1000. Com 100W de pot\u00eancia e uma temperatura de cor 45C, oferece uma ilumina\u00e7\u00e3o intensa e precisa, essencial para exames e procedimentos que exigem excelente visualiza\u00e7\u00e3o de detalhes.","og_url":"https:\/\/www.massafmedical.com.br\/loja\/produto\/lampada-osram-xbo-r-100w-45c-pentax-epk-1000\/","og_site_name":"Massaf Medical","article_publisher":"http:\/\/www.facebook.com\/MASSAFMEDICAL","article_modified_time":"2026-01-08T17:28:08+00:00","og_image":[{"width":400,"height":400,"url":"https:\/\/www.massafmedical.com.br\/loja\/wp-content\/uploads\/2025\/01\/Lampada-Osram-XBO-R-100W_45-C-2.jpg","type":"image\/jpeg"}],"twitter_card":"summary_large_image","twitter_misc":{"Est. tempo de leitura":"2 minutos"},"schema":{"@context":"https:\/\/schema.org","@graph":[{"@type":"WebPage","@id":"https:\/\/www.massafmedical.com.br\/loja\/produto\/lampada-osram-xbo-r-100w-45c-pentax-epk-1000\/","url":"https:\/\/www.massafmedical.com.br\/loja\/produto\/lampada-osram-xbo-r-100w-45c-pentax-epk-1000\/","name":"L\u00e2mpada OSRAM XBO R 100W\/45C (Pentax EPK-1000) - Massaf Medical","isPartOf":{"@id":"https:\/\/www.massafmedical.com.br\/loja\/#website"},"primaryImageOfPage":{"@id":"https:\/\/www.massafmedical.com.br\/loja\/produto\/lampada-osram-xbo-r-100w-45c-pentax-epk-1000\/#primaryimage"},"image":{"@id":"https:\/\/www.massafmedical.com.br\/loja\/produto\/lampada-osram-xbo-r-100w-45c-pentax-epk-1000\/#primaryimage"},"thumbnailUrl":"https:\/\/www.massafmedical.com.br\/loja\/wp-content\/uploads\/2025\/01\/Lampada-Osram-XBO-R-100W_45-C-2.jpg","datePublished":"2025-01-28T12:29:21+00:00","dateModified":"2026-01-08T17:28:08+00:00","breadcrumb":{"@id":"https:\/\/www.massafmedical.com.br\/loja\/produto\/lampada-osram-xbo-r-100w-45c-pentax-epk-1000\/#breadcrumb"},"inLanguage":"pt-BR","potentialAction":[{"@type":"ReadAction","target":["https:\/\/www.massafmedical.com.br\/loja\/produto\/lampada-osram-xbo-r-100w-45c-pentax-epk-1000\/"]}]},{"@type":"ImageObject","inLanguage":"pt-BR","@id":"https:\/\/www.massafmedical.com.br\/loja\/produto\/lampada-osram-xbo-r-100w-45c-pentax-epk-1000\/#primaryimage","url":"https:\/\/www.massafmedical.com.br\/loja\/wp-content\/uploads\/2025\/01\/Lampada-Osram-XBO-R-100W_45-C-2.jpg","contentUrl":"https:\/\/www.massafmedical.com.br\/loja\/wp-content\/uploads\/2025\/01\/Lampada-Osram-XBO-R-100W_45-C-2.jpg","width":400,"height":400},{"@type":"BreadcrumbList","@id":"https:\/\/www.massafmedical.com.br\/loja\/produto\/lampada-osram-xbo-r-100w-45c-pentax-epk-1000\/#breadcrumb","itemListElement":[{"@type":"ListItem","position":1,"name":"In\u00edcio","item":"https:\/\/www.massafmedical.com.br\/loja\/"},{"@type":"ListItem","position":2,"name":"Produtos","item":"https:\/\/www.massafmedical.com.br\/loja\/nossos-produtos\/"},{"@type":"ListItem","position":3,"name":"L\u00e2mpada OSRAM XBO R 100W\/45C (Pentax EPK-1000)"}]},{"@type":"WebSite","@id":"https:\/\/www.massafmedical.com.br\/loja\/#website","url":"https:\/\/www.massafmedical.com.br\/loja\/","name":"Massaf Medical","description":"","publisher":{"@id":"https:\/\/www.massafmedical.com.br\/loja\/#organization"},"potentialAction":[{"@type":"SearchAction","target":{"@type":"EntryPoint","urlTemplate":"https:\/\/www.massafmedical.com.br\/loja\/?s={search_term_string}"},"query-input":{"@type":"PropertyValueSpecification","valueRequired":true,"valueName":"search_term_string"}}],"inLanguage":"pt-BR"},{"@type":"Organization","@id":"https:\/\/www.massafmedical.com.br\/loja\/#organization","name":"Massaf Medical","url":"https:\/\/www.massafmedical.com.br\/loja\/","logo":{"@type":"ImageObject","inLanguage":"pt-BR","@id":"https:\/\/www.massafmedical.com.br\/loja\/#\/schema\/logo\/image\/","url":"http:\/\/www.massafmedical.com.br\/loja\/wp-content\/uploads\/2020\/10\/logotipo-big.png","contentUrl":"http:\/\/www.massafmedical.com.br\/loja\/wp-content\/uploads\/2020\/10\/logotipo-big.png","width":750,"height":253,"caption":"Massaf Medical"},"image":{"@id":"https:\/\/www.massafmedical.com.br\/loja\/#\/schema\/logo\/image\/"},"sameAs":["http:\/\/www.facebook.com\/MASSAFMEDICAL"]}]}},"_links":{"self":[{"href":"https:\/\/www.massafmedical.com.br\/loja\/wp-json\/wp\/v2\/product\/1268","targetHints":{"allow":["GET"]}}],"collection":[{"href":"https:\/\/www.massafmedical.com.br\/loja\/wp-json\/wp\/v2\/product"}],"about":[{"href":"https:\/\/www.massafmedical.com.br\/loja\/wp-json\/wp\/v2\/types\/product"}],"wp:featuredmedia":[{"embeddable":true,"href":"https:\/\/www.massafmedical.com.br\/loja\/wp-json\/wp\/v2\/media\/1269"}],"wp:attachment":[{"href":"https:\/\/www.massafmedical.com.br\/loja\/wp-json\/wp\/v2\/media?parent=1268"}],"wp:term":[{"taxonomy":"product_brand","embeddable":true,"href":"https:\/\/www.massafmedical.com.br\/loja\/wp-json\/wp\/v2\/product_brand?post=1268"},{"taxonomy":"product_cat","embeddable":true,"href":"https:\/\/www.massafmedical.com.br\/loja\/wp-json\/wp\/v2\/product_cat?post=1268"},{"taxonomy":"product_tag","embeddable":true,"href":"https:\/\/www.massafmedical.com.br\/loja\/wp-json\/wp\/v2\/product_tag?post=1268"}],"curies":[{"name":"wp","href":"https:\/\/api.w.org\/{rel}","templated":true}]}}