{"id":1259,"date":"2025-01-28T08:59:40","date_gmt":"2025-01-28T11:59:40","guid":{"rendered":"https:\/\/www.massafmedical.com.br\/loja\/?post_type=product&#038;p=1259"},"modified":"2025-03-25T13:18:26","modified_gmt":"2025-03-25T16:18:26","slug":"lampada-germicida-uv-c-puritec-hns-30w-g13","status":"publish","type":"product","link":"https:\/\/www.massafmedical.com.br\/loja\/produto\/lampada-germicida-uv-c-puritec-hns-30w-g13\/","title":{"rendered":"L\u00e2mpada Germicida UV-C PURITEC HNS 30W G13"},"content":{"rendered":"<p>Aten\u00e7\u00e3o!<br \/>\nPrecau\u00e7\u00f5es de seguran\u00e7a:<br \/>\nA radia\u00e7\u00e3o UV-C emitida \u00e9 prejudicial \u00e0 pele e aos olhos.<br \/>\nDeve-se evitar a exposi\u00e7\u00e3o direta com a l\u00e2mpada quando ligada.<\/p>\n<p>L\u00e2mpadas especiais com alto rendimento de radia\u00e7\u00e3o UV-C, feitas em tudo de quartzo especial transparente e com a finalidade principal a esteriliza\u00e7\u00e3o de ambientes, de ar, superf\u00edcies, ind\u00fastrias aliment\u00edcias, em locais farmac\u00eauticos e m\u00e9dicos, para tratamento de \u00e1guas, para caixas est\u00e9ril e locais onde houver a necessidade de esteriliza\u00e7\u00e3o.<\/p>\n<p>&#8211; Emitem radia\u00e7\u00e3o UV de onda com um pico de 254nm (UV-C) com a\u00e7\u00e3o germicida<br \/>\n&#8211; Matam ou neutralizam bact\u00e9rias, v\u00edrus e outros organismos primitivos<br \/>\n&#8211; Utilizadas em diversos processos fotoqu\u00edmicos.<\/p>\n<p>Marca: OSRAM<br \/>\nBase: G13<br \/>\nCaracter\u00edstica: UVC<br \/>\nCertificado: CE, ROHS<br \/>\nRefer\u00eancia: HNS 30W G13<br \/>\nDi\u00e2metro: 26.0 mm<br \/>\nComprimento 895,0 mm<br \/>\nVida \u00datil: 9000 h<\/p>\n<p>Dados El\u00e9tricos<br \/>\nTens\u00e3o nominal 96,0 V<br \/>\nTens\u00e3o de constru\u00e7\u00e3o 96,00 V<br \/>\nCorrente nominal 0,36 A<br \/>\nCorrente da l\u00e2mpada 0,36 A<br \/>\nPot\u00eancia nominal 30,00 W<\/p>\n<p>C\u00d3DIGO DE BARRAS \/ EAN: 4008321770271<br \/>\n<img decoding=\"async\" class=\"alignnone wp-image-1263 lazyload\" data-src=\"https:\/\/www.massafmedical.com.br\/loja\/wp-content\/uploads\/2025\/01\/UVC-30W3-1024x1024.jpg\" alt=\"\" width=\"352\" height=\"352\" data-srcset=\"https:\/\/www.massafmedical.com.br\/loja\/wp-content\/uploads\/2025\/01\/UVC-30W3-1024x1024.jpg 1024w, https:\/\/www.massafmedical.com.br\/loja\/wp-content\/uploads\/2025\/01\/UVC-30W3-1433x1433.jpg 1433w, https:\/\/www.massafmedical.com.br\/loja\/wp-content\/uploads\/2025\/01\/UVC-30W3-780x780.jpg 780w, https:\/\/www.massafmedical.com.br\/loja\/wp-content\/uploads\/2025\/01\/UVC-30W3-768x768.jpg 768w, https:\/\/www.massafmedical.com.br\/loja\/wp-content\/uploads\/2025\/01\/UVC-30W3-1536x1536.jpg 1536w, https:\/\/www.massafmedical.com.br\/loja\/wp-content\/uploads\/2025\/01\/UVC-30W3-1320x1320.jpg 1320w, https:\/\/www.massafmedical.com.br\/loja\/wp-content\/uploads\/2025\/01\/UVC-30W3-200x200.jpg 200w, https:\/\/www.massafmedical.com.br\/loja\/wp-content\/uploads\/2025\/01\/UVC-30W3-600x600.jpg 600w, https:\/\/www.massafmedical.com.br\/loja\/wp-content\/uploads\/2025\/01\/UVC-30W3-100x100.jpg 100w, https:\/\/www.massafmedical.com.br\/loja\/wp-content\/uploads\/2025\/01\/UVC-30W3-50x50.jpg 50w, https:\/\/www.massafmedical.com.br\/loja\/wp-content\/uploads\/2025\/01\/UVC-30W3.jpg 1600w\" data-sizes=\"(max-width: 352px) 100vw, 352px\" src=\"data:image\/gif;base64,R0lGODlhAQABAAAAACH5BAEKAAEALAAAAAABAAEAAAICTAEAOw==\" style=\"--smush-placeholder-width: 352px; --smush-placeholder-aspect-ratio: 352\/352;\" \/><img decoding=\"async\" class=\"alignnone wp-image-1262 lazyload\" data-src=\"https:\/\/www.massafmedical.com.br\/loja\/wp-content\/uploads\/2025\/01\/UVC-30W.jpg\" alt=\"\" width=\"342\" height=\"342\" data-srcset=\"https:\/\/www.massafmedical.com.br\/loja\/wp-content\/uploads\/2025\/01\/UVC-30W.jpg 500w, https:\/\/www.massafmedical.com.br\/loja\/wp-content\/uploads\/2025\/01\/UVC-30W-200x200.jpg 200w, https:\/\/www.massafmedical.com.br\/loja\/wp-content\/uploads\/2025\/01\/UVC-30W-100x100.jpg 100w, https:\/\/www.massafmedical.com.br\/loja\/wp-content\/uploads\/2025\/01\/UVC-30W-50x50.jpg 50w\" data-sizes=\"(max-width: 342px) 100vw, 342px\" src=\"data:image\/gif;base64,R0lGODlhAQABAAAAACH5BAEKAAEALAAAAAABAAEAAAICTAEAOw==\" style=\"--smush-placeholder-width: 342px; --smush-placeholder-aspect-ratio: 342\/342;\" \/><\/p>\n","protected":false},"excerpt":{"rendered":"<p>A <strong data-start=\"2\" data-end=\"48\">L\u00e2mpada Germicida UV-C PURITEC HNS 30W G13<\/strong> \u00e9 uma l\u00e2mpada especializada em desinfec\u00e7\u00e3o por radia\u00e7\u00e3o ultravioleta (UV-C), com pot\u00eancia de <strong data-start=\"142\" data-end=\"149\">30W<\/strong>. Ela \u00e9 amplamente utilizada para <strong data-start=\"183\" data-end=\"210\">eliminar microrganismos<\/strong> como bact\u00e9rias, v\u00edrus e fungos em ambientes como hospitais, cl\u00ednicas, laborat\u00f3rios e sistemas de purifica\u00e7\u00e3o de \u00e1gua ou ar. A l\u00e2mpada possui um <strong data-start=\"355\" data-end=\"370\">soquete G13<\/strong>, compat\u00edvel com uma variedade de sistemas de ilumina\u00e7\u00e3o. A radia\u00e7\u00e3o UV-C \u00e9 eficaz na desinfec\u00e7\u00e3o de superf\u00edcies e no tratamento de ambientes, proporcionando uma solu\u00e7\u00e3o pr\u00e1tica e segura para ambientes que exigem altos padr\u00f5es de higiene.<\/p>\n","protected":false},"featured_media":1260,"template":"","meta":[],"product_brand":[],"product_cat":[65],"product_tag":[],"class_list":{"0":"post-1259","1":"product","2":"type-product","3":"status-publish","4":"has-post-thumbnail","6":"product_cat-lampada-para-uso-medicos-processadoras","8":"first","9":"instock","10":"taxable","11":"shipping-taxable","12":"product-type-simple"},"acf":[],"yoast_head":"<!-- This site is optimized with the Yoast SEO plugin v24.4 - https:\/\/yoast.com\/wordpress\/plugins\/seo\/ -->\n<title>L\u00e2mpada Germicida UV-C PURITEC HNS 30W G13 - Massaf Medical<\/title>\n<meta name=\"robots\" content=\"index, follow, max-snippet:-1, max-image-preview:large, max-video-preview:-1\" \/>\n<link rel=\"canonical\" href=\"https:\/\/www.massafmedical.com.br\/loja\/produto\/lampada-germicida-uv-c-puritec-hns-30w-g13\/\" \/>\n<meta property=\"og:locale\" content=\"pt_BR\" \/>\n<meta property=\"og:type\" content=\"article\" \/>\n<meta property=\"og:title\" content=\"L\u00e2mpada Germicida UV-C PURITEC HNS 30W G13 - Massaf Medical\" \/>\n<meta property=\"og:description\" content=\"A L\u00e2mpada Germicida UV-C PURITEC HNS 30W G13 \u00e9 uma l\u00e2mpada especializada em desinfec\u00e7\u00e3o por radia\u00e7\u00e3o ultravioleta (UV-C), com pot\u00eancia de 30W. Ela \u00e9 amplamente utilizada para eliminar microrganismos como bact\u00e9rias, v\u00edrus e fungos em ambientes como hospitais, cl\u00ednicas, laborat\u00f3rios e sistemas de purifica\u00e7\u00e3o de \u00e1gua ou ar. A l\u00e2mpada possui um soquete G13, compat\u00edvel com uma variedade de sistemas de ilumina\u00e7\u00e3o. A radia\u00e7\u00e3o UV-C \u00e9 eficaz na desinfec\u00e7\u00e3o de superf\u00edcies e no tratamento de ambientes, proporcionando uma solu\u00e7\u00e3o pr\u00e1tica e segura para ambientes que exigem altos padr\u00f5es de higiene.\" \/>\n<meta property=\"og:url\" content=\"https:\/\/www.massafmedical.com.br\/loja\/produto\/lampada-germicida-uv-c-puritec-hns-30w-g13\/\" \/>\n<meta property=\"og:site_name\" content=\"Massaf Medical\" \/>\n<meta property=\"article:publisher\" content=\"http:\/\/www.facebook.com\/MASSAFMEDICAL\" \/>\n<meta property=\"article:modified_time\" content=\"2025-03-25T16:18:26+00:00\" \/>\n<meta property=\"og:image\" content=\"https:\/\/www.massafmedical.com.br\/loja\/wp-content\/uploads\/2025\/01\/LAMPADA-OSRAM-UV-C-GERMICIDAL-PURITEC-HNS-30W.jpg\" \/>\n\t<meta property=\"og:image:width\" content=\"500\" \/>\n\t<meta property=\"og:image:height\" content=\"428\" \/>\n\t<meta property=\"og:image:type\" content=\"image\/jpeg\" \/>\n<meta name=\"twitter:card\" content=\"summary_large_image\" \/>\n<meta name=\"twitter:label1\" content=\"Est. tempo de leitura\" \/>\n\t<meta name=\"twitter:data1\" content=\"2 minutos\" \/>\n<script type=\"application\/ld+json\" class=\"yoast-schema-graph\">{\"@context\":\"https:\/\/schema.org\",\"@graph\":[{\"@type\":\"WebPage\",\"@id\":\"https:\/\/www.massafmedical.com.br\/loja\/produto\/lampada-germicida-uv-c-puritec-hns-30w-g13\/\",\"url\":\"https:\/\/www.massafmedical.com.br\/loja\/produto\/lampada-germicida-uv-c-puritec-hns-30w-g13\/\",\"name\":\"L\u00e2mpada Germicida UV-C PURITEC HNS 30W G13 - Massaf Medical\",\"isPartOf\":{\"@id\":\"https:\/\/www.massafmedical.com.br\/loja\/#website\"},\"primaryImageOfPage\":{\"@id\":\"https:\/\/www.massafmedical.com.br\/loja\/produto\/lampada-germicida-uv-c-puritec-hns-30w-g13\/#primaryimage\"},\"image\":{\"@id\":\"https:\/\/www.massafmedical.com.br\/loja\/produto\/lampada-germicida-uv-c-puritec-hns-30w-g13\/#primaryimage\"},\"thumbnailUrl\":\"https:\/\/www.massafmedical.com.br\/loja\/wp-content\/uploads\/2025\/01\/LAMPADA-OSRAM-UV-C-GERMICIDAL-PURITEC-HNS-30W.jpg\",\"datePublished\":\"2025-01-28T11:59:40+00:00\",\"dateModified\":\"2025-03-25T16:18:26+00:00\",\"breadcrumb\":{\"@id\":\"https:\/\/www.massafmedical.com.br\/loja\/produto\/lampada-germicida-uv-c-puritec-hns-30w-g13\/#breadcrumb\"},\"inLanguage\":\"pt-BR\",\"potentialAction\":[{\"@type\":\"ReadAction\",\"target\":[\"https:\/\/www.massafmedical.com.br\/loja\/produto\/lampada-germicida-uv-c-puritec-hns-30w-g13\/\"]}]},{\"@type\":\"ImageObject\",\"inLanguage\":\"pt-BR\",\"@id\":\"https:\/\/www.massafmedical.com.br\/loja\/produto\/lampada-germicida-uv-c-puritec-hns-30w-g13\/#primaryimage\",\"url\":\"https:\/\/www.massafmedical.com.br\/loja\/wp-content\/uploads\/2025\/01\/LAMPADA-OSRAM-UV-C-GERMICIDAL-PURITEC-HNS-30W.jpg\",\"contentUrl\":\"https:\/\/www.massafmedical.com.br\/loja\/wp-content\/uploads\/2025\/01\/LAMPADA-OSRAM-UV-C-GERMICIDAL-PURITEC-HNS-30W.jpg\",\"width\":500,\"height\":428},{\"@type\":\"BreadcrumbList\",\"@id\":\"https:\/\/www.massafmedical.com.br\/loja\/produto\/lampada-germicida-uv-c-puritec-hns-30w-g13\/#breadcrumb\",\"itemListElement\":[{\"@type\":\"ListItem\",\"position\":1,\"name\":\"In\u00edcio\",\"item\":\"https:\/\/www.massafmedical.com.br\/loja\/\"},{\"@type\":\"ListItem\",\"position\":2,\"name\":\"Produtos\",\"item\":\"https:\/\/www.massafmedical.com.br\/loja\/nossos-produtos\/\"},{\"@type\":\"ListItem\",\"position\":3,\"name\":\"L\u00e2mpada Germicida UV-C PURITEC HNS 30W G13\"}]},{\"@type\":\"WebSite\",\"@id\":\"https:\/\/www.massafmedical.com.br\/loja\/#website\",\"url\":\"https:\/\/www.massafmedical.com.br\/loja\/\",\"name\":\"Massaf Medical\",\"description\":\"\",\"publisher\":{\"@id\":\"https:\/\/www.massafmedical.com.br\/loja\/#organization\"},\"potentialAction\":[{\"@type\":\"SearchAction\",\"target\":{\"@type\":\"EntryPoint\",\"urlTemplate\":\"https:\/\/www.massafmedical.com.br\/loja\/?s={search_term_string}\"},\"query-input\":{\"@type\":\"PropertyValueSpecification\",\"valueRequired\":true,\"valueName\":\"search_term_string\"}}],\"inLanguage\":\"pt-BR\"},{\"@type\":\"Organization\",\"@id\":\"https:\/\/www.massafmedical.com.br\/loja\/#organization\",\"name\":\"Massaf Medical\",\"url\":\"https:\/\/www.massafmedical.com.br\/loja\/\",\"logo\":{\"@type\":\"ImageObject\",\"inLanguage\":\"pt-BR\",\"@id\":\"https:\/\/www.massafmedical.com.br\/loja\/#\/schema\/logo\/image\/\",\"url\":\"http:\/\/www.massafmedical.com.br\/loja\/wp-content\/uploads\/2020\/10\/logotipo-big.png\",\"contentUrl\":\"http:\/\/www.massafmedical.com.br\/loja\/wp-content\/uploads\/2020\/10\/logotipo-big.png\",\"width\":750,\"height\":253,\"caption\":\"Massaf Medical\"},\"image\":{\"@id\":\"https:\/\/www.massafmedical.com.br\/loja\/#\/schema\/logo\/image\/\"},\"sameAs\":[\"http:\/\/www.facebook.com\/MASSAFMEDICAL\"]}]}<\/script>\n<!-- \/ Yoast SEO plugin. -->","yoast_head_json":{"title":"L\u00e2mpada Germicida UV-C PURITEC HNS 30W G13 - Massaf Medical","robots":{"index":"index","follow":"follow","max-snippet":"max-snippet:-1","max-image-preview":"max-image-preview:large","max-video-preview":"max-video-preview:-1"},"canonical":"https:\/\/www.massafmedical.com.br\/loja\/produto\/lampada-germicida-uv-c-puritec-hns-30w-g13\/","og_locale":"pt_BR","og_type":"article","og_title":"L\u00e2mpada Germicida UV-C PURITEC HNS 30W G13 - Massaf Medical","og_description":"A L\u00e2mpada Germicida UV-C PURITEC HNS 30W G13 \u00e9 uma l\u00e2mpada especializada em desinfec\u00e7\u00e3o por radia\u00e7\u00e3o ultravioleta (UV-C), com pot\u00eancia de 30W. Ela \u00e9 amplamente utilizada para eliminar microrganismos como bact\u00e9rias, v\u00edrus e fungos em ambientes como hospitais, cl\u00ednicas, laborat\u00f3rios e sistemas de purifica\u00e7\u00e3o de \u00e1gua ou ar. A l\u00e2mpada possui um soquete G13, compat\u00edvel com uma variedade de sistemas de ilumina\u00e7\u00e3o. A radia\u00e7\u00e3o UV-C \u00e9 eficaz na desinfec\u00e7\u00e3o de superf\u00edcies e no tratamento de ambientes, proporcionando uma solu\u00e7\u00e3o pr\u00e1tica e segura para ambientes que exigem altos padr\u00f5es de higiene.","og_url":"https:\/\/www.massafmedical.com.br\/loja\/produto\/lampada-germicida-uv-c-puritec-hns-30w-g13\/","og_site_name":"Massaf Medical","article_publisher":"http:\/\/www.facebook.com\/MASSAFMEDICAL","article_modified_time":"2025-03-25T16:18:26+00:00","og_image":[{"width":500,"height":428,"url":"https:\/\/www.massafmedical.com.br\/loja\/wp-content\/uploads\/2025\/01\/LAMPADA-OSRAM-UV-C-GERMICIDAL-PURITEC-HNS-30W.jpg","type":"image\/jpeg"}],"twitter_card":"summary_large_image","twitter_misc":{"Est. tempo de leitura":"2 minutos"},"schema":{"@context":"https:\/\/schema.org","@graph":[{"@type":"WebPage","@id":"https:\/\/www.massafmedical.com.br\/loja\/produto\/lampada-germicida-uv-c-puritec-hns-30w-g13\/","url":"https:\/\/www.massafmedical.com.br\/loja\/produto\/lampada-germicida-uv-c-puritec-hns-30w-g13\/","name":"L\u00e2mpada Germicida UV-C PURITEC HNS 30W G13 - Massaf Medical","isPartOf":{"@id":"https:\/\/www.massafmedical.com.br\/loja\/#website"},"primaryImageOfPage":{"@id":"https:\/\/www.massafmedical.com.br\/loja\/produto\/lampada-germicida-uv-c-puritec-hns-30w-g13\/#primaryimage"},"image":{"@id":"https:\/\/www.massafmedical.com.br\/loja\/produto\/lampada-germicida-uv-c-puritec-hns-30w-g13\/#primaryimage"},"thumbnailUrl":"https:\/\/www.massafmedical.com.br\/loja\/wp-content\/uploads\/2025\/01\/LAMPADA-OSRAM-UV-C-GERMICIDAL-PURITEC-HNS-30W.jpg","datePublished":"2025-01-28T11:59:40+00:00","dateModified":"2025-03-25T16:18:26+00:00","breadcrumb":{"@id":"https:\/\/www.massafmedical.com.br\/loja\/produto\/lampada-germicida-uv-c-puritec-hns-30w-g13\/#breadcrumb"},"inLanguage":"pt-BR","potentialAction":[{"@type":"ReadAction","target":["https:\/\/www.massafmedical.com.br\/loja\/produto\/lampada-germicida-uv-c-puritec-hns-30w-g13\/"]}]},{"@type":"ImageObject","inLanguage":"pt-BR","@id":"https:\/\/www.massafmedical.com.br\/loja\/produto\/lampada-germicida-uv-c-puritec-hns-30w-g13\/#primaryimage","url":"https:\/\/www.massafmedical.com.br\/loja\/wp-content\/uploads\/2025\/01\/LAMPADA-OSRAM-UV-C-GERMICIDAL-PURITEC-HNS-30W.jpg","contentUrl":"https:\/\/www.massafmedical.com.br\/loja\/wp-content\/uploads\/2025\/01\/LAMPADA-OSRAM-UV-C-GERMICIDAL-PURITEC-HNS-30W.jpg","width":500,"height":428},{"@type":"BreadcrumbList","@id":"https:\/\/www.massafmedical.com.br\/loja\/produto\/lampada-germicida-uv-c-puritec-hns-30w-g13\/#breadcrumb","itemListElement":[{"@type":"ListItem","position":1,"name":"In\u00edcio","item":"https:\/\/www.massafmedical.com.br\/loja\/"},{"@type":"ListItem","position":2,"name":"Produtos","item":"https:\/\/www.massafmedical.com.br\/loja\/nossos-produtos\/"},{"@type":"ListItem","position":3,"name":"L\u00e2mpada Germicida UV-C PURITEC HNS 30W G13"}]},{"@type":"WebSite","@id":"https:\/\/www.massafmedical.com.br\/loja\/#website","url":"https:\/\/www.massafmedical.com.br\/loja\/","name":"Massaf Medical","description":"","publisher":{"@id":"https:\/\/www.massafmedical.com.br\/loja\/#organization"},"potentialAction":[{"@type":"SearchAction","target":{"@type":"EntryPoint","urlTemplate":"https:\/\/www.massafmedical.com.br\/loja\/?s={search_term_string}"},"query-input":{"@type":"PropertyValueSpecification","valueRequired":true,"valueName":"search_term_string"}}],"inLanguage":"pt-BR"},{"@type":"Organization","@id":"https:\/\/www.massafmedical.com.br\/loja\/#organization","name":"Massaf Medical","url":"https:\/\/www.massafmedical.com.br\/loja\/","logo":{"@type":"ImageObject","inLanguage":"pt-BR","@id":"https:\/\/www.massafmedical.com.br\/loja\/#\/schema\/logo\/image\/","url":"http:\/\/www.massafmedical.com.br\/loja\/wp-content\/uploads\/2020\/10\/logotipo-big.png","contentUrl":"http:\/\/www.massafmedical.com.br\/loja\/wp-content\/uploads\/2020\/10\/logotipo-big.png","width":750,"height":253,"caption":"Massaf Medical"},"image":{"@id":"https:\/\/www.massafmedical.com.br\/loja\/#\/schema\/logo\/image\/"},"sameAs":["http:\/\/www.facebook.com\/MASSAFMEDICAL"]}]}},"_links":{"self":[{"href":"https:\/\/www.massafmedical.com.br\/loja\/wp-json\/wp\/v2\/product\/1259","targetHints":{"allow":["GET"]}}],"collection":[{"href":"https:\/\/www.massafmedical.com.br\/loja\/wp-json\/wp\/v2\/product"}],"about":[{"href":"https:\/\/www.massafmedical.com.br\/loja\/wp-json\/wp\/v2\/types\/product"}],"wp:featuredmedia":[{"embeddable":true,"href":"https:\/\/www.massafmedical.com.br\/loja\/wp-json\/wp\/v2\/media\/1260"}],"wp:attachment":[{"href":"https:\/\/www.massafmedical.com.br\/loja\/wp-json\/wp\/v2\/media?parent=1259"}],"wp:term":[{"taxonomy":"product_brand","embeddable":true,"href":"https:\/\/www.massafmedical.com.br\/loja\/wp-json\/wp\/v2\/product_brand?post=1259"},{"taxonomy":"product_cat","embeddable":true,"href":"https:\/\/www.massafmedical.com.br\/loja\/wp-json\/wp\/v2\/product_cat?post=1259"},{"taxonomy":"product_tag","embeddable":true,"href":"https:\/\/www.massafmedical.com.br\/loja\/wp-json\/wp\/v2\/product_tag?post=1259"}],"curies":[{"name":"wp","href":"https:\/\/api.w.org\/{rel}","templated":true}]}}