{"id":1165,"date":"2023-10-24T15:27:06","date_gmt":"2023-10-24T18:27:06","guid":{"rendered":"https:\/\/www.massafmedical.com.br\/loja\/?post_type=product&#038;p=1165"},"modified":"2025-07-24T12:57:42","modified_gmt":"2025-07-24T15:57:42","slug":"esfignomanometro-para-teste-de-vazamento-universal-ref-a2-30-02-01","status":"publish","type":"product","link":"https:\/\/www.massafmedical.com.br\/loja\/produto\/esfignomanometro-para-teste-de-vazamento-universal-ref-a2-30-02-01\/","title":{"rendered":"Esfignoman\u00f4metro para Teste de Vazamento Universal (adaptador n\u00e3o incluso)"},"content":{"rendered":"<p>Os testes de vazamento s\u00e3o realizados antes e ap\u00f3s cada uso do endosc\u00f3pio, como parte dos protocolos de limpeza, desinfec\u00e7\u00e3o e esteriliza\u00e7\u00e3o do dispositivo. O teste \u00e9 geralmente conduzido mergulhando o endosc\u00f3pio em um l\u00edquido espec\u00edfico e, em seguida, insuflando ar ou g\u00e1s atrav\u00e9s do canal do endosc\u00f3pio enquanto o dispositivo \u00e9 inspecionado visualmente para detectar poss\u00edveis vazamentos.<\/p>\n<p><samp>Ao realizar esses testes regularmente, os profissionais de sa\u00fade podem identificar qualquer problema com o endosc\u00f3pio e garantir a seguran\u00e7a e efic\u00e1cia dos procedimentos endosc\u00f3picos, protegendo a sa\u00fade do paciente. Al\u00e9m disso, \u00e9 fundamental seguir rigorosamente as diretrizes e recomenda\u00e7\u00f5es do fabricante para garantir a manuten\u00e7\u00e3o adequada do endosc\u00f3pio e evitar complica\u00e7\u00f5es associadas a vazamentos ou mau funcionamento do equipamento.<\/samp><\/p>\n<p>&nbsp;<\/p>\n<p><strong>Itens inclusos:<\/strong><\/p>\n<div id=\"njcdgcofcbnlbpkpdhmlmiblaglnkpnj\">\n<p>1x Esfigmoman\u00f4metro;<\/p>\n<p>&nbsp;<\/p>\n<p><span style=\"font-family: arial, helvetica, sans-serif;\">USO PERMITIDO SOMENTE PARA TESTE DE VAZAMENTO EM EQUIPAMENTOS.<\/span><\/p>\n<p>GARANTIA: 7 dias ap\u00f3s o recebimento do produto<\/p>\n<hr \/>\n<p><span style=\"font-family: arial, helvetica, sans-serif;\">Todas as garantias s\u00e3o dadas pelos fabricantes, e variam de produto para produto. Elas ser\u00e3o informadas nas p\u00e1ginas de cada produto. Caso tenha alguma d\u00favida, entre em contato conosco.<\/span><\/p>\n<p>Para devolu\u00e7\u00f5es, os produtos dever\u00e3o ser remetidos em suas embalagens originais e caso for constatado mal uso, o custo ser\u00e1 por parte do comprador.<\/p>\n<p>REF: A2-30-02-01<br \/>\nC\u00f3digo: 0000007959530<\/p>\n<\/div>\n","protected":false},"excerpt":{"rendered":"<p>Os testes de vazamento de endosc\u00f3pio s\u00e3o procedimentos realizados para verificar se h\u00e1 algum defeito ou falha que permita a entrada de l\u00edquidos ou gases indesejados no interior do endosc\u00f3pio.<\/p>\n","protected":false},"featured_media":1373,"template":"","meta":[],"product_brand":[],"product_cat":[91],"product_tag":[],"class_list":{"0":"post-1165","1":"product","2":"type-product","3":"status-publish","4":"has-post-thumbnail","6":"product_cat-acessorios-endoscopia","8":"first","9":"instock","10":"taxable","11":"shipping-taxable","12":"product-type-simple"},"acf":[],"yoast_head":"<!-- This site is optimized with the Yoast SEO plugin v24.4 - https:\/\/yoast.com\/wordpress\/plugins\/seo\/ -->\n<title>Esfignoman\u00f4metro para Teste de Vazamento Universal (adaptador n\u00e3o incluso) - Massaf Medical<\/title>\n<meta name=\"robots\" content=\"index, follow, max-snippet:-1, max-image-preview:large, max-video-preview:-1\" \/>\n<link rel=\"canonical\" href=\"https:\/\/www.massafmedical.com.br\/loja\/produto\/esfignomanometro-para-teste-de-vazamento-universal-ref-a2-30-02-01\/\" \/>\n<meta property=\"og:locale\" content=\"pt_BR\" \/>\n<meta property=\"og:type\" content=\"article\" \/>\n<meta property=\"og:title\" content=\"Esfignoman\u00f4metro para Teste de Vazamento Universal (adaptador n\u00e3o incluso) - Massaf Medical\" \/>\n<meta property=\"og:description\" content=\"Os testes de vazamento de endosc\u00f3pio s\u00e3o procedimentos realizados para verificar se h\u00e1 algum defeito ou falha que permita a entrada de l\u00edquidos ou gases indesejados no interior do endosc\u00f3pio.\" \/>\n<meta property=\"og:url\" content=\"https:\/\/www.massafmedical.com.br\/loja\/produto\/esfignomanometro-para-teste-de-vazamento-universal-ref-a2-30-02-01\/\" \/>\n<meta property=\"og:site_name\" content=\"Massaf Medical\" \/>\n<meta property=\"article:publisher\" content=\"http:\/\/www.facebook.com\/MASSAFMEDICAL\" \/>\n<meta property=\"article:modified_time\" content=\"2025-07-24T15:57:42+00:00\" \/>\n<meta property=\"og:image\" content=\"https:\/\/www.massafmedical.com.br\/loja\/wp-content\/uploads\/2023\/10\/WhatsApp-Image-2025-01-31-at-11.04.06.jpeg\" \/>\n\t<meta property=\"og:image:width\" content=\"453\" \/>\n\t<meta property=\"og:image:height\" content=\"415\" \/>\n\t<meta property=\"og:image:type\" content=\"image\/jpeg\" \/>\n<meta name=\"twitter:card\" content=\"summary_large_image\" \/>\n<meta name=\"twitter:label1\" content=\"Est. tempo de leitura\" \/>\n\t<meta name=\"twitter:data1\" content=\"2 minutos\" \/>\n<script type=\"application\/ld+json\" class=\"yoast-schema-graph\">{\"@context\":\"https:\/\/schema.org\",\"@graph\":[{\"@type\":\"WebPage\",\"@id\":\"https:\/\/www.massafmedical.com.br\/loja\/produto\/esfignomanometro-para-teste-de-vazamento-universal-ref-a2-30-02-01\/\",\"url\":\"https:\/\/www.massafmedical.com.br\/loja\/produto\/esfignomanometro-para-teste-de-vazamento-universal-ref-a2-30-02-01\/\",\"name\":\"Esfignoman\u00f4metro para Teste de Vazamento Universal (adaptador n\u00e3o incluso) - Massaf Medical\",\"isPartOf\":{\"@id\":\"https:\/\/www.massafmedical.com.br\/loja\/#website\"},\"primaryImageOfPage\":{\"@id\":\"https:\/\/www.massafmedical.com.br\/loja\/produto\/esfignomanometro-para-teste-de-vazamento-universal-ref-a2-30-02-01\/#primaryimage\"},\"image\":{\"@id\":\"https:\/\/www.massafmedical.com.br\/loja\/produto\/esfignomanometro-para-teste-de-vazamento-universal-ref-a2-30-02-01\/#primaryimage\"},\"thumbnailUrl\":\"https:\/\/www.massafmedical.com.br\/loja\/wp-content\/uploads\/2023\/10\/WhatsApp-Image-2025-01-31-at-11.04.06.jpeg\",\"datePublished\":\"2023-10-24T18:27:06+00:00\",\"dateModified\":\"2025-07-24T15:57:42+00:00\",\"breadcrumb\":{\"@id\":\"https:\/\/www.massafmedical.com.br\/loja\/produto\/esfignomanometro-para-teste-de-vazamento-universal-ref-a2-30-02-01\/#breadcrumb\"},\"inLanguage\":\"pt-BR\",\"potentialAction\":[{\"@type\":\"ReadAction\",\"target\":[\"https:\/\/www.massafmedical.com.br\/loja\/produto\/esfignomanometro-para-teste-de-vazamento-universal-ref-a2-30-02-01\/\"]}]},{\"@type\":\"ImageObject\",\"inLanguage\":\"pt-BR\",\"@id\":\"https:\/\/www.massafmedical.com.br\/loja\/produto\/esfignomanometro-para-teste-de-vazamento-universal-ref-a2-30-02-01\/#primaryimage\",\"url\":\"https:\/\/www.massafmedical.com.br\/loja\/wp-content\/uploads\/2023\/10\/WhatsApp-Image-2025-01-31-at-11.04.06.jpeg\",\"contentUrl\":\"https:\/\/www.massafmedical.com.br\/loja\/wp-content\/uploads\/2023\/10\/WhatsApp-Image-2025-01-31-at-11.04.06.jpeg\",\"width\":453,\"height\":415},{\"@type\":\"BreadcrumbList\",\"@id\":\"https:\/\/www.massafmedical.com.br\/loja\/produto\/esfignomanometro-para-teste-de-vazamento-universal-ref-a2-30-02-01\/#breadcrumb\",\"itemListElement\":[{\"@type\":\"ListItem\",\"position\":1,\"name\":\"In\u00edcio\",\"item\":\"https:\/\/www.massafmedical.com.br\/loja\/\"},{\"@type\":\"ListItem\",\"position\":2,\"name\":\"Produtos\",\"item\":\"https:\/\/www.massafmedical.com.br\/loja\/nossos-produtos\/\"},{\"@type\":\"ListItem\",\"position\":3,\"name\":\"Esfignoman\u00f4metro para Teste de Vazamento Universal (adaptador n\u00e3o incluso)\"}]},{\"@type\":\"WebSite\",\"@id\":\"https:\/\/www.massafmedical.com.br\/loja\/#website\",\"url\":\"https:\/\/www.massafmedical.com.br\/loja\/\",\"name\":\"Massaf Medical\",\"description\":\"\",\"publisher\":{\"@id\":\"https:\/\/www.massafmedical.com.br\/loja\/#organization\"},\"potentialAction\":[{\"@type\":\"SearchAction\",\"target\":{\"@type\":\"EntryPoint\",\"urlTemplate\":\"https:\/\/www.massafmedical.com.br\/loja\/?s={search_term_string}\"},\"query-input\":{\"@type\":\"PropertyValueSpecification\",\"valueRequired\":true,\"valueName\":\"search_term_string\"}}],\"inLanguage\":\"pt-BR\"},{\"@type\":\"Organization\",\"@id\":\"https:\/\/www.massafmedical.com.br\/loja\/#organization\",\"name\":\"Massaf Medical\",\"url\":\"https:\/\/www.massafmedical.com.br\/loja\/\",\"logo\":{\"@type\":\"ImageObject\",\"inLanguage\":\"pt-BR\",\"@id\":\"https:\/\/www.massafmedical.com.br\/loja\/#\/schema\/logo\/image\/\",\"url\":\"http:\/\/www.massafmedical.com.br\/loja\/wp-content\/uploads\/2020\/10\/logotipo-big.png\",\"contentUrl\":\"http:\/\/www.massafmedical.com.br\/loja\/wp-content\/uploads\/2020\/10\/logotipo-big.png\",\"width\":750,\"height\":253,\"caption\":\"Massaf Medical\"},\"image\":{\"@id\":\"https:\/\/www.massafmedical.com.br\/loja\/#\/schema\/logo\/image\/\"},\"sameAs\":[\"http:\/\/www.facebook.com\/MASSAFMEDICAL\"]}]}<\/script>\n<!-- \/ Yoast SEO plugin. -->","yoast_head_json":{"title":"Esfignoman\u00f4metro para Teste de Vazamento Universal (adaptador n\u00e3o incluso) - Massaf Medical","robots":{"index":"index","follow":"follow","max-snippet":"max-snippet:-1","max-image-preview":"max-image-preview:large","max-video-preview":"max-video-preview:-1"},"canonical":"https:\/\/www.massafmedical.com.br\/loja\/produto\/esfignomanometro-para-teste-de-vazamento-universal-ref-a2-30-02-01\/","og_locale":"pt_BR","og_type":"article","og_title":"Esfignoman\u00f4metro para Teste de Vazamento Universal (adaptador n\u00e3o incluso) - Massaf Medical","og_description":"Os testes de vazamento de endosc\u00f3pio s\u00e3o procedimentos realizados para verificar se h\u00e1 algum defeito ou falha que permita a entrada de l\u00edquidos ou gases indesejados no interior do endosc\u00f3pio.","og_url":"https:\/\/www.massafmedical.com.br\/loja\/produto\/esfignomanometro-para-teste-de-vazamento-universal-ref-a2-30-02-01\/","og_site_name":"Massaf Medical","article_publisher":"http:\/\/www.facebook.com\/MASSAFMEDICAL","article_modified_time":"2025-07-24T15:57:42+00:00","og_image":[{"width":453,"height":415,"url":"https:\/\/www.massafmedical.com.br\/loja\/wp-content\/uploads\/2023\/10\/WhatsApp-Image-2025-01-31-at-11.04.06.jpeg","type":"image\/jpeg"}],"twitter_card":"summary_large_image","twitter_misc":{"Est. tempo de leitura":"2 minutos"},"schema":{"@context":"https:\/\/schema.org","@graph":[{"@type":"WebPage","@id":"https:\/\/www.massafmedical.com.br\/loja\/produto\/esfignomanometro-para-teste-de-vazamento-universal-ref-a2-30-02-01\/","url":"https:\/\/www.massafmedical.com.br\/loja\/produto\/esfignomanometro-para-teste-de-vazamento-universal-ref-a2-30-02-01\/","name":"Esfignoman\u00f4metro para Teste de Vazamento Universal (adaptador n\u00e3o incluso) - Massaf Medical","isPartOf":{"@id":"https:\/\/www.massafmedical.com.br\/loja\/#website"},"primaryImageOfPage":{"@id":"https:\/\/www.massafmedical.com.br\/loja\/produto\/esfignomanometro-para-teste-de-vazamento-universal-ref-a2-30-02-01\/#primaryimage"},"image":{"@id":"https:\/\/www.massafmedical.com.br\/loja\/produto\/esfignomanometro-para-teste-de-vazamento-universal-ref-a2-30-02-01\/#primaryimage"},"thumbnailUrl":"https:\/\/www.massafmedical.com.br\/loja\/wp-content\/uploads\/2023\/10\/WhatsApp-Image-2025-01-31-at-11.04.06.jpeg","datePublished":"2023-10-24T18:27:06+00:00","dateModified":"2025-07-24T15:57:42+00:00","breadcrumb":{"@id":"https:\/\/www.massafmedical.com.br\/loja\/produto\/esfignomanometro-para-teste-de-vazamento-universal-ref-a2-30-02-01\/#breadcrumb"},"inLanguage":"pt-BR","potentialAction":[{"@type":"ReadAction","target":["https:\/\/www.massafmedical.com.br\/loja\/produto\/esfignomanometro-para-teste-de-vazamento-universal-ref-a2-30-02-01\/"]}]},{"@type":"ImageObject","inLanguage":"pt-BR","@id":"https:\/\/www.massafmedical.com.br\/loja\/produto\/esfignomanometro-para-teste-de-vazamento-universal-ref-a2-30-02-01\/#primaryimage","url":"https:\/\/www.massafmedical.com.br\/loja\/wp-content\/uploads\/2023\/10\/WhatsApp-Image-2025-01-31-at-11.04.06.jpeg","contentUrl":"https:\/\/www.massafmedical.com.br\/loja\/wp-content\/uploads\/2023\/10\/WhatsApp-Image-2025-01-31-at-11.04.06.jpeg","width":453,"height":415},{"@type":"BreadcrumbList","@id":"https:\/\/www.massafmedical.com.br\/loja\/produto\/esfignomanometro-para-teste-de-vazamento-universal-ref-a2-30-02-01\/#breadcrumb","itemListElement":[{"@type":"ListItem","position":1,"name":"In\u00edcio","item":"https:\/\/www.massafmedical.com.br\/loja\/"},{"@type":"ListItem","position":2,"name":"Produtos","item":"https:\/\/www.massafmedical.com.br\/loja\/nossos-produtos\/"},{"@type":"ListItem","position":3,"name":"Esfignoman\u00f4metro para Teste de Vazamento Universal (adaptador n\u00e3o incluso)"}]},{"@type":"WebSite","@id":"https:\/\/www.massafmedical.com.br\/loja\/#website","url":"https:\/\/www.massafmedical.com.br\/loja\/","name":"Massaf Medical","description":"","publisher":{"@id":"https:\/\/www.massafmedical.com.br\/loja\/#organization"},"potentialAction":[{"@type":"SearchAction","target":{"@type":"EntryPoint","urlTemplate":"https:\/\/www.massafmedical.com.br\/loja\/?s={search_term_string}"},"query-input":{"@type":"PropertyValueSpecification","valueRequired":true,"valueName":"search_term_string"}}],"inLanguage":"pt-BR"},{"@type":"Organization","@id":"https:\/\/www.massafmedical.com.br\/loja\/#organization","name":"Massaf Medical","url":"https:\/\/www.massafmedical.com.br\/loja\/","logo":{"@type":"ImageObject","inLanguage":"pt-BR","@id":"https:\/\/www.massafmedical.com.br\/loja\/#\/schema\/logo\/image\/","url":"http:\/\/www.massafmedical.com.br\/loja\/wp-content\/uploads\/2020\/10\/logotipo-big.png","contentUrl":"http:\/\/www.massafmedical.com.br\/loja\/wp-content\/uploads\/2020\/10\/logotipo-big.png","width":750,"height":253,"caption":"Massaf Medical"},"image":{"@id":"https:\/\/www.massafmedical.com.br\/loja\/#\/schema\/logo\/image\/"},"sameAs":["http:\/\/www.facebook.com\/MASSAFMEDICAL"]}]}},"_links":{"self":[{"href":"https:\/\/www.massafmedical.com.br\/loja\/wp-json\/wp\/v2\/product\/1165","targetHints":{"allow":["GET"]}}],"collection":[{"href":"https:\/\/www.massafmedical.com.br\/loja\/wp-json\/wp\/v2\/product"}],"about":[{"href":"https:\/\/www.massafmedical.com.br\/loja\/wp-json\/wp\/v2\/types\/product"}],"wp:featuredmedia":[{"embeddable":true,"href":"https:\/\/www.massafmedical.com.br\/loja\/wp-json\/wp\/v2\/media\/1373"}],"wp:attachment":[{"href":"https:\/\/www.massafmedical.com.br\/loja\/wp-json\/wp\/v2\/media?parent=1165"}],"wp:term":[{"taxonomy":"product_brand","embeddable":true,"href":"https:\/\/www.massafmedical.com.br\/loja\/wp-json\/wp\/v2\/product_brand?post=1165"},{"taxonomy":"product_cat","embeddable":true,"href":"https:\/\/www.massafmedical.com.br\/loja\/wp-json\/wp\/v2\/product_cat?post=1165"},{"taxonomy":"product_tag","embeddable":true,"href":"https:\/\/www.massafmedical.com.br\/loja\/wp-json\/wp\/v2\/product_tag?post=1165"}],"curies":[{"name":"wp","href":"https:\/\/api.w.org\/{rel}","templated":true}]}}