{"id":1160,"date":"2023-10-24T15:03:44","date_gmt":"2023-10-24T18:03:44","guid":{"rendered":"https:\/\/www.massafmedical.com.br\/loja\/?post_type=product&#038;p=1160"},"modified":"2025-07-24T09:32:44","modified_gmt":"2025-07-24T12:32:44","slug":"bocal-endoscopia-adulto-com-elastico-alton-ref-0000000795380-modelo-af-gbw","status":"publish","type":"product","link":"https:\/\/www.massafmedical.com.br\/loja\/produto\/bocal-endoscopia-adulto-com-elastico-alton-ref-0000000795380-modelo-af-gbw\/","title":{"rendered":"Bocal com El\u00e1stico para Adulto (ALTON)"},"content":{"rendered":"<p><strong>Bocal de prote\u00e7\u00e3o do paciente para uso adulto<\/strong><\/p>\n<p style=\"text-align: left;\">Quando um paciente se submete a uma endoscopia, o m\u00e9dico ou profissional de sa\u00fade insere o endosc\u00f3pio atrav\u00e9s da boca para visualizar o trato gastrointestinal. O bocal de prote\u00e7\u00e3o \u00e9 colocado na boca do paciente antes da inser\u00e7\u00e3o do endosc\u00f3pio. Ele tem a fun\u00e7\u00e3o de:<\/p>\n<ul style=\"text-align: left;\">\n<li>1.Evitar que o endosc\u00f3pio entre em contato direto com a saliva do paciente, reduzindo o risco de contamina\u00e7\u00e3o cruzada entre pacientes;<\/li>\n<li>2. Facilitar a passagem suave e segura do endosc\u00f3pio, minimizando o desconforto para o paciente.<\/li>\n<\/ul>\n<p style=\"text-align: left;\">Modelo: AF-GBW;<\/p>\n<p style=\"text-align: left;\">REF: 0000000795380;<\/p>\n<p style=\"text-align: left;\">Marca: Alton;<\/p>\n<p style=\"text-align: left;\">N\u00famero Registro ANVISA: 81323690001.<\/p>\n<p style=\"text-align: left;\">Todas as garantias s\u00e3o dadas pelos fabricantes, e variam de produto para produto. Elas ser\u00e3o informadas nas p\u00e1ginas de cada produto. Caso tenha alguma d\u00favida, entre em contato conosco.<\/p>\n<p style=\"text-align: left;\">Para devolu\u00e7\u00f5es, os produtos dever\u00e3o ser remetidos em suas embalagens originais e caso for constatado mal uso, o custo ser\u00e1 por parte do comprador.<\/p>\n<p><img decoding=\"async\" class=\"wp-image-1111 aligncenter lazyload\" data-src=\"https:\/\/www.massafmedical.com.br\/loja\/wp-content\/uploads\/2023\/10\/Bocal-Endoscopia-Adulto-com-Elastico-Alton-1390.png\" alt=\"\" width=\"355\" height=\"245\" data-srcset=\"https:\/\/www.massafmedical.com.br\/loja\/wp-content\/uploads\/2023\/10\/Bocal-Endoscopia-Adulto-com-Elastico-Alton-1390.png 621w, https:\/\/www.massafmedical.com.br\/loja\/wp-content\/uploads\/2023\/10\/Bocal-Endoscopia-Adulto-com-Elastico-Alton-1390-600x414.png 600w\" data-sizes=\"(max-width: 355px) 100vw, 355px\" src=\"data:image\/gif;base64,R0lGODlhAQABAAAAACH5BAEKAAEALAAAAAABAAEAAAICTAEAOw==\" style=\"--smush-placeholder-width: 355px; --smush-placeholder-aspect-ratio: 355\/245;\" \/><\/p>\n","protected":false},"excerpt":{"rendered":"<table>\n<tbody>\n<tr>\n<td colspan=\"5\"><span style=\"font-weight: 400;\">Bocal confort\u00e1vel de prote\u00e7\u00e3o contra mordida para uso adulto.\u00a0<\/span><\/td>\n<\/tr>\n<\/tbody>\n<\/table>\n","protected":false},"featured_media":1201,"template":"","meta":[],"product_brand":[],"product_cat":[66],"product_tag":[],"class_list":{"0":"post-1160","1":"product","2":"type-product","3":"status-publish","4":"has-post-thumbnail","6":"product_cat-descartaveis","8":"first","9":"instock","10":"taxable","11":"shipping-taxable","12":"product-type-simple"},"acf":[],"yoast_head":"<!-- This site is optimized with the Yoast SEO plugin v24.4 - https:\/\/yoast.com\/wordpress\/plugins\/seo\/ -->\n<title>Bocal com El\u00e1stico para Adulto (ALTON) - Massaf Medical<\/title>\n<meta name=\"robots\" content=\"index, follow, max-snippet:-1, max-image-preview:large, max-video-preview:-1\" \/>\n<link rel=\"canonical\" href=\"https:\/\/www.massafmedical.com.br\/loja\/produto\/bocal-endoscopia-adulto-com-elastico-alton-ref-0000000795380-modelo-af-gbw\/\" \/>\n<meta property=\"og:locale\" content=\"pt_BR\" \/>\n<meta property=\"og:type\" content=\"article\" \/>\n<meta property=\"og:title\" content=\"Bocal com El\u00e1stico para Adulto (ALTON) - Massaf Medical\" \/>\n<meta property=\"og:description\" content=\"Bocal confort\u00e1vel de prote\u00e7\u00e3o contra mordida para uso adulto.\u00a0\" \/>\n<meta property=\"og:url\" content=\"https:\/\/www.massafmedical.com.br\/loja\/produto\/bocal-endoscopia-adulto-com-elastico-alton-ref-0000000795380-modelo-af-gbw\/\" \/>\n<meta property=\"og:site_name\" content=\"Massaf Medical\" \/>\n<meta property=\"article:publisher\" content=\"http:\/\/www.facebook.com\/MASSAFMEDICAL\" \/>\n<meta property=\"article:modified_time\" content=\"2025-07-24T12:32:44+00:00\" \/>\n<meta property=\"og:image\" content=\"https:\/\/www.massafmedical.com.br\/loja\/wp-content\/uploads\/2023\/10\/Bocal-Endoscopia-Adulto-com-Elastico-Alton-1390.png-1.jpg\" \/>\n\t<meta property=\"og:image:width\" content=\"621\" \/>\n\t<meta property=\"og:image:height\" content=\"428\" \/>\n\t<meta property=\"og:image:type\" content=\"image\/jpeg\" \/>\n<meta name=\"twitter:card\" content=\"summary_large_image\" \/>\n<meta name=\"twitter:label1\" content=\"Est. tempo de leitura\" \/>\n\t<meta name=\"twitter:data1\" content=\"2 minutos\" \/>\n<script type=\"application\/ld+json\" class=\"yoast-schema-graph\">{\"@context\":\"https:\/\/schema.org\",\"@graph\":[{\"@type\":\"WebPage\",\"@id\":\"https:\/\/www.massafmedical.com.br\/loja\/produto\/bocal-endoscopia-adulto-com-elastico-alton-ref-0000000795380-modelo-af-gbw\/\",\"url\":\"https:\/\/www.massafmedical.com.br\/loja\/produto\/bocal-endoscopia-adulto-com-elastico-alton-ref-0000000795380-modelo-af-gbw\/\",\"name\":\"Bocal com El\u00e1stico para Adulto (ALTON) - Massaf Medical\",\"isPartOf\":{\"@id\":\"https:\/\/www.massafmedical.com.br\/loja\/#website\"},\"primaryImageOfPage\":{\"@id\":\"https:\/\/www.massafmedical.com.br\/loja\/produto\/bocal-endoscopia-adulto-com-elastico-alton-ref-0000000795380-modelo-af-gbw\/#primaryimage\"},\"image\":{\"@id\":\"https:\/\/www.massafmedical.com.br\/loja\/produto\/bocal-endoscopia-adulto-com-elastico-alton-ref-0000000795380-modelo-af-gbw\/#primaryimage\"},\"thumbnailUrl\":\"https:\/\/www.massafmedical.com.br\/loja\/wp-content\/uploads\/2023\/10\/Bocal-Endoscopia-Adulto-com-Elastico-Alton-1390.png-1.jpg\",\"datePublished\":\"2023-10-24T18:03:44+00:00\",\"dateModified\":\"2025-07-24T12:32:44+00:00\",\"breadcrumb\":{\"@id\":\"https:\/\/www.massafmedical.com.br\/loja\/produto\/bocal-endoscopia-adulto-com-elastico-alton-ref-0000000795380-modelo-af-gbw\/#breadcrumb\"},\"inLanguage\":\"pt-BR\",\"potentialAction\":[{\"@type\":\"ReadAction\",\"target\":[\"https:\/\/www.massafmedical.com.br\/loja\/produto\/bocal-endoscopia-adulto-com-elastico-alton-ref-0000000795380-modelo-af-gbw\/\"]}]},{\"@type\":\"ImageObject\",\"inLanguage\":\"pt-BR\",\"@id\":\"https:\/\/www.massafmedical.com.br\/loja\/produto\/bocal-endoscopia-adulto-com-elastico-alton-ref-0000000795380-modelo-af-gbw\/#primaryimage\",\"url\":\"https:\/\/www.massafmedical.com.br\/loja\/wp-content\/uploads\/2023\/10\/Bocal-Endoscopia-Adulto-com-Elastico-Alton-1390.png-1.jpg\",\"contentUrl\":\"https:\/\/www.massafmedical.com.br\/loja\/wp-content\/uploads\/2023\/10\/Bocal-Endoscopia-Adulto-com-Elastico-Alton-1390.png-1.jpg\",\"width\":621,\"height\":428},{\"@type\":\"BreadcrumbList\",\"@id\":\"https:\/\/www.massafmedical.com.br\/loja\/produto\/bocal-endoscopia-adulto-com-elastico-alton-ref-0000000795380-modelo-af-gbw\/#breadcrumb\",\"itemListElement\":[{\"@type\":\"ListItem\",\"position\":1,\"name\":\"In\u00edcio\",\"item\":\"https:\/\/www.massafmedical.com.br\/loja\/\"},{\"@type\":\"ListItem\",\"position\":2,\"name\":\"Produtos\",\"item\":\"https:\/\/www.massafmedical.com.br\/loja\/nossos-produtos\/\"},{\"@type\":\"ListItem\",\"position\":3,\"name\":\"Bocal com El\u00e1stico para Adulto (ALTON)\"}]},{\"@type\":\"WebSite\",\"@id\":\"https:\/\/www.massafmedical.com.br\/loja\/#website\",\"url\":\"https:\/\/www.massafmedical.com.br\/loja\/\",\"name\":\"Massaf Medical\",\"description\":\"\",\"publisher\":{\"@id\":\"https:\/\/www.massafmedical.com.br\/loja\/#organization\"},\"potentialAction\":[{\"@type\":\"SearchAction\",\"target\":{\"@type\":\"EntryPoint\",\"urlTemplate\":\"https:\/\/www.massafmedical.com.br\/loja\/?s={search_term_string}\"},\"query-input\":{\"@type\":\"PropertyValueSpecification\",\"valueRequired\":true,\"valueName\":\"search_term_string\"}}],\"inLanguage\":\"pt-BR\"},{\"@type\":\"Organization\",\"@id\":\"https:\/\/www.massafmedical.com.br\/loja\/#organization\",\"name\":\"Massaf Medical\",\"url\":\"https:\/\/www.massafmedical.com.br\/loja\/\",\"logo\":{\"@type\":\"ImageObject\",\"inLanguage\":\"pt-BR\",\"@id\":\"https:\/\/www.massafmedical.com.br\/loja\/#\/schema\/logo\/image\/\",\"url\":\"http:\/\/www.massafmedical.com.br\/loja\/wp-content\/uploads\/2020\/10\/logotipo-big.png\",\"contentUrl\":\"http:\/\/www.massafmedical.com.br\/loja\/wp-content\/uploads\/2020\/10\/logotipo-big.png\",\"width\":750,\"height\":253,\"caption\":\"Massaf Medical\"},\"image\":{\"@id\":\"https:\/\/www.massafmedical.com.br\/loja\/#\/schema\/logo\/image\/\"},\"sameAs\":[\"http:\/\/www.facebook.com\/MASSAFMEDICAL\"]}]}<\/script>\n<!-- \/ Yoast SEO plugin. -->","yoast_head_json":{"title":"Bocal com El\u00e1stico para Adulto (ALTON) - Massaf Medical","robots":{"index":"index","follow":"follow","max-snippet":"max-snippet:-1","max-image-preview":"max-image-preview:large","max-video-preview":"max-video-preview:-1"},"canonical":"https:\/\/www.massafmedical.com.br\/loja\/produto\/bocal-endoscopia-adulto-com-elastico-alton-ref-0000000795380-modelo-af-gbw\/","og_locale":"pt_BR","og_type":"article","og_title":"Bocal com El\u00e1stico para Adulto (ALTON) - Massaf Medical","og_description":"Bocal confort\u00e1vel de prote\u00e7\u00e3o contra mordida para uso adulto.\u00a0","og_url":"https:\/\/www.massafmedical.com.br\/loja\/produto\/bocal-endoscopia-adulto-com-elastico-alton-ref-0000000795380-modelo-af-gbw\/","og_site_name":"Massaf Medical","article_publisher":"http:\/\/www.facebook.com\/MASSAFMEDICAL","article_modified_time":"2025-07-24T12:32:44+00:00","og_image":[{"width":621,"height":428,"url":"https:\/\/www.massafmedical.com.br\/loja\/wp-content\/uploads\/2023\/10\/Bocal-Endoscopia-Adulto-com-Elastico-Alton-1390.png-1.jpg","type":"image\/jpeg"}],"twitter_card":"summary_large_image","twitter_misc":{"Est. tempo de leitura":"2 minutos"},"schema":{"@context":"https:\/\/schema.org","@graph":[{"@type":"WebPage","@id":"https:\/\/www.massafmedical.com.br\/loja\/produto\/bocal-endoscopia-adulto-com-elastico-alton-ref-0000000795380-modelo-af-gbw\/","url":"https:\/\/www.massafmedical.com.br\/loja\/produto\/bocal-endoscopia-adulto-com-elastico-alton-ref-0000000795380-modelo-af-gbw\/","name":"Bocal com El\u00e1stico para Adulto (ALTON) - Massaf Medical","isPartOf":{"@id":"https:\/\/www.massafmedical.com.br\/loja\/#website"},"primaryImageOfPage":{"@id":"https:\/\/www.massafmedical.com.br\/loja\/produto\/bocal-endoscopia-adulto-com-elastico-alton-ref-0000000795380-modelo-af-gbw\/#primaryimage"},"image":{"@id":"https:\/\/www.massafmedical.com.br\/loja\/produto\/bocal-endoscopia-adulto-com-elastico-alton-ref-0000000795380-modelo-af-gbw\/#primaryimage"},"thumbnailUrl":"https:\/\/www.massafmedical.com.br\/loja\/wp-content\/uploads\/2023\/10\/Bocal-Endoscopia-Adulto-com-Elastico-Alton-1390.png-1.jpg","datePublished":"2023-10-24T18:03:44+00:00","dateModified":"2025-07-24T12:32:44+00:00","breadcrumb":{"@id":"https:\/\/www.massafmedical.com.br\/loja\/produto\/bocal-endoscopia-adulto-com-elastico-alton-ref-0000000795380-modelo-af-gbw\/#breadcrumb"},"inLanguage":"pt-BR","potentialAction":[{"@type":"ReadAction","target":["https:\/\/www.massafmedical.com.br\/loja\/produto\/bocal-endoscopia-adulto-com-elastico-alton-ref-0000000795380-modelo-af-gbw\/"]}]},{"@type":"ImageObject","inLanguage":"pt-BR","@id":"https:\/\/www.massafmedical.com.br\/loja\/produto\/bocal-endoscopia-adulto-com-elastico-alton-ref-0000000795380-modelo-af-gbw\/#primaryimage","url":"https:\/\/www.massafmedical.com.br\/loja\/wp-content\/uploads\/2023\/10\/Bocal-Endoscopia-Adulto-com-Elastico-Alton-1390.png-1.jpg","contentUrl":"https:\/\/www.massafmedical.com.br\/loja\/wp-content\/uploads\/2023\/10\/Bocal-Endoscopia-Adulto-com-Elastico-Alton-1390.png-1.jpg","width":621,"height":428},{"@type":"BreadcrumbList","@id":"https:\/\/www.massafmedical.com.br\/loja\/produto\/bocal-endoscopia-adulto-com-elastico-alton-ref-0000000795380-modelo-af-gbw\/#breadcrumb","itemListElement":[{"@type":"ListItem","position":1,"name":"In\u00edcio","item":"https:\/\/www.massafmedical.com.br\/loja\/"},{"@type":"ListItem","position":2,"name":"Produtos","item":"https:\/\/www.massafmedical.com.br\/loja\/nossos-produtos\/"},{"@type":"ListItem","position":3,"name":"Bocal com El\u00e1stico para Adulto (ALTON)"}]},{"@type":"WebSite","@id":"https:\/\/www.massafmedical.com.br\/loja\/#website","url":"https:\/\/www.massafmedical.com.br\/loja\/","name":"Massaf Medical","description":"","publisher":{"@id":"https:\/\/www.massafmedical.com.br\/loja\/#organization"},"potentialAction":[{"@type":"SearchAction","target":{"@type":"EntryPoint","urlTemplate":"https:\/\/www.massafmedical.com.br\/loja\/?s={search_term_string}"},"query-input":{"@type":"PropertyValueSpecification","valueRequired":true,"valueName":"search_term_string"}}],"inLanguage":"pt-BR"},{"@type":"Organization","@id":"https:\/\/www.massafmedical.com.br\/loja\/#organization","name":"Massaf Medical","url":"https:\/\/www.massafmedical.com.br\/loja\/","logo":{"@type":"ImageObject","inLanguage":"pt-BR","@id":"https:\/\/www.massafmedical.com.br\/loja\/#\/schema\/logo\/image\/","url":"http:\/\/www.massafmedical.com.br\/loja\/wp-content\/uploads\/2020\/10\/logotipo-big.png","contentUrl":"http:\/\/www.massafmedical.com.br\/loja\/wp-content\/uploads\/2020\/10\/logotipo-big.png","width":750,"height":253,"caption":"Massaf Medical"},"image":{"@id":"https:\/\/www.massafmedical.com.br\/loja\/#\/schema\/logo\/image\/"},"sameAs":["http:\/\/www.facebook.com\/MASSAFMEDICAL"]}]}},"_links":{"self":[{"href":"https:\/\/www.massafmedical.com.br\/loja\/wp-json\/wp\/v2\/product\/1160","targetHints":{"allow":["GET"]}}],"collection":[{"href":"https:\/\/www.massafmedical.com.br\/loja\/wp-json\/wp\/v2\/product"}],"about":[{"href":"https:\/\/www.massafmedical.com.br\/loja\/wp-json\/wp\/v2\/types\/product"}],"wp:featuredmedia":[{"embeddable":true,"href":"https:\/\/www.massafmedical.com.br\/loja\/wp-json\/wp\/v2\/media\/1201"}],"wp:attachment":[{"href":"https:\/\/www.massafmedical.com.br\/loja\/wp-json\/wp\/v2\/media?parent=1160"}],"wp:term":[{"taxonomy":"product_brand","embeddable":true,"href":"https:\/\/www.massafmedical.com.br\/loja\/wp-json\/wp\/v2\/product_brand?post=1160"},{"taxonomy":"product_cat","embeddable":true,"href":"https:\/\/www.massafmedical.com.br\/loja\/wp-json\/wp\/v2\/product_cat?post=1160"},{"taxonomy":"product_tag","embeddable":true,"href":"https:\/\/www.massafmedical.com.br\/loja\/wp-json\/wp\/v2\/product_tag?post=1160"}],"curies":[{"name":"wp","href":"https:\/\/api.w.org\/{rel}","templated":true}]}}