{"id":1099,"date":"2023-09-19T16:45:46","date_gmt":"2023-09-19T19:45:46","guid":{"rendered":"https:\/\/www.massafmedical.com.br\/loja\/?post_type=product&#038;p=1099"},"modified":"2025-10-14T15:14:16","modified_gmt":"2025-10-14T18:14:16","slug":"lavadora-de-endoscopios-scopeclean-ztech-100-copia","status":"publish","type":"product","link":"https:\/\/www.massafmedical.com.br\/loja\/produto\/lavadora-de-endoscopios-scopeclean-ztech-100-copia\/","title":{"rendered":"LAVADORA DE ENDOSC\u00d3PIOS &#8211; SCOPECLEAN &#8211; ZTECH &#8211; 100"},"content":{"rendered":"<p><strong><em>\u00a0<img decoding=\"async\" class=\"alignnone size-full wp-image-1074 lazyload\" data-src=\"https:\/\/www.massafmedical.com.br\/loja\/wp-content\/uploads\/2023\/07\/SCOPE-CLEAN-2.png\" alt=\"\" width=\"576\" height=\"714\" src=\"data:image\/gif;base64,R0lGODlhAQABAAAAACH5BAEKAAEALAAAAAABAAEAAAICTAEAOw==\" style=\"--smush-placeholder-width: 576px; --smush-placeholder-aspect-ratio: 576\/714;\" \/><\/em><\/strong><\/p>\n<p><iframe title=\"Scopeclean - M\u00e1quina semi-autom\u00e1tica de reprocessamento de endosc\u00f3pios - Ziontech\" width=\"500\" height=\"281\" data-src=\"https:\/\/www.youtube.com\/embed\/CwB-hCId330?feature=oembed&#038;enablejsapi=1&#038;origin=https:\/\/www.massafmedical.com.br\" frameborder=\"0\" allow=\"accelerometer; autoplay; clipboard-write; encrypted-media; gyroscope; picture-in-picture; web-share\" referrerpolicy=\"strict-origin-when-cross-origin\" allowfullscreen src=\"data:image\/gif;base64,R0lGODlhAQABAAAAACH5BAEKAAEALAAAAAABAAEAAAICTAEAOw==\" class=\"lazyload\" data-load-mode=\"1\"><\/iframe><\/p>\n<p><iframe title=\"Scopeclean - Como programar o tempo na sua lavadora.\" width=\"500\" height=\"281\" data-src=\"https:\/\/www.youtube.com\/embed\/7Op6nx2JLII?feature=oembed&#038;enablejsapi=1&#038;origin=https:\/\/www.massafmedical.com.br\" frameborder=\"0\" allow=\"accelerometer; autoplay; clipboard-write; encrypted-media; gyroscope; picture-in-picture; web-share\" referrerpolicy=\"strict-origin-when-cross-origin\" allowfullscreen src=\"data:image\/gif;base64,R0lGODlhAQABAAAAACH5BAEKAAEALAAAAAABAAEAAAICTAEAOw==\" class=\"lazyload\" data-load-mode=\"1\"><\/iframe><\/p>\n<p><strong><em>Lavadora de endosc\u00f3pios \u2013 ZTECH &#8211; 100<\/em><\/strong><\/p>\n<p><strong>Frete incluso para todo o Brasil<\/strong><\/p>\n<table style=\"height: 272px;\" width=\"799\">\n<tbody>\n<tr>\n<td width=\"518\">A Scopeclean \u00e9 uma lavadora semiautom\u00e1tica de endosc\u00f3pios (de uso diagn\u00f3stico) leve, compacta e port\u00e1til, que realiza as etapas de pr\u00e9-limpeza e limpeza do reprocessamento do endosc\u00f3pio ap\u00f3s o exame. Suas fun\u00e7\u00f5es s\u00e3o: lavagem, secagem e teste de vazamento, podendo ser realizadas de forma completa e autom\u00e1tica atrav\u00e9s de um \u00fanico ciclo ou individualmente atrav\u00e9s das fun\u00e7\u00f5es independentes.<\/p>\n<p>O termo semiautom\u00e1tico se refere \u00e0 necessidade de o usu\u00e1rio realizar a troca de fluidos (\u00e1gua, detergente e\/ou \u00e1lcool) no recipiente de forma manual e realizar a dosagem dos elementos que ser\u00e3o utilizados durante o processo da lavagem dos endosc\u00f3pios. Em caso de eventuais manuten\u00e7\u00f5es, suas dimens\u00f5es e peso contribuem para que o transporte seja feito de forma econ\u00f4mica e r\u00e1pida. Sua utiliza\u00e7\u00e3o n\u00e3o elimina a limpeza externa dos endosc\u00f3pios.<\/p>\n<p>&nbsp;<\/td>\n<\/tr>\n<\/tbody>\n<\/table>\n<p>Acompanha:<\/p>\n<p>&#8211; 1x unidade de fonte de alimenta\u00e7\u00e3o;<\/p>\n<p>&#8211; 4x unidades de mangueiras com 1 filtro;<\/p>\n<p>&#8211; 1 kit de acess\u00f3rios; (01 kit incluso. Kits adicionais = R$ 460,00 \/ cada);<\/p>\n<p>&#8211; 1x conector para teste de vazamento;<\/p>\n<p>&nbsp;<\/p>\n<p>Kits dispon\u00edveis: (ap\u00f3s o pedido o cliente receber\u00e1 nosso contato para informar o kit incluso desejado):<\/p>\n<ul>\n<li><strong>KIT PENTAX 2900;<\/strong><\/li>\n<li><strong>KIT OLYMPUS 140\/190\/AOHUA\/ARGUS<\/strong><\/li>\n<li><strong>KIT HUGER\/OLYMPUS 100\/130\/V<\/strong><\/li>\n<li><strong>KIT FUJINON 250\/450\/530<\/strong><\/li>\n<li><strong>KIT PENTAX 700K<\/strong><\/li>\n<\/ul>\n<p>&nbsp;<\/p>\n<p><img decoding=\"async\" class=\"alignnone size-medium wp-image-1077 lazyload\" data-src=\"https:\/\/www.massafmedical.com.br\/loja\/wp-content\/uploads\/2023\/07\/SCOPE-CLEAN-4-1024x533.png\" alt=\"\" width=\"1024\" height=\"533\" data-srcset=\"https:\/\/www.massafmedical.com.br\/loja\/wp-content\/uploads\/2023\/07\/SCOPE-CLEAN-4-1024x533.png 1024w, https:\/\/www.massafmedical.com.br\/loja\/wp-content\/uploads\/2023\/07\/SCOPE-CLEAN-4-768x400.png 768w, https:\/\/www.massafmedical.com.br\/loja\/wp-content\/uploads\/2023\/07\/SCOPE-CLEAN-4-1320x687.png 1320w, https:\/\/www.massafmedical.com.br\/loja\/wp-content\/uploads\/2023\/07\/SCOPE-CLEAN-4-600x312.png 600w, https:\/\/www.massafmedical.com.br\/loja\/wp-content\/uploads\/2023\/07\/SCOPE-CLEAN-4.png 1414w\" data-sizes=\"(max-width: 1024px) 100vw, 1024px\" src=\"data:image\/gif;base64,R0lGODlhAQABAAAAACH5BAEKAAEALAAAAAABAAEAAAICTAEAOw==\" style=\"--smush-placeholder-width: 1024px; --smush-placeholder-aspect-ratio: 1024\/533;\" \/><\/p>\n<p><strong>\u00a0<\/strong><strong>Condi\u00e7\u00f5es Gerais:<\/strong><\/p>\n<p><strong>\u00a0<\/strong><\/p>\n<table>\n<tbody>\n<tr>\n<td width=\"635\">Entrega e emiss\u00e3o de documentos fiscais via:<\/td>\n<\/tr>\n<tr>\n<td width=\"635\"><strong><em>ZIONTECH IMPORTA\u00c7\u00c3O E EXPORTA\u00c7\u00c3O LTDA<\/em><\/strong><\/p>\n<p><strong><em>CNPJ: 11.960.237\/0002-11<\/em><\/strong><\/td>\n<\/tr>\n<\/tbody>\n<\/table>\n<p><strong>\u00a0<\/strong><\/p>\n<p><strong>\u00a0<\/strong><\/p>\n<ol>\n<li><strong>Validade da proposta:<\/strong> 30 dias a partir de sua emiss\u00e3o<\/li>\n<\/ol>\n<p>&nbsp;<\/p>\n<ol start=\"2\">\n<li><strong>Garantia:<\/strong> Um ano, exclusivamente contra defeitos de fabrica\u00e7\u00e3o;<\/li>\n<\/ol>\n<p>&nbsp;<\/p>\n<ol start=\"3\">\n<li><strong>Despesas de envio:<\/strong> Frete incluso para todo o Brasil;<\/li>\n<\/ol>\n<p>&nbsp;<\/p>\n<ol start=\"4\">\n<li><strong>Considera\u00e7\u00f5es<\/strong>:<\/li>\n<\/ol>\n<p><strong>SCOPECLEAN Modelo ZTEC \u2013 100 &#8211; Nome T\u00e9cnico Lavadora para Reprocessamento de Materiais Registro ANVISA 80887339001 Intervalo de medi\u00e7\u00e3o 0-300 mmHg 1<\/strong><\/p>\n<p><strong><em><img decoding=\"async\" class=\"alignnone size-full wp-image-1073 lazyload\" data-src=\"https:\/\/www.massafmedical.com.br\/loja\/wp-content\/uploads\/2023\/07\/SCOPE-CLEAN-3.png\" alt=\"\" width=\"509\" height=\"407\" src=\"data:image\/gif;base64,R0lGODlhAQABAAAAACH5BAEKAAEALAAAAAABAAEAAAICTAEAOw==\" style=\"--smush-placeholder-width: 509px; --smush-placeholder-aspect-ratio: 509\/407;\" \/><\/em><\/strong><\/p>\n<p>&nbsp;<\/p>\n","protected":false},"excerpt":{"rendered":"<table width=\"799\">\n<tbody>\n<tr>\n<td width=\"518\">A<strong><em> Scopeclean ZTECH &#8211; 100<\/em> <\/strong>\u00e9 uma lavadora semiautom\u00e1tica de endosc\u00f3pios (de uso diagn\u00f3stico) leve, compacta e port\u00e1til, que realiza as etapas de pr\u00e9-limpeza e limpeza do reprocessamento do endosc\u00f3pio ap\u00f3s o exame. Suas fun\u00e7\u00f5es s\u00e3o: l<strong>avagem, secagem e <em>teste de vazamento<\/em><\/strong>, podendo ser realizadas de forma completa e autom\u00e1tica atrav\u00e9s de um \u00fanico ciclo ou individualmente atrav\u00e9s das fun\u00e7\u00f5es independentes.<\/td>\n<\/tr>\n<\/tbody>\n<\/table>\n","protected":false},"featured_media":1481,"template":"","meta":[],"product_brand":[],"product_cat":[71,96,47],"product_tag":[],"class_list":{"0":"post-1099","1":"product","2":"type-product","3":"status-publish","4":"has-post-thumbnail","6":"product_cat-equipamentos","7":"product_cat-equipamentos-ziontech","8":"product_cat-produtos-em-destaque","10":"first","11":"instock","12":"taxable","13":"shipping-taxable","14":"purchasable","15":"product-type-simple"},"acf":[],"yoast_head":"<!-- This site is optimized with the Yoast SEO plugin v24.4 - https:\/\/yoast.com\/wordpress\/plugins\/seo\/ -->\n<title>LAVADORA DE ENDOSC\u00d3PIOS - SCOPECLEAN - ZTECH - 100 - Massaf Medical<\/title>\n<meta name=\"robots\" content=\"index, follow, max-snippet:-1, max-image-preview:large, max-video-preview:-1\" \/>\n<link rel=\"canonical\" href=\"https:\/\/www.massafmedical.com.br\/loja\/produto\/lavadora-de-endoscopios-scopeclean-ztech-100-copia\/\" \/>\n<meta property=\"og:locale\" content=\"pt_BR\" \/>\n<meta property=\"og:type\" content=\"article\" \/>\n<meta property=\"og:title\" content=\"LAVADORA DE ENDOSC\u00d3PIOS - SCOPECLEAN - ZTECH - 100 - Massaf Medical\" \/>\n<meta property=\"og:description\" content=\"A Scopeclean ZTECH - 100 \u00e9 uma lavadora semiautom\u00e1tica de endosc\u00f3pios (de uso diagn\u00f3stico) leve, compacta e port\u00e1til, que realiza as etapas de pr\u00e9-limpeza e limpeza do reprocessamento do endosc\u00f3pio ap\u00f3s o exame. Suas fun\u00e7\u00f5es s\u00e3o: lavagem, secagem e teste de vazamento, podendo ser realizadas de forma completa e autom\u00e1tica atrav\u00e9s de um \u00fanico ciclo ou individualmente atrav\u00e9s das fun\u00e7\u00f5es independentes.\" \/>\n<meta property=\"og:url\" content=\"https:\/\/www.massafmedical.com.br\/loja\/produto\/lavadora-de-endoscopios-scopeclean-ztech-100-copia\/\" \/>\n<meta property=\"og:site_name\" content=\"Massaf Medical\" \/>\n<meta property=\"article:publisher\" content=\"http:\/\/www.facebook.com\/MASSAFMEDICAL\" \/>\n<meta property=\"article:modified_time\" content=\"2025-10-14T18:14:16+00:00\" \/>\n<meta property=\"og:image\" content=\"https:\/\/www.massafmedical.com.br\/loja\/wp-content\/uploads\/2023\/09\/WhatsApp-Image-2025-02-17-at-12.15.59.jpeg\" \/>\n\t<meta property=\"og:image:width\" content=\"691\" \/>\n\t<meta property=\"og:image:height\" content=\"683\" \/>\n\t<meta property=\"og:image:type\" content=\"image\/jpeg\" \/>\n<meta name=\"twitter:card\" content=\"summary_large_image\" \/>\n<meta name=\"twitter:label1\" content=\"Est. tempo de leitura\" \/>\n\t<meta name=\"twitter:data1\" content=\"3 minutos\" \/>\n<script type=\"application\/ld+json\" class=\"yoast-schema-graph\">{\"@context\":\"https:\/\/schema.org\",\"@graph\":[{\"@type\":\"WebPage\",\"@id\":\"https:\/\/www.massafmedical.com.br\/loja\/produto\/lavadora-de-endoscopios-scopeclean-ztech-100-copia\/\",\"url\":\"https:\/\/www.massafmedical.com.br\/loja\/produto\/lavadora-de-endoscopios-scopeclean-ztech-100-copia\/\",\"name\":\"LAVADORA DE ENDOSC\u00d3PIOS - SCOPECLEAN - ZTECH - 100 - Massaf Medical\",\"isPartOf\":{\"@id\":\"https:\/\/www.massafmedical.com.br\/loja\/#website\"},\"primaryImageOfPage\":{\"@id\":\"https:\/\/www.massafmedical.com.br\/loja\/produto\/lavadora-de-endoscopios-scopeclean-ztech-100-copia\/#primaryimage\"},\"image\":{\"@id\":\"https:\/\/www.massafmedical.com.br\/loja\/produto\/lavadora-de-endoscopios-scopeclean-ztech-100-copia\/#primaryimage\"},\"thumbnailUrl\":\"https:\/\/www.massafmedical.com.br\/loja\/wp-content\/uploads\/2023\/09\/WhatsApp-Image-2025-02-17-at-12.15.59.jpeg\",\"datePublished\":\"2023-09-19T19:45:46+00:00\",\"dateModified\":\"2025-10-14T18:14:16+00:00\",\"breadcrumb\":{\"@id\":\"https:\/\/www.massafmedical.com.br\/loja\/produto\/lavadora-de-endoscopios-scopeclean-ztech-100-copia\/#breadcrumb\"},\"inLanguage\":\"pt-BR\",\"potentialAction\":[{\"@type\":\"ReadAction\",\"target\":[\"https:\/\/www.massafmedical.com.br\/loja\/produto\/lavadora-de-endoscopios-scopeclean-ztech-100-copia\/\"]}]},{\"@type\":\"ImageObject\",\"inLanguage\":\"pt-BR\",\"@id\":\"https:\/\/www.massafmedical.com.br\/loja\/produto\/lavadora-de-endoscopios-scopeclean-ztech-100-copia\/#primaryimage\",\"url\":\"https:\/\/www.massafmedical.com.br\/loja\/wp-content\/uploads\/2023\/09\/WhatsApp-Image-2025-02-17-at-12.15.59.jpeg\",\"contentUrl\":\"https:\/\/www.massafmedical.com.br\/loja\/wp-content\/uploads\/2023\/09\/WhatsApp-Image-2025-02-17-at-12.15.59.jpeg\",\"width\":691,\"height\":683},{\"@type\":\"BreadcrumbList\",\"@id\":\"https:\/\/www.massafmedical.com.br\/loja\/produto\/lavadora-de-endoscopios-scopeclean-ztech-100-copia\/#breadcrumb\",\"itemListElement\":[{\"@type\":\"ListItem\",\"position\":1,\"name\":\"In\u00edcio\",\"item\":\"https:\/\/www.massafmedical.com.br\/loja\/\"},{\"@type\":\"ListItem\",\"position\":2,\"name\":\"Produtos\",\"item\":\"https:\/\/www.massafmedical.com.br\/loja\/nossos-produtos\/\"},{\"@type\":\"ListItem\",\"position\":3,\"name\":\"LAVADORA DE ENDOSC\u00d3PIOS &#8211; SCOPECLEAN &#8211; ZTECH &#8211; 100\"}]},{\"@type\":\"WebSite\",\"@id\":\"https:\/\/www.massafmedical.com.br\/loja\/#website\",\"url\":\"https:\/\/www.massafmedical.com.br\/loja\/\",\"name\":\"Massaf Medical\",\"description\":\"\",\"publisher\":{\"@id\":\"https:\/\/www.massafmedical.com.br\/loja\/#organization\"},\"potentialAction\":[{\"@type\":\"SearchAction\",\"target\":{\"@type\":\"EntryPoint\",\"urlTemplate\":\"https:\/\/www.massafmedical.com.br\/loja\/?s={search_term_string}\"},\"query-input\":{\"@type\":\"PropertyValueSpecification\",\"valueRequired\":true,\"valueName\":\"search_term_string\"}}],\"inLanguage\":\"pt-BR\"},{\"@type\":\"Organization\",\"@id\":\"https:\/\/www.massafmedical.com.br\/loja\/#organization\",\"name\":\"Massaf Medical\",\"url\":\"https:\/\/www.massafmedical.com.br\/loja\/\",\"logo\":{\"@type\":\"ImageObject\",\"inLanguage\":\"pt-BR\",\"@id\":\"https:\/\/www.massafmedical.com.br\/loja\/#\/schema\/logo\/image\/\",\"url\":\"http:\/\/www.massafmedical.com.br\/loja\/wp-content\/uploads\/2020\/10\/logotipo-big.png\",\"contentUrl\":\"http:\/\/www.massafmedical.com.br\/loja\/wp-content\/uploads\/2020\/10\/logotipo-big.png\",\"width\":750,\"height\":253,\"caption\":\"Massaf Medical\"},\"image\":{\"@id\":\"https:\/\/www.massafmedical.com.br\/loja\/#\/schema\/logo\/image\/\"},\"sameAs\":[\"http:\/\/www.facebook.com\/MASSAFMEDICAL\"]}]}<\/script>\n<!-- \/ Yoast SEO plugin. -->","yoast_head_json":{"title":"LAVADORA DE ENDOSC\u00d3PIOS - SCOPECLEAN - ZTECH - 100 - Massaf Medical","robots":{"index":"index","follow":"follow","max-snippet":"max-snippet:-1","max-image-preview":"max-image-preview:large","max-video-preview":"max-video-preview:-1"},"canonical":"https:\/\/www.massafmedical.com.br\/loja\/produto\/lavadora-de-endoscopios-scopeclean-ztech-100-copia\/","og_locale":"pt_BR","og_type":"article","og_title":"LAVADORA DE ENDOSC\u00d3PIOS - SCOPECLEAN - ZTECH - 100 - Massaf Medical","og_description":"A Scopeclean ZTECH - 100 \u00e9 uma lavadora semiautom\u00e1tica de endosc\u00f3pios (de uso diagn\u00f3stico) leve, compacta e port\u00e1til, que realiza as etapas de pr\u00e9-limpeza e limpeza do reprocessamento do endosc\u00f3pio ap\u00f3s o exame. Suas fun\u00e7\u00f5es s\u00e3o: lavagem, secagem e teste de vazamento, podendo ser realizadas de forma completa e autom\u00e1tica atrav\u00e9s de um \u00fanico ciclo ou individualmente atrav\u00e9s das fun\u00e7\u00f5es independentes.","og_url":"https:\/\/www.massafmedical.com.br\/loja\/produto\/lavadora-de-endoscopios-scopeclean-ztech-100-copia\/","og_site_name":"Massaf Medical","article_publisher":"http:\/\/www.facebook.com\/MASSAFMEDICAL","article_modified_time":"2025-10-14T18:14:16+00:00","og_image":[{"width":691,"height":683,"url":"https:\/\/www.massafmedical.com.br\/loja\/wp-content\/uploads\/2023\/09\/WhatsApp-Image-2025-02-17-at-12.15.59.jpeg","type":"image\/jpeg"}],"twitter_card":"summary_large_image","twitter_misc":{"Est. tempo de leitura":"3 minutos"},"schema":{"@context":"https:\/\/schema.org","@graph":[{"@type":"WebPage","@id":"https:\/\/www.massafmedical.com.br\/loja\/produto\/lavadora-de-endoscopios-scopeclean-ztech-100-copia\/","url":"https:\/\/www.massafmedical.com.br\/loja\/produto\/lavadora-de-endoscopios-scopeclean-ztech-100-copia\/","name":"LAVADORA DE ENDOSC\u00d3PIOS - SCOPECLEAN - ZTECH - 100 - Massaf Medical","isPartOf":{"@id":"https:\/\/www.massafmedical.com.br\/loja\/#website"},"primaryImageOfPage":{"@id":"https:\/\/www.massafmedical.com.br\/loja\/produto\/lavadora-de-endoscopios-scopeclean-ztech-100-copia\/#primaryimage"},"image":{"@id":"https:\/\/www.massafmedical.com.br\/loja\/produto\/lavadora-de-endoscopios-scopeclean-ztech-100-copia\/#primaryimage"},"thumbnailUrl":"https:\/\/www.massafmedical.com.br\/loja\/wp-content\/uploads\/2023\/09\/WhatsApp-Image-2025-02-17-at-12.15.59.jpeg","datePublished":"2023-09-19T19:45:46+00:00","dateModified":"2025-10-14T18:14:16+00:00","breadcrumb":{"@id":"https:\/\/www.massafmedical.com.br\/loja\/produto\/lavadora-de-endoscopios-scopeclean-ztech-100-copia\/#breadcrumb"},"inLanguage":"pt-BR","potentialAction":[{"@type":"ReadAction","target":["https:\/\/www.massafmedical.com.br\/loja\/produto\/lavadora-de-endoscopios-scopeclean-ztech-100-copia\/"]}]},{"@type":"ImageObject","inLanguage":"pt-BR","@id":"https:\/\/www.massafmedical.com.br\/loja\/produto\/lavadora-de-endoscopios-scopeclean-ztech-100-copia\/#primaryimage","url":"https:\/\/www.massafmedical.com.br\/loja\/wp-content\/uploads\/2023\/09\/WhatsApp-Image-2025-02-17-at-12.15.59.jpeg","contentUrl":"https:\/\/www.massafmedical.com.br\/loja\/wp-content\/uploads\/2023\/09\/WhatsApp-Image-2025-02-17-at-12.15.59.jpeg","width":691,"height":683},{"@type":"BreadcrumbList","@id":"https:\/\/www.massafmedical.com.br\/loja\/produto\/lavadora-de-endoscopios-scopeclean-ztech-100-copia\/#breadcrumb","itemListElement":[{"@type":"ListItem","position":1,"name":"In\u00edcio","item":"https:\/\/www.massafmedical.com.br\/loja\/"},{"@type":"ListItem","position":2,"name":"Produtos","item":"https:\/\/www.massafmedical.com.br\/loja\/nossos-produtos\/"},{"@type":"ListItem","position":3,"name":"LAVADORA DE ENDOSC\u00d3PIOS &#8211; SCOPECLEAN &#8211; ZTECH &#8211; 100"}]},{"@type":"WebSite","@id":"https:\/\/www.massafmedical.com.br\/loja\/#website","url":"https:\/\/www.massafmedical.com.br\/loja\/","name":"Massaf Medical","description":"","publisher":{"@id":"https:\/\/www.massafmedical.com.br\/loja\/#organization"},"potentialAction":[{"@type":"SearchAction","target":{"@type":"EntryPoint","urlTemplate":"https:\/\/www.massafmedical.com.br\/loja\/?s={search_term_string}"},"query-input":{"@type":"PropertyValueSpecification","valueRequired":true,"valueName":"search_term_string"}}],"inLanguage":"pt-BR"},{"@type":"Organization","@id":"https:\/\/www.massafmedical.com.br\/loja\/#organization","name":"Massaf Medical","url":"https:\/\/www.massafmedical.com.br\/loja\/","logo":{"@type":"ImageObject","inLanguage":"pt-BR","@id":"https:\/\/www.massafmedical.com.br\/loja\/#\/schema\/logo\/image\/","url":"http:\/\/www.massafmedical.com.br\/loja\/wp-content\/uploads\/2020\/10\/logotipo-big.png","contentUrl":"http:\/\/www.massafmedical.com.br\/loja\/wp-content\/uploads\/2020\/10\/logotipo-big.png","width":750,"height":253,"caption":"Massaf Medical"},"image":{"@id":"https:\/\/www.massafmedical.com.br\/loja\/#\/schema\/logo\/image\/"},"sameAs":["http:\/\/www.facebook.com\/MASSAFMEDICAL"]}]}},"_links":{"self":[{"href":"https:\/\/www.massafmedical.com.br\/loja\/wp-json\/wp\/v2\/product\/1099","targetHints":{"allow":["GET"]}}],"collection":[{"href":"https:\/\/www.massafmedical.com.br\/loja\/wp-json\/wp\/v2\/product"}],"about":[{"href":"https:\/\/www.massafmedical.com.br\/loja\/wp-json\/wp\/v2\/types\/product"}],"wp:featuredmedia":[{"embeddable":true,"href":"https:\/\/www.massafmedical.com.br\/loja\/wp-json\/wp\/v2\/media\/1481"}],"wp:attachment":[{"href":"https:\/\/www.massafmedical.com.br\/loja\/wp-json\/wp\/v2\/media?parent=1099"}],"wp:term":[{"taxonomy":"product_brand","embeddable":true,"href":"https:\/\/www.massafmedical.com.br\/loja\/wp-json\/wp\/v2\/product_brand?post=1099"},{"taxonomy":"product_cat","embeddable":true,"href":"https:\/\/www.massafmedical.com.br\/loja\/wp-json\/wp\/v2\/product_cat?post=1099"},{"taxonomy":"product_tag","embeddable":true,"href":"https:\/\/www.massafmedical.com.br\/loja\/wp-json\/wp\/v2\/product_tag?post=1099"}],"curies":[{"name":"wp","href":"https:\/\/api.w.org\/{rel}","templated":true}]}}